000
CXUS55 KGJT 010910
CF6CNY
PRELIMINARY LOCAL CLIMATOLOGICAL DATA (WS FORM: F-6)
STATION: CANYONLANDS AIRPORT UT
MONTH: MARCH
YEAR: 2021
LATITUDE: 38 46 N
LONGITUDE: 109 45 W
TEMPERATURE IN F: :PCPN: SNOW: WIND :SUNSHINE: SKY :PK WND
================================================================================
1 2 3 4 5 6A 6B 7 8 9 10 11 12 13 14 15 16 17 18
12Z AVG MX 2MIN
DY MAX MIN AVG DEP HDD CDD WTR SNW DPTH SPD SPD DIR MIN PSBL S-S WX SPD DR
================================================================================
1 49 12 31 -9 34 0 0.00 M M 2.3 13 100 M M 0 16 90
2 54 13 34 -6 31 0 0.00 M M 3.4 10 130 M M 0 14 160
3 61 20 41 0 24 0 T M M 4.0 23 200 M M 1 36 200
4 54 30 42 1 23 0 0.01 M M 6.7 33 200 M M 2 43 210
5 64 23 44 3 21 0 0.00 M M 3.9 13 330 M M 0 19 340
6 66 30 48 6 17 0 0.00 M M 9.8 23 190 M M 0 35 160
7 70 32 51 9 14 0 0.00 M M 3.6 17 140 M M 0 22 150
8 71 49 60 18 5 0 T M M 11.5 33 230 M M 2 42 230
9 63 44 54 11 11 0 T M M 14.2 37 260 M M 3 50 260
10 52 38 45 2 20 0 0.00 M M 10.9 24 250 M M 4 33 210
11 49 29 39 -4 26 0 0.02 M M 8.8 30 240 M M 9 18 38 240
12 50 32 41 -2 24 0 0.04 M M 8.4 24 220 M M 8 1 29 210
13 41 32 37 -7 28 0 0.18 M M 8.4 15 280 M M 9 1 22 290
14 49 34 42 -2 23 0 T M M 8.1 26 310 M M 10 33 310
15 59 30 45 1 20 0 T M M 6.5 25 250 M M 3 40 280
16 51 32 42 -2 23 0 T M M 8.0 22 360 M M 3 27 340
17 57 30 44 -1 21 0 0.00 M M 3.5 16 70 M M 4 21 70
18 62 34 48 3 17 0 0.00 M M 4.7 15 90 M M 1 19 90
19 71 35 53 8 12 0 0.00 M M 6.6 20 250 M M 0 26 250
20 70 39 55 9 10 0 T M M 15.1 39 200 M M 2 52 210
21 53 32 43 -3 22 0 0.00 M M 10.9 26 310 M M 4 34 300
22 56 26 41 -5 24 0 0.00 M M 9.2 24 300 M M 3 30 300
23 50 32 41 -5 24 0 T M M 11.3 23 50 M M 7 28 50
24 54 32 43 -4 22 0 0.00 M M 8.0 22 20 M M 4 28 20
25 54 36 45 -2 20 0 T M M 12.3 30 230 M M 8 45 210
26 53 30 42 -5 23 0 0.01 M M 8.1 22 310 M M 5 28 320
27 58 24 41 -6 24 0 0.00 M M 2.2 13 70 M M 1 19 40
28 67 25 46 -2 19 0 0.00 M M 2.9 15 130 M M 0 19 220
29 74 41 58 10 7 0 0.00 M M 16.2 33 290 M M 0 44 230
30 50 29 40 -8 25 0 0.00 M M 15.4 25 300 M M 0 32 290
31 56 20 38 -10 27 0 0.00 M M 3.2 16 290 M M 0 8 21 290
================================================================================
SM 1788 945 641 0 0.26 M 248.1 M 93
================================================================================
AV 57.7 30.5 8.0 FASTST M M 3 MAX(MPH)
MISC ----> 39 200 52 210
================================================================================
NOTES:
# LAST OF SEVERAL OCCURRENCES
COLUMN 17 PEAK WIND IN M.P.H.
PRELIMINARY LOCAL CLIMATOLOGICAL DATA (WS FORM: F-6) , PAGE 2
STATION: CANYONLANDS AIRPORT UT
MONTH: MARCH
YEAR: 2021
LATITUDE: 38 46 N
LONGITUDE: 109 45 W
[TEMPERATURE DATA] [PRECIPITATION DATA] SYMBOLS USED IN COLUMN 16
AVERAGE MONTHLY: 44.1 TOTAL FOR MONTH: 0.26 1 = FOG OR MIST
DPTR FM NORMAL: -0.3 DPTR FM NORMAL: -0.51 2 = FOG REDUCING VISIBILITY
HIGHEST: 74 ON 29 GRTST 24HR 0.18 ON 13-13 TO 1/4 MILE OR LESS
LOWEST: 12 ON 1 3 = THUNDER
SNOW, ICE PELLETS, HAIL 4 = ICE PELLETS
TOTAL MONTH: M 5 = HAIL
GRTST 24HR M ON M 6 = FREEZING RAIN OR DRIZZLE
GRTST DEPTH: M ON M 7 = DUSTSTORM OR SANDSTORM:
VSBY 1/2 MILE OR LESS
8 = SMOKE OR HAZE
[NO. OF DAYS WITH] [WEATHER - DAYS WITH] 9 = BLOWING SNOW
X = TORNADO
MAX 32 OR BELOW: 0 0.01 INCH OR MORE: 5
MAX 90 OR ABOVE: 0 0.10 INCH OR MORE: 1
MIN 32 OR BELOW: 22 0.50 INCH OR MORE: 0
MIN 0 OR BELOW: 0 1.00 INCH OR MORE: 0
[HDD (BASE 65) ]
TOTAL THIS MO. 641 CLEAR (SCALE 0-3) 19
DPTR FM NORMAL 2 PTCLDY (SCALE 4-7) 8
TOTAL FM JUL 1 5079 CLOUDY (SCALE 8-10) 4
DPTR FM NORMAL 32
[CDD (BASE 65) ]
TOTAL THIS MO. 0
DPTR FM NORMAL 0 [PRESSURE DATA]
TOTAL FM JAN 1 0 HIGHEST SLP M ON M
DPTR FM NORMAL 0 LOWEST SLP 29.46 ON 29
[REMARKS]
#FINAL-03-21#