000
CXUS55 KRIW 010945
CF6COD
PRELIMINARY LOCAL CLIMATOLOGICAL DATA (WS FORM: F-6)
STATION: CODY WY
MONTH: MARCH
YEAR: 2020
LATITUDE: 44 31 N
LONGITUDE: 109 1 W
TEMPERATURE IN F: :PCPN: SNOW: WIND :SUNSHINE: SKY :PK WND
================================================================================
1 2 3 4 5 6A 6B 7 8 9 10 11 12 13 14 15 16 17 18
12Z AVG MX 2MIN
DY MAX MIN AVG DEP HDD CDD WTR SNW DPTH SPD SPD DIR MIN PSBL S-S WX SPD DR
================================================================================
1 35 21 28 -5 37 0 T M M 7.3 14 360 M M 7 1 M M
2 47 22 35 2 30 0 0.00 M M 18.1 30 260 M M 0 48 240
3 51 37 44 10 21 0 0.00 M M 16.9 25 250 M M 1 46 280
4 51 23 37 3 28 0 0.00 M M 13.9 24 240 M M 3 46 240
5 48 18 33 -1 32 0 0.00 M M 7.5 18 130 M M 0 M M
6 62 36 49 14 16 0 0.00 M M 5.9 13 190 M M 0 M M
7 63 36 50 15 15 0 0.00 M M 9.9 17 230 M M 1 35 230
8 47 25 36 1 29 0 T M M 9.0 18 30 M M 6 23 280
9 49 23 36 0 29 0 0.00 M M 7.7 16 30 M M 6 31 180
10 49 23 36 0 29 0 T M M 12.9 27 250 M M 3 39 270
11 57 30 44 8 21 0 T M M 14.0 21 20 M M 5 1 39 300
12 34 20 27 -10 38 0 0.02 M M 6.3 16 360 M M 7 1 M M
13 35 20 28 -9 37 0 T M M 5.1 8 360 M M 9 1 M M
14 40 17 29 -8 36 0 0.01 M M 6.4 15 30 M M 5 1 22 30
15 21 13 17 -20 48 0 T M M 9.9 14 30 M M 10 1 22 40
16 35 14 25 -13 40 0 0.00 M M 5.4 12 40 M M 8 1 16 40
17 55 19 37 -1 28 0 0.00 M M 7.9 18 360 M M 2 24 360
18 33 20 27 -11 38 0 T M M 8.6 13 40 M M 5 1 M M
19 26 20 23 -16 42 0 T M M 10.8 18 360 M M 10 1 M M
20 41 17 29 -10 36 0 T M M 4.8 9 50 M M 6 16 120
21 50 21 36 -3 29 0 0.00 0.0 M 5.1 14 270 M M 3 23 270
22 48 28 38 -1 27 0 0.00 M M 7.5 15 250 M M 5 23 280
23 55 28 42 2 23 0 0.00 0.0 M 10.1 18 280 M M 2 29 270
24 52 29 41 1 24 0 T M M 9.3 20 270 M M 4 32 230
25 47 23 35 -5 30 0 0.00 0.0 M 8.0 22 260 M M 4 1 30 270
26 46 19 33 -7 32 0 0.00 M M 7.5 20 250 M M 2 35 270
27 44 27 36 -5 29 0 0.00 M M 7.8 13 260 M M 3 28 250
28 47 25 36 -5 29 0 0.00 M M 8.1 16 260 M M 5 27 250
29 54 30 42 1 23 0 0.00 M M 8.3 15 280 M M 2 22 240
30 57 35 46 5 19 0 0.00 M M 9.9 16 230 M M 1 30 230
31 47 31 39 -2 26 0 0.01 M M 7.8 21 10 M M 6 1 28 10
================================================================================
SM 1426 750 921 0 0.04 0.0 277.7 M 131
================================================================================
AV 46.0 24.2 9.0 FASTST M M 4 MAX(MPH)
MISC ----> # 30 260 # 48 240
================================================================================
NOTES:
# LAST OF SEVERAL OCCURRENCES
COLUMN 17 PEAK WIND IN M.P.H.
PRELIMINARY LOCAL CLIMATOLOGICAL DATA (WS FORM: F-6) , PAGE 2
STATION: CODY WY
MONTH: MARCH
YEAR: 2020
LATITUDE: 44 31 N
LONGITUDE: 109 1 W
[TEMPERATURE DATA] [PRECIPITATION DATA] SYMBOLS USED IN COLUMN 16
AVERAGE MONTHLY: 35.1 TOTAL FOR MONTH: 0.04 1 = FOG OR MIST
DPTR FM NORMAL: -2.5 DPTR FM NORMAL: M 2 = FOG REDUCING VISIBILITY
HIGHEST: 63 ON 7 GRTST 24HR 0.02 ON 12-12 TO 1/4 MILE OR LESS
LOWEST: 13 ON 15 3 = THUNDER
SNOW, ICE PELLETS, HAIL 4 = ICE PELLETS
TOTAL MONTH: 0.0 INCH 5 = HAIL
GRTST 24HR 0.0 6 = FREEZING RAIN OR DRIZZLE
GRTST DEPTH: M ON M 7 = DUSTSTORM OR SANDSTORM:
VSBY 1/2 MILE OR LESS
8 = SMOKE OR HAZE
[NO. OF DAYS WITH] [WEATHER - DAYS WITH] 9 = BLOWING SNOW
X = TORNADO
MAX 32 OR BELOW: 2 0.01 INCH OR MORE: 3
MAX 90 OR ABOVE: 0 0.10 INCH OR MORE: 0
MIN 32 OR BELOW: 27 0.50 INCH OR MORE: 0
MIN 0 OR BELOW: 0 1.00 INCH OR MORE: 0
[HDD (BASE 65) ]
TOTAL THIS MO. 921 CLEAR (SCALE 0-3) 14
DPTR FM NORMAL M PTCLDY (SCALE 4-7) 14
TOTAL FM JUL 1 6285 CLOUDY (SCALE 8-10) 3
DPTR FM NORMAL M
[CDD (BASE 65) ]
TOTAL THIS MO. 0
DPTR FM NORMAL 0 [PRESSURE DATA]
TOTAL FM JAN 1 0 HIGHEST SLP M ON M
DPTR FM NORMAL 0 LOWEST SLP M ON M
[REMARKS]
#FINAL-03-20#