000
CXUS51 KGYX 010900
CF6CON
PRELIMINARY LOCAL CLIMATOLOGICAL DATA (WS FORM: F-6)
STATION: CONCORD NH
MONTH: JULY
YEAR: 2022
LATITUDE: 43 12 N
LONGITUDE: 71 30 W
TEMPERATURE IN F: :PCPN: SNOW: WIND :SUNSHINE: SKY :PK WND
================================================================================
1 2 3 4 5 6A 6B 7 8 9 10 11 12 13 14 15 16 17 18
12Z AVG MX 2MIN
DY MAX MIN AVG DEP HDD CDD WTR SNW DPTH SPD SPD DIR MIN PSBL S-S WX SPD DR
================================================================================
1 92 56 74 4 0 9 0.00 0.0 0 5.1 18 210 M M 0 24 200
2 88 66 77 7 0 12 0.01 0.0 0 6.2 18 290 M M 5 23 260
3 84 56 70 0 0 5 0.00 0.0 0 5.8 20 320 M M 0 25 300
4 82 49 66 -4 0 1 0.00 0.0 0 4.2 15 320 M M 2 28 240
5 74 58 66 -4 0 1 0.56 0.0 0 2.4 12 170 M M 7 1 14 170
6 79 56 68 -3 0 3 0.01 0.0 0 8.7 25 310 M M 5 1 32 320
7 83 51 67 -4 0 2 0.00 0.0 0 3.3 10 170 M M 3 15 150
8 86 59 73 2 0 8 0.00 0.0 0 6.6 16 320 M M 3 23 270
9 80 52 66 -5 0 1 0.00 0.0 0 6.5 14 320 M M 0 18 290
10 81 45 63 -8 2 0 0.00 0.0 0 2.7 13 290 M M 0 20 250
11 88 49 69 -2 0 4 0.00 0.0 0 5.1 16 250 M M 0 23 220
12 90 64 77 6 0 12 1.23 0.0 0 9.2 29 290 M M 2 3 35 300
13 85 66 76 5 0 11 0.00 0.0 0 5.6 14 300 M M 1 17 310
14 81 59 70 -1 0 5 0.03 0.0 0 4.8 15 320 M M 3 3 21 310
15 84 53 69 -2 0 4 0.00 0.0 0 3.8 13 310 M M 1 19 10
16 84 54 69 -2 0 4 0.00 0.0 0 3.9 13 200 M M 1 16 200
17 87 59 73 1 0 8 0.00 0.0 0 3.6 17 160 M M 1 3 20 160
18 80 67 74 2 0 9 0.55 0.0 0 5.7 17 180 M M 5 1 23 160
19 90 70 80 8 0 15 0.01 0.0 0 9.2 20 280 M M 3 28 270
20 93 65 79 7 0 14 0.00 0.0 0 3.5 12 270 M M 0 18 260
21 93 69 81 9 0 16 0.05 0.0 0 5.5 18 200 M M 1 3 25 230
22 92 62 77 5 0 12 0.00 0.0 0 4.7 15 230 M M 1 27 320
23 94 65 80 8 0 15 0.00 0.0 0 3.4 14 260 M M 1 19 260
24 96 63 80 8 0 15 T 0.0 0 6.3 25 250 M M 0 34 260
25 85 61 73 1 0 8 0.10 0.0 0 4.8 18 310 M M 3 13 28 300
26 82 54 68 -3 0 3 0.00 0.0 0 4.1 13 290 M M 2 17 230
27 83 53 68 -3 0 3 0.00 0.0 0 2.8 13 250 M M 1 21 120
28 91 58 75 4 0 10 0.48 0.0 0 4.7 23 310 M M 4 13 27 160
29 87 63 75 4 0 10 0.00 0.0 0 5.6 15 260 M M 2 1 24 240
30 83 61 72 1 0 7 0.00 0.0 0 7.5 20 300 M M 4 25 300
31 85 55 70 -1 0 5 0.00 0.0 0 3.4 12 260 M M 1 19 210
================================================================================
SM 2662 1818 2 232 3.03 0.0 158.7 M 62
================================================================================
AV 85.9 58.6 5.1 FASTST M M 2 MAX(MPH)
MISC ----> 29 290 35 300
================================================================================
NOTES:
# LAST OF SEVERAL OCCURRENCES
COLUMN 17 PEAK WIND IN M.P.H.
PRELIMINARY LOCAL CLIMATOLOGICAL DATA (WS FORM: F-6) , PAGE 2
STATION: CONCORD NH
MONTH: JULY
YEAR: 2022
LATITUDE: 43 12 N
LONGITUDE: 71 30 W
[TEMPERATURE DATA] [PRECIPITATION DATA] SYMBOLS USED IN COLUMN 16
AVERAGE MONTHLY: 72.3 TOTAL FOR MONTH: 3.03 1 = FOG OR MIST
DPTR FM NORMAL: 1.2 DPTR FM NORMAL: -0.59 2 = FOG REDUCING VISIBILITY
HIGHEST: 96 ON 24 GRTST 24HR 1.23 ON 12-12 TO 1/4 MILE OR LESS
LOWEST: 45 ON 10 3 = THUNDER
SNOW, ICE PELLETS, HAIL 4 = ICE PELLETS
TOTAL MONTH: 0.0 INCH 5 = HAIL
GRTST 24HR 0.0 6 = FREEZING RAIN OR DRIZZLE
GRTST DEPTH: 0 7 = DUSTSTORM OR SANDSTORM:
VSBY 1/2 MILE OR LESS
8 = SMOKE OR HAZE
[NO. OF DAYS WITH] [WEATHER - DAYS WITH] 9 = BLOWING SNOW
X = TORNADO
MAX 32 OR BELOW: 0 0.01 INCH OR MORE: 10
MAX 90 OR ABOVE: 9 0.10 INCH OR MORE: 5
MIN 32 OR BELOW: 0 0.50 INCH OR MORE: 3
MIN 0 OR BELOW: 0 1.00 INCH OR MORE: 1
[HDD (BASE 65) ]
TOTAL THIS MO. 2 CLEAR (SCALE 0-3) 22
DPTR FM NORMAL -8 PTCLDY (SCALE 4-7) 9
TOTAL FM JUL 1 2 CLOUDY (SCALE 8-10) 0
DPTR FM NORMAL -2
[CDD (BASE 65) ]
TOTAL THIS MO. 232
DPTR FM NORMAL 32 [PRESSURE DATA]
TOTAL FM JAN 1 343 HIGHEST SLP 30.18 ON 31
DPTR FM NORMAL 27 LOWEST SLP 29.55 ON 19
[REMARKS]
#FINAL-07-22#