000
CXUS55 KPUB 032010
CLSCOS
CLIMATE REPORT
NATIONAL WEATHER SERVICE
210 PM MDT SAT JUN 03 2023
...................................
...THE COLORADO SPRINGS CO CLIMATE SUMMARY FOR THE SEASON, FROM
3/1/2023 TO 5/31/2023...
CLIMATE NORMAL PERIOD 1991 TO 2020
CLIMATE RECORD PERIOD 1872 TO 2023
WEATHER OBSERVED NORMAL DEPART LAST YEAR`S
VALUE DATE(S) VALUE FROM VALUE DATE(S)
NORMAL
................................................................
TEMPERATURE (F)
RECORD
HIGH 94 05/30/2000
LOW -16 03/02/1943
HIGHEST 83 04/11 91 05/07
05/11
LOWEST 9 03/28 4 03/11
03/10
AVG. MAXIMUM 61.1 62.2 -1.1 65.1
AVG. MINIMUM 33.9 34.9 -1.0 36.1
MEAN 47.6 48.6 -1.0 50.6
DAYS MAX >= 90 0 0.4 -0.4
DAYS MAX <= 32 1 2.4 -1.4
DAYS MIN <= 32 43 39.5 3.5
DAYS MIN <= 0 0 0.1 -0.1
PRECIPITATION (INCHES)
RECORD
MAXIMUM 12.13 1957
MINIMUM 1.14 2006
TOTALS 6.75 4.23 2.52 2.78
DAILY AVG. 0.07 0.05 0.02
DAYS >= .01 22 25.2 -3.2
DAYS >= .10 11 10.8 0.2
DAYS >= .50 4 1.7 2.3
DAYS >= 1.00 1 0.5 0.5
GREATEST
24 HR. TOTAL 3.34 05/10 TO 05/11
SNOWFALL (INCHES)
RECORDS
MAXIMUM 63.1 1957
MINIMUM T 1946
TOTALS 7.0 11.8 -4.8 18.2
SINCE 7/1 36.0 32.5 3.5 33.4
SNOWDEPTH AVG. 0
DAYS >= 1.0 4 3.8 0.2
GREATEST
SNOW DEPTH 3 04/06 9
24 HR TOTAL 2.8 04/05 TO 04/06 10.3
DEGREE DAYS
HEATING TOTAL 1579 1528 51 1347
SINCE 7/1 5804 5838 -34 5037
COOLING TOTAL 1 18 -17 46
SINCE 1/1 1 18 -17 46
................................................................
WIND (MPH)
AVERAGE WIND SPEED 10.4
HIGHEST WIND SPEED/DIRECTION 47/270 DATE 03/31
HIGHEST GUST SPEED/DIRECTION 65/270 DATE 03/31
SKY COVER
POSSIBLE SUNSHINE (PERCENT) MM
AVERAGE SKY COVER 0.53
NUMBER OF DAYS FAIR 24
NUMBER OF DAYS PC 54
NUMBER OF DAYS CLOUDY 14
AVERAGE RH (PERCENT) 48
WEATHER CONDITIONS. NUMBER OF DAYS WITH
THUNDERSTORM 16 MIXED PRECIP 4
HEAVY RAIN 6 RAIN 7
LIGHT RAIN 27 FREEZING RAIN 0
LT FREEZING RAIN 2 HAIL 4
HEAVY SNOW 1 SNOW 6
LIGHT SNOW 22 SLEET 0
FOG 25 FOG W/VIS <= 1/4 MILE 5
HAZE 13
- INDICATES NEGATIVE NUMBERS.
R INDICATES RECORD WAS SET OR TIED.
MM INDICATES DATA IS MISSING.
T INDICATES TRACE AMOUNT.
$$