000
CXUS55 KPUB 021409
CLSCOS
CLIMATE REPORT
NATIONAL WEATHER SERVICE
708 AM MST THU MAR 02 2023
...................................
...THE COLORADO SPRINGS CO CLIMATE SUMMARY FOR THE SEASON, FROM
12/1/2022 TO 2/28/2023...
CLIMATE NORMAL PERIOD 1991 TO 2020
CLIMATE RECORD PERIOD 1872 TO 2023
WEATHER OBSERVED NORMAL DEPART LAST YEAR`S
VALUE DATE(S) VALUE FROM VALUE DATE(S)
NORMAL
................................................................
TEMPERATURE (F)
RECORD
HIGH 77 12/23/1955
LOW -27 02/01/1951
12/09/1919
HIGHEST 67 01/14 72 12/02
LOWEST -10 12/22 -6 02/23
AVG. MAXIMUM 45.4 45.4 -0.0 48.6
AVG. MINIMUM 18.8 19.1 -0.3 20.2
MEAN 32.1 32.2 -0.1 34.4
DAYS MAX >= 90 0 0.0 0.0
DAYS MAX <= 32 13 15.7 -2.7
DAYS MIN <= 32 85 85.9 -0.9
DAYS MIN <= 0 5 3.7 1.3
PRECIPITATION (INCHES)
RECORD
MAXIMUM 4.05 1934
MINIMUM 0.16 1928
TOTALS 1.38 0.84 0.54 0.85
DAILY AVG. 0.02 0.01 0.01
DAYS >= .01 19 11.9 7.1
DAYS >= .10 6 2.8 3.2
DAYS >= .50 0 0.1 -0.1
DAYS >= 1.00 0 0.0 0.0
GREATEST
24 HR. TOTAL 0.37 02/14 TO 02/15
SNOWFALL (INCHES)
RECORDS
MAXIMUM 56.3 1987
MINIMUM 2.6 1952
TOTALS 21.6 13.6 8.0 15.2
SINCE 7/1 29.0 20.7 8.3 15.2
SNOWDEPTH AVG. 0
DAYS >= 1.0 9 4.9 4.1
GREATEST
SNOW DEPTH 8 02/16 6
02/15
24 HR TOTAL 10.2 02/14 TO 02/15 6.5
DEGREE DAYS
HEATING TOTAL 2947 2951 -4 2714
SINCE 7/1 4225 4308 -83 3690
COOLING TOTAL 0 0 0 0
SINCE 1/1 0 0 0 MM
................................................................
WIND (MPH)
AVERAGE WIND SPEED 8.9
HIGHEST WIND SPEED/DIRECTION 46/260 DATE 02/28
HIGHEST GUST SPEED/DIRECTION 59/260 DATE 02/28
SKY COVER
POSSIBLE SUNSHINE (PERCENT) MM
AVERAGE SKY COVER 0.48
NUMBER OF DAYS FAIR 28
NUMBER OF DAYS PC 48
NUMBER OF DAYS CLOUDY 14
AVERAGE RH (PERCENT) 48
WEATHER CONDITIONS. NUMBER OF DAYS WITH
THUNDERSTORM 0 MIXED PRECIP 2
HEAVY RAIN 0 RAIN 0
LIGHT RAIN 5 FREEZING RAIN 0
LT FREEZING RAIN 3 HAIL 0
HEAVY SNOW 2 SNOW 7
LIGHT SNOW 26 SLEET 0
FOG 17 FOG W/VIS <= 1/4 MILE 2
HAZE 0
- INDICATES NEGATIVE NUMBERS.
R INDICATES RECORD WAS SET OR TIED.
MM INDICATES DATA IS MISSING.
T INDICATES TRACE AMOUNT.
$$