000
CXUS55 KPUB 020446
CLSCOS
CLIMATE REPORT
NATIONAL WEATHER SERVICE
946 PM MST THU DEC 01 2022
...................................
...THE COLORADO SPRINGS CO CLIMATE SUMMARY FOR THE SEASON, FROM
9/1/2022 TO 11/30/2022...
CLIMATE NORMAL PERIOD 1991 TO 2020
CLIMATE RECORD PERIOD 1872 TO 2022
WEATHER OBSERVED NORMAL DEPART LAST YEAR`S
VALUE DATE(S) VALUE FROM VALUE DATE(S)
NORMAL
................................................................
TEMPERATURE (F)
RECORD
HIGH 98 09/11/2021
LOW -12 11/14/1916
11/13/1916
HIGHEST 94 09/02 98 09/11
09/06
09/08
LOWEST 7 11/18 13 11/18
11/29
AVG. MAXIMUM 66.3 64.9 1.4 70.5
AVG. MINIMUM 37.6 37.2 0.4 40.8
MEAN 52.0 51.1 0.9 55.7
DAYS MAX >= 90 6 1.3 4.7
DAYS MAX <= 32 2 3.2 -1.2
DAYS MIN <= 32 33 34.3 -1.3
DAYS MIN <= 0 0 0.3 -0.3
PRECIPITATION (INCHES)
RECORD
MAXIMUM 7.50 1909
MINIMUM 0.23 2016
TOTALS 0.89 2.49 -1.60 1.24
DAILY AVG. 0.01 0.03 -0.02
DAYS >= .01 17 15.9 1.1
DAYS >= .10 2 6.0 -4.0
DAYS >= .50 0 0.9 -0.9
DAYS >= 1.00 0 0.2 -0.2
GREATEST
24 HR. TOTAL 0.22 09/10 TO 09/10
SNOWFALL (INCHES)
RECORDS
MAXIMUM 37.7 1959
MINIMUM T 2021
TOTALS 7.4 7.1 0.3 T
SINCE 7/1 7.4 7.1 0.3 MM
SNOWDEPTH AVG. 0
DAYS >= 1.0 2 2.3 -0.3
GREATEST
SNOW DEPTH 3 11/18 0
24 HR TOTAL 5.1 11/17 TO 11/18 T
DEGREE DAYS
HEATING TOTAL 1278 1336 -58 976
SINCE 7/1 1278 1356 -78 976
COOLING TOTAL 112 64 48 143
SINCE 1/1 841 608 233 854
................................................................
WIND (MPH)
AVERAGE WIND SPEED 8.8
HIGHEST WIND SPEED/DIRECTION 46/220 DATE 10/23
HIGHEST GUST SPEED/DIRECTION 59/220 DATE 10/23
SKY COVER
POSSIBLE SUNSHINE (PERCENT) MM
AVERAGE SKY COVER 0.40
NUMBER OF DAYS FAIR 37
NUMBER OF DAYS PC 48
NUMBER OF DAYS CLOUDY 6
AVERAGE RH (PERCENT) 46
WEATHER CONDITIONS. NUMBER OF DAYS WITH
THUNDERSTORM 6 MIXED PRECIP 1
HEAVY RAIN 0 RAIN 3
LIGHT RAIN 19 FREEZING RAIN 0
LT FREEZING RAIN 0 HAIL 0
HEAVY SNOW 0 SNOW 2
LIGHT SNOW 10 SLEET 0
FOG 14 FOG W/VIS <= 1/4 MILE 6
HAZE 1
- INDICATES NEGATIVE NUMBERS.
R INDICATES RECORD WAS SET OR TIED.
MM INDICATES DATA IS MISSING.
T INDICATES TRACE AMOUNT.
$$