000
CXUS53 KLSX 011744 CCA
CF6COU
PRELIMINARY LOCAL CLIMATOLOGICAL DATA (WS FORM: F-6)
STATION: COLUMBIA ASOS
MONTH: MAY
YEAR: 2022
LATITUDE: 38 49 N
LONGITUDE: 92 13 W
TEMPERATURE IN F: :PCPN: SNOW: WIND :SUNSHINE: SKY :PK WND
================================================================================
1 2 3 4 5 6A 6B 7 8 9 10 11 12 13 14 15 16 17 18
12Z AVG MX 2MIN
DY MAX MIN AVG DEP HDD CDD WTR SNW DPTH SPD SPD DIR MIN PSBL S-S WX SPD DR
================================================================================
1 69 50 60 -1 5 0 0.00 0.0 0 13.0 26 250 M M 2 34 240
2 60 47 54 -8 11 0 0.72 0.0 0 10.3 22 100 M M 5 13 33 100
3 59 50 55 -7 10 0 0.13 0.0 0 10.6 22 290 M M 10 1 32 280
4 56 50 53 -9 12 0 0.19 0.0 0 8.2 21 130 M M 9 1 29 110
5 62 53 58 -4 7 0 1.44 0.0 0 8.2 16 120 M M 10 13 25 130
6 68 53 61 -2 4 0 T 0.0 0 11.9 22 40 M M 9 1 30 30
7 74 46 60 -3 5 0 0.00 0.0 0 7.9 18 20 M M 1 22 20
8 80 56 68 5 0 3 0.00 0.0 0 15.5 29 150 M M 4 42 160
9 92 66 79 15 0 14 0.00 0.0 0 15.5 25 170 M M 2 34 150
10 93 72 83 19 0 18 0.00 0.0 0 9.7 18 170 M M 3 28 160
11 93 72 83 19 0 18 0.00 0.0 0 7.5 16 180 M M 1 1 25 120
12 93 68 81 17 0 16 0.00 0.0 0 8.3 16 230 M M 0 19 220
13 91 67 79 14 0 14 0.00 0.0 0 8.0 17 10 M M 1 26 10
14 90 64 77 12 0 12 T 0.0 0 4.1 10 350 M M 1 14 350
15 77 55 66 0 0 1 0.03 0.0 0 8.7 25 10 M M 3 34 10
16 81 53 67 1 0 2 0.00 0.0 0 7.1 16 270 M M 0 25 290
17 82 55 69 3 0 4 T 0.0 0 8.5 20 200 M M 1 26 160
18 81 63 72 6 0 7 0.41 0.0 0 9.0 25 200 M M 3 13 38 220
19 81 59 70 3 0 5 T 0.0 0 8.4 22 150 M M 1 1 29 150
20 87 57 72 5 0 7 0.03 0.0 0 13.2 22 340 M M 4 3 29 350
21 63 52 58 -9 7 0 0.93 0.0 0 9.5 32 260 M M 8 13 49 260
22 66 47 57 -11 8 0 0.00 0.0 0 8.8 16 360 M M 0 23 350
23 68 44 56 -12 9 0 0.00 0.0 0 8.5 17 100 M M 6 25 80
24 67 58 63 -5 2 0 0.97 0.0 0 10.4 20 100 M M 10 1 26 90
25 77 62 70 1 0 5 0.14 0.0 0 8.9 29 170 M M 8 18 41 180
26 64 57 61 -8 4 0 0.12 0.0 0 6.6 24 300 M M 9 1 31 300
27 75 54 65 -4 0 0 0.00 0.0 0 9.2 20 320 M M 6 1 26 320
28 80 54 67 -3 0 2 0.00 0.0 0 11.0 21 160 M M 0 26 160
29 90 66 78 8 0 13 0.00 0.0 0 18.6 26 170 M M 0 39 170
30 87 67 77 7 0 12 0.00 0.0 0 15.0 26 170 M M 2 39 160
31 83 72 78 8 0 13 T 0.0 0 9.2 18 170 M M 7 3 26 170
================================================================================
SM 2389 1789 84 166 5.11 0.0 309.3 M 126
================================================================================
AV 77.1 57.7 10.0 FASTST M M 4 MAX(MPH)
MISC ----> 32 260 49 260
================================================================================
NOTES:
# LAST OF SEVERAL OCCURRENCES
COLUMN 17 PEAK WIND IN M.P.H.
PRELIMINARY LOCAL CLIMATOLOGICAL DATA (WS FORM: F-6) , PAGE 2
STATION: COLUMBIA ASOS
MONTH: MAY
YEAR: 2022
LATITUDE: 38 49 N
LONGITUDE: 92 13 W
[TEMPERATURE DATA] [PRECIPITATION DATA] SYMBOLS USED IN COLUMN 16
AVERAGE MONTHLY: 67.4 TOTAL FOR MONTH: 5.11 1 = FOG OR MIST
DPTR FM NORMAL: 1.6 DPTR FM NORMAL: 0.34 2 = FOG REDUCING VISIBILITY
HIGHEST: 93 ON 12,11 GRTST 24HR 1.63 ON 4- 5 TO 1/4 MILE OR LESS
LOWEST: 44 ON 23 3 = THUNDER
SNOW, ICE PELLETS, HAIL 4 = ICE PELLETS
TOTAL MONTH: 0.0 INCH 5 = HAIL
GRTST 24HR 0.0 6 = FREEZING RAIN OR DRIZZLE
GRTST DEPTH: 0 7 = DUSTSTORM OR SANDSTORM:
VSBY 1/2 MILE OR LESS
8 = SMOKE OR HAZE
[NO. OF DAYS WITH] [WEATHER - DAYS WITH] 9 = BLOWING SNOW
X = TORNADO
MAX 32 OR BELOW: 0 0.01 INCH OR MORE: 11
MAX 90 OR ABOVE: 7 0.10 INCH OR MORE: 9
MIN 32 OR BELOW: 0 0.50 INCH OR MORE: 4
MIN 0 OR BELOW: 0 1.00 INCH OR MORE: 1
[HDD (BASE 65) ]
TOTAL THIS MO. 84 CLEAR (SCALE 0-3) 17
DPTR FM NORMAL -6 PTCLDY (SCALE 4-7) 6
TOTAL FM JUL 1 4198 CLOUDY (SCALE 8-10) 8
DPTR FM NORMAL -477
[CDD (BASE 65) ]
TOTAL THIS MO. 166
DPTR FM NORMAL 52 [PRESSURE DATA]
TOTAL FM JAN 1 191 HIGHEST SLP 30.38 ON 22
DPTR FM NORMAL 45 LOWEST SLP 29.36 ON 20
[REMARKS]
#FINAL-05-22#