000
CXUS53 KLSX 011500
CF6COU
PRELIMINARY LOCAL CLIMATOLOGICAL DATA (WS FORM: F-6)
STATION: COLUMBIA ASOS
MONTH: NOVEMBER
YEAR: 2021
LATITUDE: 38 49 N
LONGITUDE: 92 13 W
TEMPERATURE IN F: :PCPN: SNOW: WIND :SUNSHINE: SKY :PK WND
================================================================================
1 2 3 4 5 6A 6B 7 8 9 10 11 12 13 14 15 16 17 18
12Z AVG MX 2MIN
DY MAX MIN AVG DEP HDD CDD WTR SNW DPTH SPD SPD DIR MIN PSBL S-S WX SPD DR
================================================================================
1 48 39 44 -7 21 0 0.04 0.0 0 6.0 16 350 M M 10 18 350
2 51 34 43 -8 22 0 0.00 0.0 0 4.3 10 20 M M 3 12 13 10
3 53 31 42 -8 23 0 0.00 0.0 0 2.3 8 80 M M 1 14 360
4 54 32 43 -7 22 0 0.00 0.0 0 6.1 12 180 M M 0 16 180
5 56 32 44 -6 21 0 0.00 0.0 0 7.1 14 160 M M 0 18 180
6 63 33 48 -1 17 0 0.00 0.0 0 7.1 14 220 M M 0 17 210
7 70 39 55 6 10 0 0.00 0.0 0 9.2 20 170 M M 0 25 170
8 75 45 60 12 5 0 0.00 0.0 0 8.6 16 210 M M 0 20 210
9 67 50 59 11 6 0 0.00 0.0 0 5.5 12 90 M M 3 15 100
10 71 55 63 15 2 0 T 0.0 0 11.2 21 170 M M 9 29 170
11 59 39 49 2 16 0 0.29 0.0 0 14.0 29 280 M M 4 1 41 280
12 44 35 40 -7 25 0 T 0.0 0 16.7 29 280 M M 6 39 280
13 44 33 39 -7 26 0 T T 0 9.4 20 300 M M 7 28 300
14 50 35 43 -3 22 0 0.11 0.0 0 11.8 25 290 M M 3 34 310
15 66 37 52 6 13 0 0.00 0.0 0 9.5 25 230 M M 4 33 230
16 76 41 59 14 6 0 0.00 0.0 0 11.1 26 170 M M 0 40 160
17 64 40 52 7 13 0 T 0.0 0 11.5 25 330 M M 7 33 330
18 48 31 40 -4 25 0 0.00 0.0 0 9.6 24 270 M M 1 37 310
19 51 27 39 -5 26 0 0.00 0.0 0 10.0 18 150 M M 2 24 150
20 60 39 50 6 15 0 0.00 0.0 0 7.3 13 210 M M 2 17 210
21 62 34 48 5 17 0 0.00 0.0 0 8.5 21 350 M M 2 28 350
22 44 29 37 -6 28 0 0.00 0.0 0 5.1 9 130 M M 2 13 250
23 59 30 45 3 20 0 0.00 0.0 0 11.8 20 170 M M 0 29 160
24 62 45 54 12 11 0 0.63 0.0 0 12.6 22 200 M M 4 1 33 180
25 53 25 39 -3 26 0 0.10 0.0 0 13.3 25 330 M M 3 1 32 330
26 51 20 36 -5 29 0 0.00 0.0 0 7.2 17 170 M M 1 22 170
27 61 37 49 8 16 0 0.00 0.0 0 8.1 17 270 M M 0 23 260
28 52 34 43 3 22 0 0.00 0.0 0 6.6 14 330 M M 0 19 340
29 62 33 48 8 17 0 0.00 0.0 0 10.6 22 210 M M 0 27 220
30 M M M M M M M M M M M M M M M M M
================================================================================
SM 1676 1034 522 0 1.17 T 262.1 M 74
================================================================================
AV 57.8 35.7 9.0 FASTST M M 3 MAX(MPH)
MISC ----> # 29 280 41 280
================================================================================
NOTES:
# LAST OF SEVERAL OCCURRENCES
COLUMN 17 PEAK WIND IN M.P.H.
PRELIMINARY LOCAL CLIMATOLOGICAL DATA (WS FORM: F-6) , PAGE 2
STATION: COLUMBIA ASOS
MONTH: NOVEMBER
YEAR: 2021
LATITUDE: 38 49 N
LONGITUDE: 92 13 W
[TEMPERATURE DATA] [PRECIPITATION DATA] SYMBOLS USED IN COLUMN 16
AVERAGE MONTHLY: 46.7 TOTAL FOR MONTH: 1.17 1 = FOG OR MIST
DPTR FM NORMAL: 1.4 DPTR FM NORMAL: -1.51 2 = FOG REDUCING VISIBILITY
HIGHEST: 76 ON 16 GRTST 24HR 0.73 ON 24-25 TO 1/4 MILE OR LESS
LOWEST: 20 ON 26 3 = THUNDER
SNOW, ICE PELLETS, HAIL 4 = ICE PELLETS
TOTAL MONTH: T 5 = HAIL
GRTST 24HR T ON 13-13 6 = FREEZING RAIN OR DRIZZLE
GRTST DEPTH: 0 7 = DUSTSTORM OR SANDSTORM:
VSBY 1/2 MILE OR LESS
8 = SMOKE OR HAZE
[NO. OF DAYS WITH] [WEATHER - DAYS WITH] 9 = BLOWING SNOW
X = TORNADO
MAX 32 OR BELOW: 0 0.01 INCH OR MORE: 5
MAX 90 OR ABOVE: 0 0.10 INCH OR MORE: 4
MIN 32 OR BELOW: 9 0.50 INCH OR MORE: 1
MIN 0 OR BELOW: 0 1.00 INCH OR MORE: 0
[HDD (BASE 65) ]
TOTAL THIS MO. 522 CLEAR (SCALE 0-3) 21
DPTR FM NORMAL -70 PTCLDY (SCALE 4-7) 6
TOTAL FM JUL 1 701 CLOUDY (SCALE 8-10) 3
DPTR FM NORMAL -205
[CDD (BASE 65) ]
TOTAL THIS MO. 0
DPTR FM NORMAL -2 [PRESSURE DATA]
TOTAL FM JAN 1 1681 HIGHEST SLP 30.52 ON 19
DPTR FM NORMAL 234 LOWEST SLP 29.63 ON 11
[REMARKS]
#FINAL-11-21#