409
CXUS53 KLSX 011524
CF6COU
PRELIMINARY LOCAL CLIMATOLOGICAL DATA (WS FORM: F-6)
STATION: COLUMBIA ASOS
MONTH: OCTOBER
YEAR: 2020
LATITUDE: 38 49 N
LONGITUDE: 92 13 W
TEMPERATURE IN F: :PCPN: SNOW: WIND :SUNSHINE: SKY :PK WND
================================================================================
1 2 3 4 5 6A 6B 7 8 9 10 11 12 13 14 15 16 17 18
12Z AVG MX 2MIN
DY MAX MIN AVG DEP HDD CDD WTR SNW DPTH SPD SPD DIR MIN PSBL S-S WX SPD DR
================================================================================
1 65 44 55 -6 10 0 0.00 0.0 0 9.9 23 310 M M 1 32 310
2 63 41 52 -9 13 0 0.00 0.0 0 4.9 14 270 M M 2 18 20 310
3 63 48 56 -4 9 0 0.04 0.0 0 7.7 16 150 M M 10 1 22 190
4 61 43 52 -8 13 0 0.00 0.0 0 7.8 16 360 M M 4 1 23 10
5 68 37 53 -7 12 0 0.00 0.0 0 9.2 16 160 M M 0 23 180
6 78 47 63 4 2 0 0.00 0.0 0 7.6 16 250 M M 0 20 250
7 86 56 71 12 0 6 0.00 0.0 0 6.7 14 250 M M 0 17 250
8 82 59 71 13 0 6 0.00 0.0 0 6.5 13 100 M M 0 17 100
9 83 58 71 13 0 6 0.00 0.0 0 9.2 20 210 M M 0 1 28 220
10 85 59 72 14 0 7 0.00 0.0 0 4.4 9 160 M M 1 12 13 180
11 84 60 72 14 0 7 0.00 0.0 0 8.7 17 150 M M 0 1 23 140
12 72 50 61 4 4 0 T 0.0 0 13.0 30 310 M M 2 8 40 330
13 79 44 62 5 3 0 0.00 0.0 0 8.1 20 270 M M 0 27 250
14 86 47 67 10 0 2 0.00 0.0 0 11.8 29 200 M M 1 39 210
15 65 39 52 -4 13 0 T 0.0 0 10.5 21 310 M M 4 28 320
16 62 30 46 -10 19 0 0.00 0.0 0 8.8 22 310 M M 0 31 290
17 73 42 58 2 7 0 0.00 0.0 0 14.6 29 190 M M 2 42 200
18 56 40 48 -7 17 0 0.27 0.0 0 10.8 22 360 M M 7 1 28 20
19 47 40 44 -11 21 0 T 0.0 0 8.8 16 70 M M 10 23 70
20 52 42 47 -8 18 0 0.26 0.0 0 7.0 16 120 M M 10 138 23 120
21 60 46 53 -2 12 0 0.05 0.0 0 8.0 14 120 M M 9 12 19 120
22 85 60 73 19 0 8 0.00 0.0 0 12.2 24 210 M M 2 34 200
23 70 41 56 2 9 0 0.19 0.0 0 14.5 22 310 M M 9 13 31 310
24 49 39 44 -10 21 0 0.00 0.0 0 9.5 15 40 M M 10 19 90
25 46 41 44 -9 21 0 0.00 0.0 0 8.1 13 30 M M 10 18 15 350
26 41 32 37 -16 28 0 0.47 0.4 0 10.9 16 20 M M 10 16 21 30
27 38 32 35 -18 30 0 0.06 0.0 0 6.2 13 350 M M 10 16 17 40
28 46 37 42 -10 23 0 0.28 0.0 0 5.7 15 70 M M 10 1 20 70
29 50 33 42 -10 23 0 0.09 0.0 0 12.3 24 360 M M 7 1 32 360
30 57 30 44 -8 21 0 0.00 0.0 0 5.6 10 130 M M 0 14 100
31 68 40 54 3 11 0 0.00 0.0 0 11.9 23 200 M M 1 8 30 190
================================================================================
SM 2020 1357 360 42 1.71 0.4 280.9 M 132
================================================================================
AV 65.2 43.8 9.1 FASTST M M 4 MAX(MPH)
MISC ----> 30 310 42 200
================================================================================
NOTES:
# LAST OF SEVERAL OCCURRENCES
COLUMN 17 PEAK WIND IN M.P.H.
PRELIMINARY LOCAL CLIMATOLOGICAL DATA (WS FORM: F-6) , PAGE 2
STATION: COLUMBIA ASOS
MONTH: OCTOBER
YEAR: 2020
LATITUDE: 38 49 N
LONGITUDE: 92 13 W
[TEMPERATURE DATA] [PRECIPITATION DATA] SYMBOLS USED IN COLUMN 16
AVERAGE MONTHLY: 54.5 TOTAL FOR MONTH: 1.71 1 = FOG OR MIST
DPTR FM NORMAL: -1.5 DPTR FM NORMAL: -1.60 2 = FOG REDUCING VISIBILITY
HIGHEST: 86 ON 14, 7 GRTST 24HR 0.48 ON 26-27 TO 1/4 MILE OR LESS
LOWEST: 30 ON 30,16 3 = THUNDER
SNOW, ICE PELLETS, HAIL 4 = ICE PELLETS
TOTAL MONTH: 0.4 INCH 5 = HAIL
GRTST 24HR 0.4 ON 26-26 6 = FREEZING RAIN OR DRIZZLE
GRTST DEPTH: 0 7 = DUSTSTORM OR SANDSTORM:
VSBY 1/2 MILE OR LESS
8 = SMOKE OR HAZE
[NO. OF DAYS WITH] [WEATHER - DAYS WITH] 9 = BLOWING SNOW
X = TORNADO
MAX 32 OR BELOW: 0 0.01 INCH OR MORE: 9
MAX 90 OR ABOVE: 0 0.10 INCH OR MORE: 5
MIN 32 OR BELOW: 4 0.50 INCH OR MORE: 0
MIN 0 OR BELOW: 0 1.00 INCH OR MORE: 0
[HDD (BASE 65) ]
TOTAL THIS MO. 360 CLEAR (SCALE 0-3) 17
DPTR FM NORMAL 63 PTCLDY (SCALE 4-7) 4
TOTAL FM JUL 1 390 CLOUDY (SCALE 8-10) 10
DPTR FM NORMAL 24
[CDD (BASE 65) ]
TOTAL THIS MO. 42
DPTR FM NORMAL 22 [PRESSURE DATA]
TOTAL FM JAN 1 1404 HIGHEST SLP 30.37 ON 27
DPTR FM NORMAL 157 LOWEST SLP 29.60 ON 14
[REMARKS]
#FINAL-10-20#