000
CXUS53 KLSX 011653
CLACOU
CLIMATE REPORT
NATIONAL WEATHER SERVICE ST LOUIS MO
1053 AM CST SUN JAN 01 2023
...................................
...THE COLUMBIA ASOS CLIMATE SUMMARY FOR THE YEAR OF 2022...
CLIMATE NORMAL PERIOD 1991 TO 2020
CLIMATE RECORD PERIOD 1890 TO 2022
WEATHER OBSERVED NORMAL DEPART
VALUE DATE(S) VALUE FROM
NORMAL
................................................
TEMPERATURE (F)
RECORD
HIGH 113 07/14/1954
07/12/1954
LOW -26 02/12/1899
HIGHEST 105 07/23 MM
LOWEST -7 12/23 MM
AVG. MAXIMUM 67.4 66.0 1.4
AVG. MINIMUM 45.6 46.1 -0.5
MEAN 56.5 56.0 0.5
DAYS MAX >= 90 59
DAYS MAX <= 32 22
DAYS MAX >= 100 4
DAYS MIN <= 32 103
DAYS MIN <= 0 2
PRECIPITATION (INCHES)
RECORD
MAXIMUM 62.49 1993
MINIMUM 21.35 1901
TOTALS 32.93 41.43 -8.50
DAYS >= .01 90
DAYS >= .10 58
DAYS >= .50 27
DAYS >= 1.00 10
GREATEST
24 HR. TOTAL 1.79 10/24 TO 10/25
SNOWFALL (INCHES)
RECORDS
TOTAL 49.4 1960
24 HR TOTAL 17.5 02/01/2011 TO 02/01/2011
TOTALS 28.7 16.5 12.2
SINCE 7/1 4.4 4.2 0.2
DAYS >= TRACE 25
DAYS >= 1.0 9
GREATEST
SNOW DEPTH 9 02/03
24 HR TOTAL 7.4
DEGREE DAYS
HEATING TOTAL 4713 4681 32
SINCE 7/1 1802 1833 -31
COOLING TOTAL 1728 1448 280
SINCE 1/1 1728 1447 281
................................................
WIND (MPH)
HIGHEST WIND SPEED/DIRECTION 43/020 DATE 10/25
HIGHEST GUST SPEED/DIRECTION 63/220 DATE 11/05
WEATHER CONDITIONS. NUMBER OF DAYS WITH
THUNDERSTORM 37 HAIL 0
FOG W/VIS <= 1/4 MILE 10
- INDICATES NEGATIVE NUMBERS.
R INDICATES RECORD WAS SET OR TIED.
MM INDICATES DATA IS MISSING.
T INDICATES TRACE AMOUNT.
...ANNUAL...
18TH WARMEST YEAR ON RECORD (56.5 DEGREES)
10TH MOST OCCURRENCES WITH A HIGH TEMPERATURE OF AT LEAST 80 DEGREES
(136 DAYS).
...SEASONAL...
NO RECORDS OF NOTE.
...MONTHLY...
8TH SNOWIEST FEBRUARY ON RECORD (15.5 INCHES).
...DAILY...
14 RECORD HIGH TEMPERATURES SET OR TIED (12/29, 11/10, 11/09, 11/04, 11/03,
09/20, 09/19, 05/14, 05/13, 05/12, 05/11, 05/10, 05/09, AND 03/02).
RECORD LOW TEMPERATURE OF 25 DEGREES TIED ON 10/18. ALSO SET IN 1992.
6 RECORD HIGH MINIMUM TEMPERATURES SET OR TIED (06/16, 06/15, 06/13,
06/12, 05/11, AND 05/10).
RECORD PRECIPITATION VALUE OF 1.43 INCHES SET ON 10/25. PREVIOUS
1.15 IN 1956.
2 RECORD SNOWFALL VALUES SET (02/17 AND 02/02).
$$