000
CXUS55 KRIW 131904
CF6CPR
PRELIMINARY LOCAL CLIMATOLOGICAL DATA (WS FORM: F-6)
STATION: CASPER WY
MONTH: FEBRUARY
YEAR: 2024
LATITUDE: 42 55 N
LONGITUDE: 106 28 W
TEMPERATURE IN F: :PCPN: SNOW: WIND :SUNSHINE: SKY :PK WND
================================================================================
1 2 3 4 5 6A 6B 7 8 9 10 11 12 13 14 15 16 17 18
12Z AVG MX 2MIN
DY MAX MIN AVG DEP HDD CDD WTR SNW DPTH SPD SPD DIR MIN PSBL S-S WX SPD DR
================================================================================
1 55 31 43 18 22 0 0.00 0.0 0 15.5 30 210 M M 0 36 210
2 54 19 37 12 28 0 0.00 0.0 0 4.7 12 80 M M 3 16 80
3 37 30 34 9 31 0 0.20 0.7 T 6.8 17 80 M M 10 12 23 60
4 38 22 30 5 35 0 0.00 0.0 T 18.9 38 220 M M 2 12 48 220
5 49 28 39 14 26 0 0.02 T 0 25.9 44 220 M M 2 8 57 230
6 60 34 47 22 18 0 0.00 0.0 0 12.3 24 220 M M 3 32 210
7 51 30 41 16 24 0 0.09 1.2 1 14.1 31 230 M M 5 1 40 220
8 44 24 34 9 31 0 0.00 0.0 0 9.6 24 270 M M 7 1 30 240
9 38 18 28 3 37 0 0.00 0.0 0 8.2 18 220 M M 5 24 220
10 31 17 24 -1 41 0 0.02 0.8 1 6.9 15 40 M M 7 18 18 40
11 39 16 28 2 37 0 0.00 0.0 0 17.0 26 210 M M 0 32 210
12 43 25 34 8 31 0 0.00 0.0 0 17.5 28 200 M M 3 35 200
13 45 25 35 9 30 0 0.00 0.0 0 11.7 21 220 M M 4 27 220
14 37 15 26 0 39 0 0.00 0.0 0 5.9 13 40 M M 7 1 16 60
15 27 12 20 -6 45 0 0.09 1.1 0 8.5 20 20 M M 10 18 25 360
16 14 -16 -1 -27 66 0 0.12 2.9 3 10.4 20 20 M M 8 128 24 30
17 26 -5 11 -15 54 0 0.00 0.0 3 19.1 31 210 M M 0 41 220
18 37 14 26 -1 39 0 0.00 0.0 3 20.2 46 210 M M 3 57 210
19 47 27 37 10 28 0 0.00 0.0 1 17.7 26 230 M M 3 36 220
20 52 34 43 16 22 0 0.00 0.0 0 18.2 31 220 M M 1 42 220
21 43 27 35 7 30 0 0.01 T 0 6.7 16 220 M M 8 M M
22 49 25 37 9 28 0 T T 0 9.9 23 270 M M 2 1 30 260
23 48 23 36 8 29 0 0.00 0.0 0 15.1 26 220 M M 2 35 210
24 52 27 40 12 25 0 0.00 0.0 0 22.7 36 220 M M 0 48 220
25 51 31 41 12 24 0 0.00 0.0 0 23.4 36 210 M M 0 47 220
26 53 23 38 9 27 0 0.00 0.0 0 28.5 46 240 M M 1 62 240
27 23 5 14 -16 51 0 0.12 2.1 1 8.1 24 10 M M 7 18 32 10
28 42 7 25 -5 40 0 0.00 0.0 1 25.2 45 220 M M 0 59 220
29 54 29 42 12 23 0 0.00 0.0 T 22.0 31 230 M M 0 47 240
================================================================================
SM 1239 597 961 0 0.67 8.8 430.7 M 103
================================================================================
AV 42.7 20.6 14.9 FASTST M M 4 MAX(MPH)
MISC ----> # 46 210 62 240
================================================================================
NOTES:
# LAST OF SEVERAL OCCURRENCES
COLUMN 17 PEAK WIND IN M.P.H.
PRELIMINARY LOCAL CLIMATOLOGICAL DATA (WS FORM: F-6) , PAGE 2
STATION: CASPER WY
MONTH: FEBRUARY
YEAR: 2024
LATITUDE: 42 55 N
LONGITUDE: 106 28 W
[TEMPERATURE DATA] [PRECIPITATION DATA] SYMBOLS USED IN COLUMN 16
AVERAGE MONTHLY: 31.7 TOTAL FOR MONTH: 0.67 1 = FOG OR MIST
DPTR FM NORMAL: 5.1 DPTR FM NORMAL: 0.11 2 = FOG REDUCING VISIBILITY
HIGHEST: 60 ON 6 GRTST 24HR 0.20 ON 15-16 TO 1/4 MILE OR LESS
LOWEST: -16 ON 16 3 = THUNDER
SNOW, ICE PELLETS, HAIL 4 = ICE PELLETS
TOTAL MONTH: 8.8 INCHES 5 = HAIL
GRTST 24HR 2.9 ON 16-16 6 = FREEZING RAIN OR DRIZZLE
GRTST DEPTH: 3 ON 18,17 7 = DUSTSTORM OR SANDSTORM:
VSBY 1/2 MILE OR LESS
8 = SMOKE OR HAZE
[NO. OF DAYS WITH] [WEATHER - DAYS WITH] 9 = BLOWING SNOW
X = TORNADO
MAX 32 OR BELOW: 5 0.01 INCH OR MORE: 8
MAX 90 OR ABOVE: 0 0.10 INCH OR MORE: 3
MIN 32 OR BELOW: 27 0.50 INCH OR MORE: 0
MIN 0 OR BELOW: 2 1.00 INCH OR MORE: 0
[HDD (BASE 65) ]
TOTAL THIS MO. 961 CLEAR (SCALE 0-3) 17
DPTR FM NORMAL -114 PTCLDY (SCALE 4-7) 10
TOTAL FM JUL 1 4955 CLOUDY (SCALE 8-10) 2
DPTR FM NORMAL -478
[CDD (BASE 65) ]
TOTAL THIS MO. 0
DPTR FM NORMAL 0 [PRESSURE DATA]
TOTAL FM JAN 1 0 HIGHEST SLP 30.68 ON 16
DPTR FM NORMAL 0 LOWEST SLP 29.29 ON 7
[REMARKS]
#FINAL-02-24#