000
CXUS55 KRIW 010945
CF6CPR
PRELIMINARY LOCAL CLIMATOLOGICAL DATA (WS FORM: F-6)
STATION: CASPER WY
MONTH: SEPTEMBER
YEAR: 2020
LATITUDE: 42 55 N
LONGITUDE: 106 28 W
TEMPERATURE IN F: :PCPN: SNOW: WIND :SUNSHINE: SKY :PK WND
================================================================================
1 2 3 4 5 6A 6B 7 8 9 10 11 12 13 14 15 16 17 18
12Z AVG MX 2MIN
DY MAX MIN AVG DEP HDD CDD WTR SNW DPTH SPD SPD DIR MIN PSBL S-S WX SPD DR
================================================================================
1 77 42 60 -5 5 0 0.00 0.0 0 12.7 24 210 M M 0 37 220
2 90 46 68 4 0 3 0.00 0.0 0 15.8 32 360 M M 1 8 44 360
3 85 41 63 -1 2 0 0.00 0.0 0 6.4 18 300 M M 4 8 29 280
4 91 44 68 5 0 3 0.00 0.0 0 5.2 13 20 M M 0 16 260
5 98 45 72 9 0 7 0.00 0.0 0 11.1 26 210 M M 0 35 280
6 92 49 71 9 0 6 0.00 0.0 0 8.6 25 290 M M 0 34 280
7 66 31 49 -13 16 0 0.32 2.3 0 16.9 36 10 M M 4 1 47 20
8 33 29 31 -31 34 0 0.15 5.2 T 16.1 30 60 M M 10 18 36 50
9 45 24 35 -26 30 0 0.00 0.0 T 5.4 10 180 M M 1 1 15 230
10 51 27 39 -22 26 0 0.00 0.0 0 4.9 10 170 M M 6 15 120
11 55 44 50 -10 15 0 0.07 0.0 0 9.5 22 220 M M 7 29 210
12 79 41 60 0 5 0 0.00 0.0 0 7.9 15 250 M M 0 19 260
13 82 46 64 5 1 0 0.00 0.0 0 10.9 20 210 M M 0 25 210
14 87 42 65 6 0 0 0.00 0.0 0 10.4 24 220 M M 0 31 210
15 88 45 67 9 0 2 0.00 0.0 0 9.8 17 220 M M 0 8 21 330
16 79 39 59 1 6 0 0.00 0.0 0 6.1 12 340 M M 0 18 17 120
17 78 45 62 5 3 0 0.00 0.0 0 7.3 16 80 M M 1 8 21 70
18 83 38 61 4 4 0 0.00 0.0 0 5.0 18 200 M M 0 18 26 210
19 85 51 68 12 0 3 T 0.0 0 15.0 41 250 M M 1 53 250
20 74 47 61 5 4 0 0.00 0.0 0 14.8 29 240 M M 0 42 270
21 81 34 58 3 7 0 0.00 0.0 0 7.2 20 220 M M 0 8 26 200
22 85 38 62 7 3 0 T 0.0 0 9.4 29 280 M M 1 8 42 290
23 80 49 65 11 0 0 0.00 0.0 0 10.8 23 280 M M 0 34 290
24 87 49 68 14 0 3 0.00 0.0 0 16.6 37 240 M M 0 45 240
25 81 39 60 7 5 0 0.00 0.0 0 14.7 37 240 M M 0 48 240
26 69 45 57 4 8 0 T 0.0 0 11.5 32 240 M M 4 42 230
27 55 31 43 -9 22 0 T 0.0 0 11.1 22 10 M M 4 41 340
28 62 26 44 -8 21 0 0.00 0.0 0 10.5 22 290 M M 0 34 270
29 79 40 60 9 5 0 0.00 0.0 0 13.1 26 210 M M 0 36 260
30 67 34 51 0 14 0 0.00 0.0 0 6.6 17 30 M M 0 21 30
================================================================================
SM 2264 1201 236 27 0.54 7.5 311.3 M 44
================================================================================
AV 75.5 40.0 10.4 FASTST M M 1 MAX(MPH)
MISC ----> # 41 250 # 53 250
================================================================================
NOTES:
# LAST OF SEVERAL OCCURRENCES
COLUMN 17 PEAK WIND IN M.P.H.
PRELIMINARY LOCAL CLIMATOLOGICAL DATA (WS FORM: F-6) , PAGE 2
STATION: CASPER WY
MONTH: SEPTEMBER
YEAR: 2020
LATITUDE: 42 55 N
LONGITUDE: 106 28 W
[TEMPERATURE DATA] [PRECIPITATION DATA] SYMBOLS USED IN COLUMN 16
AVERAGE MONTHLY: 57.8 TOTAL FOR MONTH: 0.54 1 = FOG OR MIST
DPTR FM NORMAL: -0.2 DPTR FM NORMAL: -0.54 2 = FOG REDUCING VISIBILITY
HIGHEST: 98 ON 5 GRTST 24HR 0.32 ON 7- 7 TO 1/4 MILE OR LESS
LOWEST: 24 ON 9 3 = THUNDER
SNOW, ICE PELLETS, HAIL 4 = ICE PELLETS
TOTAL MONTH: 7.5 INCHES 5 = HAIL
GRTST 24HR 5.2 ON 8- 8 6 = FREEZING RAIN OR DRIZZLE
GRTST DEPTH: 0 7 = DUSTSTORM OR SANDSTORM:
VSBY 1/2 MILE OR LESS
8 = SMOKE OR HAZE
[NO. OF DAYS WITH] [WEATHER - DAYS WITH] 9 = BLOWING SNOW
X = TORNADO
MAX 32 OR BELOW: 0 0.01 INCH OR MORE: 3
MAX 90 OR ABOVE: 4 0.10 INCH OR MORE: 2
MIN 32 OR BELOW: 6 0.50 INCH OR MORE: 0
MIN 0 OR BELOW: 0 1.00 INCH OR MORE: 0
[HDD (BASE 65) ]
TOTAL THIS MO. 236 CLEAR (SCALE 0-3) 23
DPTR FM NORMAL -3 PTCLDY (SCALE 4-7) 6
TOTAL FM JUL 1 255 CLOUDY (SCALE 8-10) 1
DPTR FM NORMAL -30
[CDD (BASE 65) ]
TOTAL THIS MO. 27
DPTR FM NORMAL 2 [PRESSURE DATA]
TOTAL FM JAN 1 542 HIGHEST SLP 30.50 ON 8
DPTR FM NORMAL 120 LOWEST SLP 29.62 ON 26
[REMARKS]
#FINAL-09-20#