000
CXUS53 KLSX 011500
CF6CPS
PRELIMINARY LOCAL CLIMATOLOGICAL DATA (WS FORM: F-6)
STATION: CAHOKIA/ST. LOUIS
MONTH: FEBRUARY
YEAR: 2022
LATITUDE: 38 34 N
LONGITUDE: 90 9 W
TEMPERATURE IN F: :PCPN: SNOW: WIND :SUNSHINE: SKY :PK WND
================================================================================
1 2 3 4 5 6A 6B 7 8 9 10 11 12 13 14 15 16 17 18
12Z AVG MX 2MIN
DY MAX MIN AVG DEP HDD CDD WTR SNW DPTH SPD SPD DIR MIN PSBL S-S WX SPD DR
================================================================================
1 57 36 47 14 18 0 0.55 0.0 0 7.1 18 10 M M 7 18 25 20
2 37 19 28 -5 37 0 0.37 M M 16.1 23 340 M M 10 146 31 340
3 20 16 18 -16 47 0 M M M 15.9 21 360 M M 10 1 31 360
4 29 10 20 -14 45 0 0.00 0.0 M 8.5 17 360 M M 3 8 23 360
5 25 2 14 -20 51 0 0.00 0.0 M 7.1 14 150 M M 0 8 18 140
6 43 12 28 -6 37 0 0.00 0.0 M 4.9 10 170 M M 0 17 200
7 39 19 29 -5 36 0 0.00 0.0 M 2.9 10 10 M M 2 18 13 360
8 56 21 39 4 26 0 0.00 0.0 M 5.3 13 150 M M 1 18 17 150
9 53 29 41 6 24 0 0.00 0.0 M 6.0 25 300 M M 2 8 37 290
10 48 28 38 3 27 0 0.00 0.0 M 5.8 16 280 M M 0 26 290
11 49 30 40 5 25 0 0.02 0.0 0 9.7 25 320 M M 7 8 32 330
12 30 18 24 -12 41 0 T M 0 12.0 25 340 M M 5 8 33 330
13 36 17 27 -9 38 0 0.00 0.0 0 8.1 21 360 M M 2 28 340
14 46 19 33 -3 32 0 0.00 0.0 0 5.3 13 180 M M 4 8 19 180
15 61 25 43 6 22 0 0.00 0.0 0 8.5 16 200 M M 0 39 210
16 63 52 58 21 7 0 0.78 0.0 0 12.0 22 200 M M 5 1 37 180
17 57 18 38 1 27 0 M M 0 16.7 30 320 M M 9 1 40 340
18 41 15 28 -10 37 0 0.00 0.0 M 7.2 14 220 M M 0 23 230
19 37 24 31 -7 34 0 0.00 0.0 M 9.0 15 340 M M 1 30 10
20 63 27 45 7 20 0 0.00 0.0 0 9.8 20 190 M M 0 36 190
21 65 38 52 14 13 0 0.00 0.0 0 10.3 23 170 M M 3 40 170
22 63 26 45 6 20 0 0.30 0.0 0 12.3 26 320 M M 9 1 34 320
23 26 19 23 -16 42 0 0.09 M 0 11.9 21 320 M M 9 16 27 330
24 30 23 27 -12 38 0 0.22 M M 7.6 16 290 M M 10 16 22 310
25 29 22 26 -14 39 0 T M M 10.0 23 310 M M 9 31 310
26 36 18 27 -13 38 0 0.00 0.0 M 2.0 7 150 M M 0 1 10 180
27 50 20 35 -5 30 0 0.00 0.0 0 1.7 9 220 M M 0 1 13 220
28 63 26 45 4 20 0 0.00 0.0 0 3.5 14 200 M M 0 18 19 190
================================================================================
SM 1252 629 871 0 2.33 0.0 237.2 M 108
================================================================================
AV 44.7 22.5 8.5 FASTST M M 4 MAX(MPH)
MISC ----> 30 320 # 40 340
================================================================================
NOTES:
# LAST OF SEVERAL OCCURRENCES
COLUMN 17 PEAK WIND IN M.P.H.
PRELIMINARY LOCAL CLIMATOLOGICAL DATA (WS FORM: F-6) , PAGE 2
STATION: CAHOKIA/ST. LOUIS
MONTH: FEBRUARY
YEAR: 2022
LATITUDE: 38 34 N
LONGITUDE: 90 9 W
[TEMPERATURE DATA] [PRECIPITATION DATA] SYMBOLS USED IN COLUMN 16
AVERAGE MONTHLY: 33.6 TOTAL FOR MONTH: 2.33 1 = FOG OR MIST
DPTR FM NORMAL: -3.0 DPTR FM NORMAL: 0.37 2 = FOG REDUCING VISIBILITY
HIGHEST: 65 ON 21 GRTST 24HR 2.62 ON 16-17 TO 1/4 MILE OR LESS
LOWEST: 2 ON 5 3 = THUNDER
SNOW, ICE PELLETS, HAIL 4 = ICE PELLETS
TOTAL MONTH: 0.0 INCH 5 = HAIL
GRTST 24HR 0.0 6 = FREEZING RAIN OR DRIZZLE
GRTST DEPTH: 0 7 = DUSTSTORM OR SANDSTORM:
VSBY 1/2 MILE OR LESS
8 = SMOKE OR HAZE
[NO. OF DAYS WITH] [WEATHER - DAYS WITH] 9 = BLOWING SNOW
X = TORNADO
MAX 32 OR BELOW: 7 0.01 INCH OR MORE: 7
MAX 90 OR ABOVE: 0 0.10 INCH OR MORE: 5
MIN 32 OR BELOW: 25 0.50 INCH OR MORE: 2
MIN 0 OR BELOW: 0 1.00 INCH OR MORE: 0
[HDD (BASE 65) ]
TOTAL THIS MO. 871 CLEAR (SCALE 0-3) 14
DPTR FM NORMAL 76 PTCLDY (SCALE 4-7) 7
TOTAL FM JUL 1 3418 CLOUDY (SCALE 8-10) 7
DPTR FM NORMAL -173
[CDD (BASE 65) ]
TOTAL THIS MO. 0
DPTR FM NORMAL 0 [PRESSURE DATA]
TOTAL FM JAN 1 0 HIGHEST SLP 30.64 ON 25
DPTR FM NORMAL 0 LOWEST SLP 29.63 ON 22
[REMARKS]
#FINAL-02-22#