000
CXUS54 KFWD 010830
CF6CPT
PRELIMINARY LOCAL CLIMATOLOGICAL DATA (WS FORM: F-6)
STATION: CLEBURNE
MONTH: JANUARY
YEAR: 2023
LATITUDE: 32 20 N
LONGITUDE: 97 24 W
TEMPERATURE IN F: :PCPN: SNOW: WIND :SUNSHINE: SKY :PK WND
================================================================================
1 2 3 4 5 6A 6B 7 8 9 10 11 12 13 14 15 16 17 18
12Z AVG MX 2MIN
DY MAX MIN AVG DEP HDD CDD WTR SNW DPTH SPD SPD DIR MIN PSBL S-S WX SPD DR
================================================================================
1 75 52 64 20 1 0 0.00 M M 10.1 15 170 M M 0 1 20 160
2 79 61 70 26 0 5 0.00 M M 11.0 21 180 M M 7 18 26 160
3 68 48 58 14 7 0 0.00 M M 6.9 17 250 M M 3 21 240
4 63 39 51 7 14 0 0.00 M M 6.2 14 310 M M 0 21 310
5 63 32 48 4 17 0 0.00 M M 5.4 8 90 M M 0 M M
6 70 39 55 11 10 0 0.00 M M 11.3 22 170 M M 1 26 170
7 63 45 54 10 11 0 0.00 M M 10.2 17 330 M M 1 22 340
8 61 41 51 7 14 0 0.00 M M 6.3 13 360 M M 1 13 330
9 68 37 53 9 12 0 0.00 M M 8.2 15 170 M M 0 21 170
10 82 46 64 20 1 0 0.00 M M 9.5 18 210 M M 0 24 210
11 84 59 72 27 0 7 0.00 M M 9.7 22 190 M M 1 30 190
12 68 37 53 8 12 0 0.00 M M 17.6 24 310 M M 0 36 310
13 57 32 45 0 20 0 0.00 M M 6.1 12 330 M M 0 14 330
14 63 34 49 4 16 0 0.00 M M 11.0 21 170 M M 0 28 160
15 68 45 57 12 8 0 0.00 M M 17.9 23 180 M M 0 32 170
16 75 59 67 22 0 2 0.00 M M 9.2 18 170 M M 1 8 25 170
17 79 52 66 21 0 1 0.00 M M 7.7 12 150 M M 0 1 18 120
18 72 55 64 19 1 0 0.00 M M 12.6 25 250 M M 5 1 32 250
19 61 39 50 5 15 0 0.00 M M 8.8 17 280 M M 0 24 260
20 59 37 48 3 17 0 0.00 M M 9.0 17 90 M M 5 23 90
21 63 45 54 9 11 0 0.00 M M 8.2 14 310 M M 5 20 310
22 54 34 44 -1 21 0 0.00 M M 9.7 18 290 M M 0 23 290
23 54 30 42 -4 23 0 0.00 M M 8.0 14 110 M M 4 21 70
24 46 36 41 -5 24 0 1.16 M M 14.0 23 30 M M 9 1 28 30
25 43 34 39 -7 26 0 0.00 M M 11.0 16 320 M M 7 23 310
26 54 30 42 -4 23 0 0.00 M M 6.8 12 290 M M 0 22 280
27 61 30 46 0 19 0 0.00 M M 9.5 17 190 M M 0 25 200
28 68 43 56 10 9 0 0.00 M M 11.3 18 190 M M 7 1 25 190
29 61 30 46 0 19 0 0.00 M M 12.8 23 330 M M 8 1 26 320
30 28 25 27 -19 38 0 T M M 16.6 22 350 M M 9 16 35 350
31 28 25 27 -19 38 0 M M M 17.3 23 360 M M 10 1246 32 360
================================================================================
SM 1938 1251 427 15 1.16 M 319.9 M 84
================================================================================
AV 62.5 40.4 10.3 FASTST M M 3 MAX(MPH)
MISC ----> 25 250 36 310
================================================================================
NOTES:
# LAST OF SEVERAL OCCURRENCES
COLUMN 17 PEAK WIND IN M.P.H.
PRELIMINARY LOCAL CLIMATOLOGICAL DATA (WS FORM: F-6) , PAGE 2
STATION: CLEBURNE
MONTH: JANUARY
YEAR: 2023
LATITUDE: 32 20 N
LONGITUDE: 97 24 W
[TEMPERATURE DATA] [PRECIPITATION DATA] SYMBOLS USED IN COLUMN 16
AVERAGE MONTHLY: 51.4 TOTAL FOR MONTH: 1.16 1 = FOG OR MIST
DPTR FM NORMAL: 6.3 DPTR FM NORMAL: -1.08 2 = FOG REDUCING VISIBILITY
HIGHEST: 84 ON 11 GRTST 24HR 1.51 ON 24-24 TO 1/4 MILE OR LESS
LOWEST: 25 ON 31,30 3 = THUNDER
SNOW, ICE PELLETS, HAIL 4 = ICE PELLETS
TOTAL MONTH: M 5 = HAIL
GRTST 24HR M ON M 6 = FREEZING RAIN OR DRIZZLE
GRTST DEPTH: M ON M 7 = DUSTSTORM OR SANDSTORM:
VSBY 1/2 MILE OR LESS
8 = SMOKE OR HAZE
[NO. OF DAYS WITH] [WEATHER - DAYS WITH] 9 = BLOWING SNOW
X = TORNADO
MAX 32 OR BELOW: 2 0.01 INCH OR MORE: 1
MAX 90 OR ABOVE: 0 0.10 INCH OR MORE: 1
MIN 32 OR BELOW: 8 0.50 INCH OR MORE: 1
MIN 0 OR BELOW: 0 1.00 INCH OR MORE: 1
[HDD (BASE 65) ]
TOTAL THIS MO. 427 CLEAR (SCALE 0-3) 20
DPTR FM NORMAL -192 PTCLDY (SCALE 4-7) 7
TOTAL FM JUL 1 1277 CLOUDY (SCALE 8-10) 4
DPTR FM NORMAL -311
[CDD (BASE 65) ]
TOTAL THIS MO. 15
DPTR FM NORMAL 14 [PRESSURE DATA]
TOTAL FM JAN 1 15 HIGHEST SLP M ON M
DPTR FM NORMAL 14 LOWEST SLP M ON M
[REMARKS]
#FINAL-01-23#