000
CXUS52 KILM 011000
CF6CRE
PRELIMINARY LOCAL CLIMATOLOGICAL DATA (WS FORM: F-6)
STATION: N.MYRTLE BEACH SOUTH CAROLINA
MONTH: APRIL
YEAR: 2020
LATITUDE: 33 49 N
LONGITUDE: 78 43 W
TEMPERATURE IN F: :PCPN: SNOW: WIND :SUNSHINE: SKY :PK WND
================================================================================
1 2 3 4 5 6A 6B 7 8 9 10 11 12 13 14 15 16 17 18
12Z AVG MX 2MIN
DY MAX MIN AVG DEP HDD CDD WTR SNW DPTH SPD SPD DIR MIN PSBL S-S WX SPD DR
================================================================================
1 62 49 56 -2 9 0 T M M 7.5 20 360 M M 8 1 25 350
2 67 46 57 -1 8 0 0.00 M M 6.2 15 290 M M 1 25 340
3 74 47 61 3 4 0 0.00 M M 5.8 16 290 M M 0 31 250
4 68 49 59 0 6 0 0.00 M M 5.8 12 100 M M 0 18 150
5 67 52 60 1 5 0 0.00 M M 6.7 13 100 M M 0 21 120
6 78 54 66 7 0 1 0.25 M M 8.6 26 210 M M 0 13 33 210
7 79 65 72 13 0 7 T M M 8.9 17 220 M M 1 20 220
8 84 67 76 16 0 11 0.00 M M 9.9 18 220 M M 1 23 290
9 88 65 77 17 0 12 0.88 M M 9.4 22 280 M M 2 13 39 300
10 73 44 59 -1 6 0 0.00 M M 6.8 20 320 M M 1 30 300
11 64 42 53 -7 12 0 0.00 M M 7.4 16 200 M M 0 21 190
12 74 58 66 5 0 1 0.01 M M 10.1 18 170 M M 5 30 160
13 75 65 70 9 0 5 0.91 M M 17.0 30 220 M M 5 13 38 220
14 75 63 69 8 0 4 0.00 M M 7.3 17 210 M M 1 22 200
15 70 46 58 -3 7 0 0.28 M M 8.3 20 23 M M M 10 32
16 70 45 58 -4 7 0 0.00 M M 5.4 15 40 M M 0 22 20
17 71 45 58 -4 7 0 0.00 M M 6.7 18 210 M M 0 1 23 210
18 80 57 69 7 0 4 0.00 M M 10.7 24 280 M M 2 36 300
19 74 51 63 1 2 0 0.05 M M 5.6 18 190 M M 2 23 190
20 71 51 61 -2 4 0 0.29 M M 4.7 20 330 M M 6 18 31 340
21 80 50 65 2 0 0 0.00 M M 9.6 24 230 M M 1 1 38 220
22 70 54 62 -1 3 0 0.00 M M 8.9 18 200 M M 0 21 40
23 72 57 65 1 0 0 0.53 M M 10.2 26 190 M M 7 13 36 190
24 79 65 72 8 0 7 T M M 10.3 20 210 M M 6 26 220
25 72 60 66 2 0 1 0.00 M M 9.0 18 90 M M 6 1 23 110
26 80 63 72 8 0 7 0.00 M M 11.0 22 210 M M 2 29 210
27 74 52 63 -2 2 0 0.00 M M 7.2 16 330 M M 0 27 270
28 75 47 61 -4 4 0 0.00 M M 9.2 20 200 M M 0 1 25 220
29 77 67 72 7 0 7 0.00 M M 12.8 20 180 M M 2 29 190
30 73 60 67 1 0 2 1.04 M M 10.7 35 190 M M 6 13 44 190
================================================================================
SM 2216 1636 86 69 4.24 M 257.7 M 65
================================================================================
AV 73.9 54.5 8.6 FASTST M M 2 MAX(MPH)
MISC ----> # 35 190 # 44 190
================================================================================
NOTES:
# LAST OF SEVERAL OCCURRENCES
COLUMN 17 PEAK WIND IN M.P.H.
PRELIMINARY LOCAL CLIMATOLOGICAL DATA (WS FORM: F-6) , PAGE 2
STATION: N.MYRTLE BEACH SOUTH CAROLINA
MONTH: APRIL
YEAR: 2020
LATITUDE: 33 49 N
LONGITUDE: 78 43 W
[TEMPERATURE DATA] [PRECIPITATION DATA] SYMBOLS USED IN COLUMN 16
AVERAGE MONTHLY: 64.2 TOTAL FOR MONTH: 4.24 1 = FOG OR MIST
DPTR FM NORMAL: 2.6 DPTR FM NORMAL: 1.28 2 = FOG REDUCING VISIBILITY
HIGHEST: 88 ON 9 GRTST 24HR 1.04 ON 30-30 TO 1/4 MILE OR LESS
LOWEST: 42 ON 11 3 = THUNDER
SNOW, ICE PELLETS, HAIL 4 = ICE PELLETS
TOTAL MONTH: M 5 = HAIL
GRTST 24HR M ON M 6 = FREEZING RAIN OR DRIZZLE
GRTST DEPTH: M ON M 7 = DUSTSTORM OR SANDSTORM:
VSBY 1/2 MILE OR LESS
8 = SMOKE OR HAZE
[NO. OF DAYS WITH] [WEATHER - DAYS WITH] 9 = BLOWING SNOW
X = TORNADO
MAX 32 OR BELOW: 0 0.01 INCH OR MORE: 9
MAX 90 OR ABOVE: 0 0.10 INCH OR MORE: 7
MIN 32 OR BELOW: 0 0.50 INCH OR MORE: 4
MIN 0 OR BELOW: 0 1.00 INCH OR MORE: 1
[HDD (BASE 65) ]
TOTAL THIS MO. 86 CLEAR (SCALE 0-3) 21
DPTR FM NORMAL -55 PTCLDY (SCALE 4-7) 7
TOTAL FM JUL 1 1700 CLOUDY (SCALE 8-10) 1
DPTR FM NORMAL -723
[CDD (BASE 65) ]
TOTAL THIS MO. 69
DPTR FM NORMAL 30 [PRESSURE DATA]
TOTAL FM JAN 1 126 HIGHEST SLP 30.32 ON 17
DPTR FM NORMAL 84 LOWEST SLP 29.50 ON 9
[REMARKS]
#FINAL-04-20#