000
CXUS51 KRLX 011326
CF6CRW
PRELIMINARY LOCAL CLIMATOLOGICAL DATA (WS FORM: F-6)
STATION: CHARLESTON WV
MONTH: JANUARY
YEAR: 2023
LATITUDE: 38 22 N
LONGITUDE: 81 36 W
TEMPERATURE IN F: :PCPN: SNOW: WIND :SUNSHINE: SKY :PK WND
================================================================================
1 2 3 4 5 6A 6B 7 8 9 10 11 12 13 14 15 16 17 18
12Z AVG MX 2MIN
DY MAX MIN AVG DEP HDD CDD WTR SNW DPTH SPD SPD DIR MIN PSBL S-S WX SPD DR
================================================================================
1 60 40 50 14 15 0 T 0.0 0 1.8 10 230 M M 8 1 15 250
2 67 44 56 20 9 0 0.01 0.0 0 2.1 13 240 M M 8 1 18 230
3 74 54 64 28 1 0 0.41 0.0 0 7.5 28 210 M M 9 1 38 300
4 69 50 60 25 5 0 0.02 0.0 0 5.9 21 230 M M 7 1 32 260
5 53 39 46 11 19 0 0.00 0.0 0 4.8 14 270 M M 5 21 260
6 47 30 39 4 26 0 0.00 0.0 0 6.8 17 260 M M 10 26 290
7 48 25 37 2 28 0 0.00 0.0 0 3.0 15 320 M M 2 20 310
8 42 27 35 0 30 0 T 0.0 0 3.5 12 260 M M 9 1 17 240
9 41 26 34 -1 31 0 T 0.0 0 4.9 12 250 M M 7 18 16 240
10 49 23 36 1 29 0 0.00 0.0 0 1.2 8 190 M M 6 1 10 220
11 56 32 44 9 21 0 0.40 0.0 0 2.4 10 160 M M 8 1 14 140
12 68 40 54 19 11 0 0.69 0.0 0 7.4 28 190 M M 10 1 38 190
13 40 30 35 0 30 0 0.18 0.5 0 7.8 16 310 M M 10 14 25 300
14 30 21 26 -9 39 0 0.01 0.3 1 6.0 16 310 M M 9 1 21 300
15 36 16 26 -9 39 0 0.00 0.0 T 0.5 7 60 M M 3 1 9 60
16 47 21 34 -1 31 0 0.10 0.0 0 1.2 7 170 M M 7 1 10 160
17 58 39 49 14 16 0 0.41 0.0 0 7.1 15 210 M M 7 1 19 220
18 55 35 45 10 20 0 0.00 0.0 0 3.2 14 250 M M 4 1 19 240
19 64 46 55 20 10 0 0.10 0.0 0 8.5 32 270 M M 7 1 48 250
20 46 34 40 5 25 0 0.01 T 0 8.5 23 250 M M 10 14 39 220
21 39 27 33 -2 32 0 T T 0 3.0 9 280 M M 8 15 290
22 41 26 34 -1 31 0 0.19 0.0 0 1.9 8 300 M M 7 16 14 250
23 38 32 35 0 30 0 0.06 T 0 7.6 15 300 M M 10 1 21 310
24 47 28 38 3 27 0 0.00 0.0 0 4.5 18 250 M M 5 25 240
25 59 33 46 11 19 0 0.56 0.0 0 10.1 25 260 M M 8 1 39 230
26 40 33 37 2 28 0 0.02 T 0 10.5 20 250 M M 10 148 31 240
27 43 30 37 2 28 0 0.01 T T 10.0 21 230 M M 7 27 230
28 56 37 47 12 18 0 0.00 0.0 0 8.3 18 210 M M 5 25 250
29 46 35 41 6 24 0 0.37 0.0 0 2.6 9 170 M M 9 1 12 160
30 55 38 47 12 18 0 0.00 0.0 0 3.7 13 310 M M 10 1 19 320
31 38 29 34 -2 31 0 0.21 T 0 4.7 15 330 M M 10 16 20 330
================================================================================
SM 1552 1020 721 0 3.76 0.8 161.0 M 235
================================================================================
AV 50.1 32.9 5.2 FASTST M M 8 MAX(MPH)
MISC ----> 32 270 48 250
================================================================================
NOTES:
# LAST OF SEVERAL OCCURRENCES
COLUMN 17 PEAK WIND IN M.P.H.
PRELIMINARY LOCAL CLIMATOLOGICAL DATA (WS FORM: F-6) , PAGE 2
STATION: CHARLESTON WV
MONTH: JANUARY
YEAR: 2023
LATITUDE: 38 22 N
LONGITUDE: 81 36 W
[TEMPERATURE DATA] [PRECIPITATION DATA] SYMBOLS USED IN COLUMN 16
AVERAGE MONTHLY: 41.5 TOTAL FOR MONTH: 3.76 1 = FOG OR MIST
DPTR FM NORMAL: 6.5 DPTR FM NORMAL: 0.49 2 = FOG REDUCING VISIBILITY
HIGHEST: 74 ON 3 GRTST 24HR 0.69 ON 12-12 TO 1/4 MILE OR LESS
LOWEST: 16 ON 15 3 = THUNDER
SNOW, ICE PELLETS, HAIL 4 = ICE PELLETS
TOTAL MONTH: 0.8 INCH 5 = HAIL
GRTST 24HR 0.5 ON 13-13 6 = FREEZING RAIN OR DRIZZLE
GRTST DEPTH: 1 ON 14 7 = DUSTSTORM OR SANDSTORM:
VSBY 1/2 MILE OR LESS
8 = SMOKE OR HAZE
[NO. OF DAYS WITH] [WEATHER - DAYS WITH] 9 = BLOWING SNOW
X = TORNADO
MAX 32 OR BELOW: 1 0.01 INCH OR MORE: 18
MAX 90 OR ABOVE: 0 0.10 INCH OR MORE: 11
MIN 32 OR BELOW: 16 0.50 INCH OR MORE: 2
MIN 0 OR BELOW: 0 1.00 INCH OR MORE: 0
[HDD (BASE 65) ]
TOTAL THIS MO. 721 CLEAR (SCALE 0-3) 2
DPTR FM NORMAL -209 PTCLDY (SCALE 4-7) 15
TOTAL FM JUL 1 2477 CLOUDY (SCALE 8-10) 14
DPTR FM NORMAL -141
[CDD (BASE 65) ]
TOTAL THIS MO. 0
DPTR FM NORMAL 0 [PRESSURE DATA]
TOTAL FM JAN 1 0 HIGHEST SLP 30.38 ON 15
DPTR FM NORMAL 0 LOWEST SLP 29.48 ON 25
[REMARKS]
#FINAL-01-23#