000
CXUS52 KFFC 011010
CF6CSG
PRELIMINARY LOCAL CLIMATOLOGICAL DATA (WS FORM: F-6)
STATION: COLUMBUS
MONTH: MAY
YEAR: 2022
LATITUDE: 32 31 N
LONGITUDE: 84 56 W
TEMPERATURE IN F: :PCPN: SNOW: WIND :SUNSHINE: SKY :PK WND
================================================================================
1 2 3 4 5 6A 6B 7 8 9 10 11 12 13 14 15 16 17 18
12Z AVG MX 2MIN
DY MAX MIN AVG DEP HDD CDD WTR SNW DPTH SPD SPD DIR MIN PSBL S-S WX SPD DR
================================================================================
1 82 63 73 3 0 8 T 0.0 M 4.0 12 250 M M 6 1 16 300
2 87 64 76 6 0 11 0.00 0.0 M 3.2 12 230 M M 4 3 18 220
3 88 64 76 5 0 11 0.00 0.0 M 4.3 16 210 M M 1 22 210
4 88 66 77 6 0 12 0.00 0.0 M 4.6 15 240 M M 3 22 230
5 91 67 79 8 0 14 0.00 0.0 M 5.0 16 220 M M 1 21 210
6 85 68 77 5 0 12 0.14 0.0 M 11.6 29 210 M M 4 1 44 290
7 80 58 69 -3 0 4 0.00 0.0 M 10.7 22 320 M M 1 31 300
8 79 57 68 -4 0 3 0.00 0.0 M 6.0 13 70 M M 3 21 90
9 77 55 66 -6 0 1 0.00 0.0 M 7.9 18 110 M M 1 28 110
10 85 54 70 -3 0 5 0.00 0.0 M 5.3 15 110 M M 0 21 130
11 88 54 71 -2 0 6 0.00 0.0 M 4.4 15 90 M M 0 20 360
12 87 63 75 2 0 10 0.00 0.0 M 6.0 20 80 M M 2 28 60
13 82 65 74 1 0 9 0.00 0.0 M 6.3 15 70 M M 6 3 20 70
14 84 62 73 -1 0 8 0.00 0.0 M 3.9 10 80 M M 4 1 15 90
15 90 63 77 3 0 12 T 0.0 M 4.9 15 210 M M 3 3 22 200
16 91 64 78 4 0 13 0.00 0.0 M 5.9 17 280 M M 1 22 280
17 90 65 78 4 0 13 0.00 0.0 M 4.2 15 290 M M 0 21 300
18 92 59 76 1 0 11 0.00 0.0 M 4.2 13 290 M M 0 20 220
19 92 72 82 7 0 17 0.00 0.0 M 7.8 16 230 M M 4 1 22 210
20 91 71 81 6 0 16 0.00 0.0 M 7.3 17 230 M M 3 1 26 220
21 91 70 81 5 0 16 T 0.0 M 6.3 22 190 M M 5 30 190
22 90 68 79 3 0 14 0.01 0.0 M 6.2 36 200 M M 1 3 53 210
23 84 67 76 0 0 11 1.97 0.0 M 7.8 26 250 M M 6 13 39 240
24 86 68 77 1 0 12 0.07 0.0 M 4.0 33 160 M M 2 13 48 170
25 82 67 75 -1 0 10 1.26 0.0 M 7.4 25 240 M M 6 13 37 250
26 78 68 73 -4 0 8 0.22 0.0 M 6.3 18 190 M M 7 1 27 220
27 86 68 77 0 0 12 0.00 0.0 M 8.6 21 240 M M 5 28 240
28 85 60 73 -4 0 8 0.00 0.0 M 2.9 10 320 M M 1 17 330
29 89 63 76 -1 0 11 0.00 0.0 M 3.4 17 170 M M 1 23 160
30 92 65 79 1 0 14 0.00 0.0 M 4.1 16 140 M M 2 3 23 140
31 90 68 79 1 0 14 0.00 0.0 M 4.0 15 160 M M 3 3 18 150
================================================================================
SM 2682 1986 0 326 3.67 0.0 178.5 M 86
================================================================================
AV 86.5 64.1 5.8 FASTST M M 3 MAX(MPH)
MISC ----> 36 200 53 210
================================================================================
NOTES:
# LAST OF SEVERAL OCCURRENCES
COLUMN 17 PEAK WIND IN M.P.H.
PRELIMINARY LOCAL CLIMATOLOGICAL DATA (WS FORM: F-6) , PAGE 2
STATION: COLUMBUS
MONTH: MAY
YEAR: 2022
LATITUDE: 32 31 N
LONGITUDE: 84 56 W
[TEMPERATURE DATA] [PRECIPITATION DATA] SYMBOLS USED IN COLUMN 16
AVERAGE MONTHLY: 75.3 TOTAL FOR MONTH: 3.67 1 = FOG OR MIST
DPTR FM NORMAL: 1.2 DPTR FM NORMAL: 0.43 2 = FOG REDUCING VISIBILITY
HIGHEST: 92 ON 30,19 GRTST 24HR 1.98 ON 22-23 TO 1/4 MILE OR LESS
LOWEST: 54 ON 11,10 3 = THUNDER
SNOW, ICE PELLETS, HAIL 4 = ICE PELLETS
TOTAL MONTH: 0.0 INCH 5 = HAIL
GRTST 24HR 0.0 6 = FREEZING RAIN OR DRIZZLE
GRTST DEPTH: M ON M 7 = DUSTSTORM OR SANDSTORM:
VSBY 1/2 MILE OR LESS
8 = SMOKE OR HAZE
[NO. OF DAYS WITH] [WEATHER - DAYS WITH] 9 = BLOWING SNOW
X = TORNADO
MAX 32 OR BELOW: 0 0.01 INCH OR MORE: 6
MAX 90 OR ABOVE: 11 0.10 INCH OR MORE: 4
MIN 32 OR BELOW: 0 0.50 INCH OR MORE: 2
MIN 0 OR BELOW: 0 1.00 INCH OR MORE: 2
[HDD (BASE 65) ]
TOTAL THIS MO. 0 CLEAR (SCALE 0-3) 19
DPTR FM NORMAL -7 PTCLDY (SCALE 4-7) 12
TOTAL FM JUL 1 1699 CLOUDY (SCALE 8-10) 0
DPTR FM NORMAL -240
[CDD (BASE 65) ]
TOTAL THIS MO. 326
DPTR FM NORMAL 37 [PRESSURE DATA]
TOTAL FM JAN 1 448 HIGHEST SLP 30.27 ON 10
DPTR FM NORMAL 23 LOWEST SLP 29.68 ON 6
[REMARKS]
#FINAL-05-22#