000
CXUS54 KOUN 010700
CF6CSM
PRELIMINARY LOCAL CLIMATOLOGICAL DATA (WS FORM: F-6)
STATION: CLINTON
MONTH: APRIL
YEAR: 2020
LATITUDE: 35 20 N
LONGITUDE: 99 12 W
TEMPERATURE IN F: :PCPN: SNOW: WIND :SUNSHINE: SKY :PK WND
================================================================================
1 2 3 4 5 6A 6B 7 8 9 10 11 12 13 14 15 16 17 18
12Z AVG MX 2MIN
DY MAX MIN AVG DEP HDD CDD WTR SNW DPTH SPD SPD DIR MIN PSBL S-S WX SPD DR
================================================================================
1 67 48 58 3 7 0 0.00 0.0 0 20.7 32 160 M M 0 39 160
2 76 35 56 1 9 0 T M 0 20.0 29 350 M M 0 3 36 360
3 47 28 38 -18 27 0 T M 0 19.6 33 360 M M 7 16 39 350
4 53 29 41 -15 24 0 0.00 0.0 0 9.6 20 20 M M 4 22 30
5 62 40 51 -5 14 0 0.00 0.0 0 12.8 25 170 M M 10 1 32 160
6 70 55 63 7 2 0 0.00 0.0 0 19.4 25 180 M M 5 1 32 200
7 84 57 71 14 0 6 0.00 0.0 0 13.4 21 190 M M 3 12 29 200
8 85 56 71 14 0 6 0.00 0.0 0 11.8 18 40 M M 0 25 40
9 65 45 55 -2 10 0 0.00 0.0 0 15.7 26 30 M M 0 31 40
10 66 37 52 -5 13 0 0.00 0.0 0 12.9 24 180 M M 1 28 180
11 76 51 64 6 1 0 T 0.0 0 18.7 41 140 M M 2 3 51 140
12 70 32 51 -7 14 0 T 0.0 0 22.7 41 350 M M 3 1 53 340
13 41 30 36 -22 29 0 0.01 M 0 13.8 30 10 M M 9 1 39 10
14 43 31 37 -21 28 0 0.01 M 0 6.4 13 70 M M 8 1 20 90
15 61 30 46 -13 19 0 0.00 0.0 0 13.7 24 160 M M 0 30 150
16 73 42 58 -1 7 0 0.00 0.0 0 22.1 33 170 M M 0 53 180
17 55 35 45 -14 20 0 0.00 0.0 0 16.5 32 360 M M 5 41 350
18 66 33 50 -10 15 0 0.00 0.0 0 13.6 25 180 M M 1 33 180
19 70 48 59 -1 6 0 0.00 0.0 0 10.4 21 30 M M 4 29 40
20 76 48 62 2 3 0 0.21 0.0 0 7.6 23 310 M M 3 13 29 310
21 80 51 66 6 0 1 1.06 0.0 0 10.9 38 40 M M 3 138 67 70
22 70 51 61 0 4 0 0.17 0.0 0 13.1 22 320 M M 6 13 45 330
23 82 52 67 6 0 2 0.00 0.0 0 9.1 17 300 M M 1 22 310
24 73 49 61 0 4 0 0.00 0.0 0 16.1 33 350 M M 0 44 350
25 73 45 59 -3 6 0 0.00 0.0 0 8.3 16 350 M M 1 21 360
26 78 46 62 0 3 0 0.00 0.0 0 14.6 26 190 M M 1 35 190
27 85 59 72 10 0 7 0.00 0.0 0 16.0 29 180 M M 0 38 180
28 91 59 75 12 0 10 0.00 0.0 0 15.7 29 10 M M 0 38 10
29 75 49 62 -1 3 0 0.00 0.0 0 14.1 35 350 M M 0 41 330
30 85 46 66 3 0 1 0.00 0.0 0 14.4 25 170 M M 0 33 170
================================================================================
SM 2098 1317 268 33 1.46 0.0 433.7 M 77
================================================================================
AV 69.9 43.9 14.5 FASTST M M 3 MAX(MPH)
MISC ----> # 41 140 # 67 70
================================================================================
NOTES:
# LAST OF SEVERAL OCCURRENCES
COLUMN 17 PEAK WIND IN M.P.H.
PRELIMINARY LOCAL CLIMATOLOGICAL DATA (WS FORM: F-6) , PAGE 2
STATION: CLINTON
MONTH: APRIL
YEAR: 2020
LATITUDE: 35 20 N
LONGITUDE: 99 12 W
[TEMPERATURE DATA] [PRECIPITATION DATA] SYMBOLS USED IN COLUMN 16
AVERAGE MONTHLY: 56.9 TOTAL FOR MONTH: 1.46 1 = FOG OR MIST
DPTR FM NORMAL: -2.1 DPTR FM NORMAL: -0.96 2 = FOG REDUCING VISIBILITY
HIGHEST: 91 ON 28 GRTST 24HR 1.06 ON 21-21 TO 1/4 MILE OR LESS
LOWEST: 28 ON 3 3 = THUNDER
SNOW, ICE PELLETS, HAIL 4 = ICE PELLETS
TOTAL MONTH: 0.0 INCH 5 = HAIL
GRTST 24HR 0.0 6 = FREEZING RAIN OR DRIZZLE
GRTST DEPTH: 0 7 = DUSTSTORM OR SANDSTORM:
VSBY 1/2 MILE OR LESS
8 = SMOKE OR HAZE
[NO. OF DAYS WITH] [WEATHER - DAYS WITH] 9 = BLOWING SNOW
X = TORNADO
MAX 32 OR BELOW: 0 0.01 INCH OR MORE: 5
MAX 90 OR ABOVE: 1 0.10 INCH OR MORE: 3
MIN 32 OR BELOW: 6 0.50 INCH OR MORE: 1
MIN 0 OR BELOW: 0 1.00 INCH OR MORE: 1
[HDD (BASE 65) ]
TOTAL THIS MO. 268 CLEAR (SCALE 0-3) 20
DPTR FM NORMAL 53 PTCLDY (SCALE 4-7) 8
TOTAL FM JUL 1 3745 CLOUDY (SCALE 8-10) 2
DPTR FM NORMAL 156
[CDD (BASE 65) ]
TOTAL THIS MO. 33
DPTR FM NORMAL -2 [PRESSURE DATA]
TOTAL FM JAN 1 44 HIGHEST SLP M ON M
DPTR FM NORMAL 4 LOWEST SLP 29.43 ON 12
[REMARKS]
#FINAL-04-20#