000
CXUS55 KOHX 011210
CF6CSV
PRELIMINARY LOCAL CLIMATOLOGICAL DATA (WS FORM: F-6)
STATION: CROSSVILLE
MONTH: FEBRUARY
YEAR: 2024
LATITUDE: 35 57 N
LONGITUDE: 85 5 W
TEMPERATURE IN F: :PCPN: SNOW: WIND :SUNSHINE: SKY :PK WND
================================================================================
1 2 3 4 5 6A 6B 7 8 9 10 11 12 13 14 15 16 17 18
12Z AVG MX 2MIN
DY MAX MIN AVG DEP HDD CDD WTR SNW DPTH SPD SPD DIR MIN PSBL S-S WX SPD DR
================================================================================
1 54 23 39 3 26 0 0.00 M M 2.4 9 260 M M 0 11 260
2 62 35 49 13 16 0 0.00 M M 4.2 14 290 M M 1 20 280
3 59 33 46 10 19 0 0.00 M M 4.6 10 140 M M 0 15 140
4 55 37 46 9 19 0 0.00 M M 7.3 14 70 M M 0 25 110
5 63 36 50 13 15 0 0.00 M M 7.2 15 360 M M 0 20 40
6 56 31 44 7 21 0 0.00 M M 5.5 14 10 M M 0 17 10
7 62 26 44 7 21 0 0.00 M M 3.2 9 170 M M 0 15 170
8 57 43 50 13 15 0 0.00 M M 7.7 15 160 M M 1 26 170
9 55 44 50 12 15 0 0.73 M M 5.9 10 220 M M 10 13 21 180
10 59 50 55 17 10 0 1.04 M M 5.4 15 270 M M 10 13 21 260
11 52 47 50 12 15 0 0.16 M M 5.3 15 20 M M 10 1 20 20
12 54 34 44 6 21 0 0.58 M M 7.3 23 260 M M 10 12 37 260
13 47 30 39 1 26 0 T M M 8.0 18 320 M M 3 1 32 310
14 57 28 43 4 22 0 0.00 M M 3.0 13 270 M M 0 19 270
15 61 36 49 10 16 0 0.00 M M 6.7 20 270 M M 3 30 260
16 58 34 46 7 19 0 0.32 M M 6.2 25 310 M M 4 1 39 310
17 33 21 27 -12 38 0 T M M 9.4 18 330 M M 6 8 30 340
18 43 15 29 -11 36 0 0.00 M M 3.3 13 280 M M 0 17 270
19 54 20 37 -3 28 0 0.00 M M 1.4 9 280 M M 0 13 260
20 56 26 41 1 24 0 0.00 M M 1.5 9 170 M M 1 17 130
21 62 31 47 7 18 0 0.00 M M 5.2 14 190 M M 0 25 170
22 63 47 55 15 10 0 0.41 M M 9.7 15 230 M M 6 13 38 230
23 58 39 49 8 16 0 0.16 M M 9.9 23 280 M M 5 13 34 270
24 46 26 36 -5 29 0 0.00 M M 8.2 23 290 M M 5 37 340
25 54 22 38 -3 27 0 0.00 M M 5.2 13 180 M M 3 22 180
26 69 48 59 18 6 0 0.00 M M 7.8 16 180 M M 3 29 170
27 66 54 60 18 5 0 T M M 10.6 18 190 M M 7 35 230
28 64 28 46 4 19 0 0.42 M M 10.6 25 290 M M 6 13 35 290
29 44 24 34 -8 31 0 0.00 M M 6.3 13 40 M M 0 19 40
================================================================================
SM 1623 968 583 0 3.82 M 179.0 M 94
================================================================================
AV 56.0 33.4 6.2 FASTST M M 3 MAX(MPH)
MISC ----> # 25 310 39 310
================================================================================
NOTES:
# LAST OF SEVERAL OCCURRENCES
COLUMN 17 PEAK WIND IN M.P.H.
PRELIMINARY LOCAL CLIMATOLOGICAL DATA (WS FORM: F-6) , PAGE 2
STATION: CROSSVILLE
MONTH: FEBRUARY
YEAR: 2024
LATITUDE: 35 57 N
LONGITUDE: 85 5 W
[TEMPERATURE DATA] [PRECIPITATION DATA] SYMBOLS USED IN COLUMN 16
AVERAGE MONTHLY: 44.7 TOTAL FOR MONTH: 3.82 1 = FOG OR MIST
DPTR FM NORMAL: 5.9 DPTR FM NORMAL: -1.31 2 = FOG REDUCING VISIBILITY
HIGHEST: 69 ON 26 GRTST 24HR 1.04 ON 10-10 TO 1/4 MILE OR LESS
LOWEST: 15 ON 18 3 = THUNDER
SNOW, ICE PELLETS, HAIL 4 = ICE PELLETS
TOTAL MONTH: M 5 = HAIL
GRTST 24HR M ON M 6 = FREEZING RAIN OR DRIZZLE
GRTST DEPTH: M ON M 7 = DUSTSTORM OR SANDSTORM:
VSBY 1/2 MILE OR LESS
8 = SMOKE OR HAZE
[NO. OF DAYS WITH] [WEATHER - DAYS WITH] 9 = BLOWING SNOW
X = TORNADO
MAX 32 OR BELOW: 0 0.01 INCH OR MORE: 8
MAX 90 OR ABOVE: 0 0.10 INCH OR MORE: 8
MIN 32 OR BELOW: 14 0.50 INCH OR MORE: 3
MIN 0 OR BELOW: 0 1.00 INCH OR MORE: 1
[HDD (BASE 65) ]
TOTAL THIS MO. 583 CLEAR (SCALE 0-3) 18
DPTR FM NORMAL -151 PTCLDY (SCALE 4-7) 7
TOTAL FM JUL 1 3038 CLOUDY (SCALE 8-10) 4
DPTR FM NORMAL -380
[CDD (BASE 65) ]
TOTAL THIS MO. 0
DPTR FM NORMAL 0 [PRESSURE DATA]
TOTAL FM JAN 1 0 HIGHEST SLP 30.52 ON 29
DPTR FM NORMAL 0 LOWEST SLP 29.42 ON 12
[REMARKS]
#FINAL-02-24#