000
CXUS53 KUNR 010945
CF6CUT
PRELIMINARY LOCAL CLIMATOLOGICAL DATA (WS FORM: F-6)
STATION: CUSTER COUNTY AIRPORT SD
MONTH: SEPTEMBER
YEAR: 2020
LATITUDE: 43 43 N
LONGITUDE: 103 37 W
TEMPERATURE IN F: :PCPN: SNOW: WIND :SUNSHINE: SKY :PK WND
================================================================================
1 2 3 4 5 6A 6B 7 8 9 10 11 12 13 14 15 16 17 18
12Z AVG MX 2MIN
DY MAX MIN AVG DEP HDD CDD WTR SNW DPTH SPD SPD DIR MIN PSBL S-S WX SPD DR
================================================================================
1 73 40 57 -3 8 0 0.00 M M 6.6 21 280 M M 1 29 260
2 85 52 69 9 0 4 0.00 M M 11.4 24 270 M M 0 42 350
3 74 44 59 -1 6 0 0.00 M M 6.4 22 270 M M 0 32 230
4 82 46 64 5 1 0 0.00 M M 5.1 16 100 M M 0 26 270
5 94 50 72 13 0 7 0.00 M M 6.7 22 270 M M 0 33 220
6 86 53 70 11 0 5 0.00 M M 7.8 20 280 M M 0 28 270
7 53 30 42 -16 23 0 0.38 M M 11.0 20 30 M M 8 12 32 20
8 34 27 31 -27 34 0 0.15 M M 6.9 20 30 M M 9 1 31 40
9 43 21 32 -25 33 0 0.00 M M 4.6 12 270 M M 1 1 17 250
10 59 27 43 -14 22 0 0.07 M M 4.1 12 100 M M 3 1 18 140
11 49 41 45 -11 20 0 0.09 M M 3.9 9 280 M M 9 1 13 140
12 74 44 59 3 6 0 0.00 M M 5.9 14 350 M M 2 24 340
13 80 44 62 6 3 0 0.00 M M 5.5 15 110 M M 0 27 100
14 84 44 64 9 1 0 0.00 M M 5.1 16 250 M M 0 24 230
15 86 51 69 14 0 4 0.00 M M 5.7 15 100 M M 0 8 20 110
16 66 47 57 3 8 0 0.00 M M 5.3 12 170 M M 0 8 18 210
17 77 43 60 6 5 0 0.00 M M 5.8 13 90 M M 0 8 17 90
18 73 40 57 4 8 0 0.00 M M 4.2 14 170 M M 0 8 22 180
19 86 48 67 14 0 2 T M M 5.9 21 260 M M 1 36 280
20 71 42 57 5 8 0 T M M 7.7 24 260 M M 1 36 260
21 75 39 57 5 8 0 0.00 M M 4.9 13 270 M M 0 23 210
22 83 43 63 12 2 0 0.00 M M 5.5 17 270 M M 0 26 260
23 80 50 65 14 0 0 0.00 M M 6.3 17 260 M M 2 26 230
24 83 45 64 14 1 0 0.00 M M 7.9 17 350 M M 0 29 240
25 70 48 59 9 6 0 0.00 M M 6.5 16 350 M M 1 28 330
26 63 38 51 1 14 0 0.00 M M 4.9 21 280 M M 5 37 280
27 51 36 44 -5 21 0 T M M 10.4 21 310 M M 4 37 330
28 57 31 44 -5 21 0 0.00 M M 7.5 18 290 M M 0 34 320
29 72 46 59 11 6 0 0.00 M M 7.7 20 250 M M 0 31 230
30 56 38 47 -1 18 0 0.00 M M 7.8 20 280 M M 3 28 330
================================================================================
SM 2119 1248 283 22 0.69 M 195.0 M 50
================================================================================
AV 70.6 41.6 6.5 FASTST M M 2 MAX(MPH)
MISC ----> # 24 270 # 42 350
================================================================================
NOTES:
# LAST OF SEVERAL OCCURRENCES
COLUMN 17 PEAK WIND IN M.P.H.
PRELIMINARY LOCAL CLIMATOLOGICAL DATA (WS FORM: F-6) , PAGE 2
STATION: CUSTER COUNTY AIRPORT SD
MONTH: SEPTEMBER
YEAR: 2020
LATITUDE: 43 43 N
LONGITUDE: 103 37 W
[TEMPERATURE DATA] [PRECIPITATION DATA] SYMBOLS USED IN COLUMN 16
AVERAGE MONTHLY: 56.1 TOTAL FOR MONTH: 0.69 1 = FOG OR MIST
DPTR FM NORMAL: 1.8 DPTR FM NORMAL: -0.88 2 = FOG REDUCING VISIBILITY
HIGHEST: 94 ON 5 GRTST 24HR 0.38 ON 7- 7 TO 1/4 MILE OR LESS
LOWEST: 21 ON 9 3 = THUNDER
SNOW, ICE PELLETS, HAIL 4 = ICE PELLETS
TOTAL MONTH: M 5 = HAIL
GRTST 24HR M ON M 6 = FREEZING RAIN OR DRIZZLE
GRTST DEPTH: M ON M 7 = DUSTSTORM OR SANDSTORM:
VSBY 1/2 MILE OR LESS
8 = SMOKE OR HAZE
[NO. OF DAYS WITH] [WEATHER - DAYS WITH] 9 = BLOWING SNOW
X = TORNADO
MAX 32 OR BELOW: 0 0.01 INCH OR MORE: 4
MAX 90 OR ABOVE: 1 0.10 INCH OR MORE: 2
MIN 32 OR BELOW: 5 0.50 INCH OR MORE: 0
MIN 0 OR BELOW: 0 1.00 INCH OR MORE: 0
[HDD (BASE 65) ]
TOTAL THIS MO. 283 CLEAR (SCALE 0-3) 24
DPTR FM NORMAL -49 PTCLDY (SCALE 4-7) 3
TOTAL FM JUL 1 345 CLOUDY (SCALE 8-10) 3
DPTR FM NORMAL -141
[CDD (BASE 65) ]
TOTAL THIS MO. 22
DPTR FM NORMAL 11 [PRESSURE DATA]
TOTAL FM JAN 1 277 HIGHEST SLP 30.50 ON 8
DPTR FM NORMAL 100 LOWEST SLP 29.57 ON 26
[REMARKS]
#FINAL-09-20#