000
CXUS53 KUNR 010945
CF6CUT
PRELIMINARY LOCAL CLIMATOLOGICAL DATA (WS FORM: F-6)
STATION: CUSTER COUNTY AIRPORT SD
MONTH: MAY
YEAR: 2020
LATITUDE: 43 43 N
LONGITUDE: 103 37 W
TEMPERATURE IN F: :PCPN: SNOW: WIND :SUNSHINE: SKY :PK WND
================================================================================
1 2 3 4 5 6A 6B 7 8 9 10 11 12 13 14 15 16 17 18
12Z AVG MX 2MIN
DY MAX MIN AVG DEP HDD CDD WTR SNW DPTH SPD SPD DIR MIN PSBL S-S WX SPD DR
================================================================================
1 67 42 55 11 10 0 0.03 M M 4.9 14 240 M M 4 1 23 250
2 59 37 48 4 17 0 0.50 M M 4.1 14 170 M M 7 13 20 140
3 63 37 50 6 15 0 0.00 M M 4.8 14 340 M M 4 123 25 310
4 52 30 41 -4 24 0 T M M 9.1 18 40 M M 6 13 33 290
5 53 30 42 -3 23 0 0.00 M M 9.1 25 280 M M 4 37 300
6 56 25 41 -4 24 0 T M M 6.0 14 110 M M 1 22 130
7 51 29 40 -6 25 0 T M M 10.5 24 270 M M 4 1 38 10
8 51 26 39 -7 26 0 T M M 4.6 14 200 M M 3 22 200
9 44 27 36 -10 29 0 T M M 9.0 22 280 M M 3 38 290
10 40 26 33 -14 32 0 0.00 M M 7.6 14 80 M M 8 22 110
11 30 26 28 -19 37 0 0.04 M M 7.0 13 110 M M 10 1 17 120
12 38 29 34 -13 31 0 0.05 M M 6.1 14 80 M M 10 123 19 130
13 63 36 50 3 15 0 0.26 M M 5.5 20 300 M M 8 123 33 290
14 56 35 46 -2 19 0 0.15 M M 5.0 16 90 M M 3 13 27 340
15 59 36 48 0 17 0 0.13 M M 4.7 14 70 M M 9 12 19 140
16 51 34 43 -5 22 0 0.13 M M 6.5 15 50 M M 6 1 23 360
17 60 28 44 -4 21 0 0.00 M M 4.9 13 110 M M 0 18 140
18 69 38 54 5 11 0 0.00 M M 6.1 15 120 M M 0 21 120
19 84 50 67 18 0 2 0.00 M M 7.0 17 100 M M 0 27 280
20 71 44 58 9 7 0 0.29 M M 9.0 30 270 M M 4 13 44 280
21 66 41 54 4 11 0 0.00 M M 8.2 18 260 M M 1 32 260
22 74 44 59 9 6 0 0.00 M M 7.1 18 270 M M 1 30 270
23 67 49 58 8 7 0 0.07 M M 7.7 18 100 M M 5 3 31 180
24 59 38 49 -2 16 0 0.00 M M 6.5 17 360 M M 3 33 30
25 55 32 44 -7 21 0 0.00 M M 2.1 13 60 M M 5 18 360
26 68 37 53 2 12 0 0.00 M M 4.7 14 120 M M 3 19 360
27 70 42 56 4 9 0 0.01 M M 4.5 14 60 M M 6 13 19 60
28 60 40 50 -2 15 0 0.03 M M 4.0 12 80 M M 8 18 19 360
29 66 43 55 3 10 0 0.05 M M 9.7 22 40 M M 5 13 31 40
30 59 49 54 2 11 0 0.26 M M 7.3 23 80 M M 7 123 28 90
31 81 50 66 13 0 1 0.01 M M 5.8 13 200 M M 3 13 22 240
================================================================================
SM 1842 1130 523 3 2.01 M 199.1 M 141
================================================================================
AV 59.4 36.5 6.4 FASTST M M 5 MAX(MPH)
MISC ----> # 30 270 # 44 280
================================================================================
NOTES:
# LAST OF SEVERAL OCCURRENCES
COLUMN 17 PEAK WIND IN M.P.H.
PRELIMINARY LOCAL CLIMATOLOGICAL DATA (WS FORM: F-6) , PAGE 2
STATION: CUSTER COUNTY AIRPORT SD
MONTH: MAY
YEAR: 2020
LATITUDE: 43 43 N
LONGITUDE: 103 37 W
[TEMPERATURE DATA] [PRECIPITATION DATA] SYMBOLS USED IN COLUMN 16
AVERAGE MONTHLY: 47.9 TOTAL FOR MONTH: 2.01 1 = FOG OR MIST
DPTR FM NORMAL: -0.4 DPTR FM NORMAL: -1.11 2 = FOG REDUCING VISIBILITY
HIGHEST: 84 ON 19 GRTST 24HR 0.50 ON 2- 2 TO 1/4 MILE OR LESS
LOWEST: 25 ON 6 3 = THUNDER
SNOW, ICE PELLETS, HAIL 4 = ICE PELLETS
TOTAL MONTH: M 5 = HAIL
GRTST 24HR M ON M 6 = FREEZING RAIN OR DRIZZLE
GRTST DEPTH: M ON M 7 = DUSTSTORM OR SANDSTORM:
VSBY 1/2 MILE OR LESS
8 = SMOKE OR HAZE
[NO. OF DAYS WITH] [WEATHER - DAYS WITH] 9 = BLOWING SNOW
X = TORNADO
MAX 32 OR BELOW: 1 0.01 INCH OR MORE: 15
MAX 90 OR ABOVE: 0 0.10 INCH OR MORE: 7
MIN 32 OR BELOW: 11 0.50 INCH OR MORE: 1
MIN 0 OR BELOW: 0 1.00 INCH OR MORE: 0
[HDD (BASE 65) ]
TOTAL THIS MO. 523 CLEAR (SCALE 0-3) 11
DPTR FM NORMAL 4 PTCLDY (SCALE 4-7) 16
TOTAL FM JUL 1 8165 CLOUDY (SCALE 8-10) 4
DPTR FM NORMAL -4
[CDD (BASE 65) ]
TOTAL THIS MO. 3
DPTR FM NORMAL 2 [PRESSURE DATA]
TOTAL FM JAN 1 3 HIGHEST SLP 30.43 ON 10
DPTR FM NORMAL 2 LOWEST SLP 29.57 ON 20
[REMARKS]
#FINAL-05-20#