000
CXUS52 KCHS 030754
CF6CXM
PRELIMINARY LOCAL CLIMATOLOGICAL DATA (WS FORM: F-6)
STATION: DOWNTOWN CHARLESTON SC
MONTH: JUNE
YEAR: 2020
LATITUDE: 32 46 N
LONGITUDE: 79 56 W
TEMPERATURE IN F: :PCPN: SNOW: WIND :SUNSHINE: SKY :PK WND
================================================================================
1 2 3 4 5 6A 6B 7 8 9 10 11 12 13 14 15 16 17 18
12Z AVG MX 2MIN
DY MAX MIN AVG DEP HDD CDD WTR SNW DPTH SPD SPD DIR MIN PSBL S-S WX SPD DR
================================================================================
1 78 71 75 -2 0 10 0.00 M M 10.5 17 80 M M M 21 90
2 79 71 75 -2 0 10 0.00 M M 6.9 12 190 M M M 20 200
3 80 72 76 -1 0 11 0.00 M M 7.8 15 210 M M M 19 210
4 80 73 77 0 0 12 0.00 M M 5.6 12 190 M M M 15 210
5 83 74 79 2 0 14 0.00 M M 8.0 16 180 M M M 21 200
6 86 74 80 2 0 15 0.56 M M 6.4 26 190 M M M 33 190
7 82 76 79 1 0 14 0.01 M M 5.3 13 210 M M M 19 210
8 83 76 80 2 0 15 0.00 M M 5.2 12 120 M M M 14 110
9 85 75 80 2 0 15 0.00 M M 4.6 17 50 M M M 22 60
10 87 77 82 4 0 17 0.00 M M 7.8 16 180 M M M 20 180
11 82 79 81 2 0 16 0.22 M M 10.7 17 170 M M M 21 180
12 80 73 77 -2 0 12 0.07 M M 5.5 13 180 M M M 16 190
13 78 72 75 -4 0 10 0.01 M M 10.1 17 20 M M M 22 30
14 75 70 73 -6 0 8 0.08 M M 13.7 19 30 M M M 24 50
15 73 64 69 -10 0 4 1.21 M M 15.0 22 20 M M M 26 30
16 72 64 68 -12 0 3 0.00 M M 9.9 16 360 M M M 21 360
17 70 63 67 -13 0 2 0.00 M M 4.1 8 310 M M M 12 290
18 79 66 73 -7 0 8 0.00 M M 7.7 16 140 M M M 18 140
19 81 71 76 -4 0 11 0.04 M M 5.5 15 350 M M M 22 350
20 82 70 76 -4 0 11 0.01 M M 5.2 13 170 M M M 16 50
21 86 74 80 0 0 15 0.00 M M 5.8 13 180 M M M 17 200
22 90 77 84 4 0 19 0.00 M M 6.7 15 210 M M M 20 200
23 87 72 80 -1 0 15 0.17 M M 8.2 18 210 M M M 22 210
24 88 71 80 -1 0 15 0.88 M M 6.6 15 20 M M M 21 20
25 86 73 80 -1 0 15 0.00 M M 5.9 11 250 M M M 19 270
26 91 75 83 2 0 18 0.00 M M 4.5 8 270 M M M 13 260
27 90 75 83 2 0 18 0.02 M M 6.2 14 310 M M M 26 310
28 93 76 85 4 0 20 0.00 M M 6.5 16 360 M M M 19 360
29 95 79 87 6 0 22 0.00 M M 4.9 11 310 M M M 15 300
30 95 74 85 4 0 20 0.94 M M 4.8 17 10 M M M 30 110
================================================================================
SM 2496 2177 0 395 4.22 M 215.6 M M
================================================================================
AV 83.2 72.6 7.2 FASTST M M M MAX(MPH)
MISC ----> 26 190 33 190
================================================================================
NOTES:
# LAST OF SEVERAL OCCURRENCES
COLUMN 17 PEAK WIND IN M.P.H.
PRELIMINARY LOCAL CLIMATOLOGICAL DATA (WS FORM: F-6) , PAGE 2
STATION: DOWNTOWN CHARLESTON SC
MONTH: JUNE
YEAR: 2020
LATITUDE: 32 46 N
LONGITUDE: 79 56 W
[TEMPERATURE DATA] [PRECIPITATION DATA] SYMBOLS USED IN COLUMN 16
AVERAGE MONTHLY: 77.9 TOTAL FOR MONTH: 4.22 1 = FOG OR MIST
DPTR FM NORMAL: -1.4 DPTR FM NORMAL: -0.43 2 = FOG REDUCING VISIBILITY
HIGHEST: 95 ON 30,29 GRTST 24HR 1.21 ON 15-15 TO 1/4 MILE OR LESS
LOWEST: 63 ON 17 3 = THUNDER
SNOW, ICE PELLETS, HAIL 4 = ICE PELLETS
TOTAL MONTH: M 5 = HAIL
GRTST 24HR M ON M 6 = FREEZING RAIN OR DRIZZLE
GRTST DEPTH: M ON M 7 = DUSTSTORM OR SANDSTORM:
VSBY 1/2 MILE OR LESS
8 = SMOKE OR HAZE
[NO. OF DAYS WITH] [WEATHER - DAYS WITH] 9 = BLOWING SNOW
X = TORNADO
MAX 32 OR BELOW: 0 0.01 INCH OR MORE: 13
MAX 90 OR ABOVE: 6 0.10 INCH OR MORE: 6
MIN 32 OR BELOW: 0 0.50 INCH OR MORE: 4
MIN 0 OR BELOW: 0 1.00 INCH OR MORE: 1
[HDD (BASE 65) ]
TOTAL THIS MO. 0 CLEAR (SCALE 0-3) 0
DPTR FM NORMAL 0 PTCLDY (SCALE 4-7) 0
TOTAL FM JUL 1 1242 CLOUDY (SCALE 8-10) 30
DPTR FM NORMAL -492
[CDD (BASE 65) ]
TOTAL THIS MO. 395
DPTR FM NORMAL -33 [PRESSURE DATA]
TOTAL FM JAN 1 857 HIGHEST SLP M ON M
DPTR FM NORMAL 71 LOWEST SLP 29.68 ON 30
[REMARKS]
#FINAL-06-20#
#FINAL-06-20#