000
CXUS54 KHUN 052021
CF6DCU
PRELIMINARY LOCAL CLIMATOLOGICAL DATA (WS FORM: F-6)
STATION: DECATUR
MONTH: JUNE
YEAR: 2022
LATITUDE: 34 39 N
LONGITUDE: 86 56 W
TEMPERATURE IN F: :PCPN: SNOW: WIND :SUNSHINE: SKY :PK WND
================================================================================
1 2 3 4 5 6A 6B 7 8 9 10 11 12 13 14 15 16 17 18
12Z AVG MX 2MIN
DY MAX MIN AVG DEP HDD CDD WTR SNW DPTH SPD SPD DIR MIN PSBL S-S WX SPD DR
================================================================================
1 92 66 79 5 0 14 0.00 0.0 0 3.3 10 300 M M 0 1 17 260
2 88 69 79 5 0 14 0.46 0.0 0 3.6 22 240 M M 2 13 30 250
3 83 62 73 -2 0 8 0.00 0.0 0 6.1 14 10 M M 2 20 10
4 85 59 72 -3 0 7 0.00 0.0 0 5.2 10 90 M M 2 17 90
5 88 60 74 -1 0 9 0.00 0.0 0 5.4 14 180 M M 2 21 160
6 89 66 78 3 0 13 0.00 0.0 0 9.3 18 150 M M 2 3 25 160
7 88 70 79 3 0 14 0.19 0.0 0 8.6 20 180 M M 6 138 26 190
8 86 69 78 2 0 13 0.15 0.0 0 5.6 20 230 M M 3 138 28 230
9 86 63 75 -1 0 10 0.00 0.0 0 7.0 15 350 M M 6 20 290
10 80 58 69 -7 0 4 0.00 0.0 0 3.9 12 170 M M 0 16 180
11 87 59 73 -3 0 8 0.00 0.0 0 2.2 9 330 M M 0 1 14 250
12 92 66 79 2 0 14 0.00 0.0 0 4.5 14 210 M M 0 1 20 190
13 97 74 86 9 0 21 0.00 0.0 0 5.4 15 190 M M 0 18 20 190
14 95 74 85 8 0 20 0.00 0.0 0 3.5 10 260 M M 0 18 21 290
15 97 74 86 9 0 21 0.00 0.0 0 4.7 32 150 M M 0 138 46 150
16 98 66 82 5 0 17 0.00 0.0 0 3.5 12 100 M M 0 8 17 90
17 94 71 83 5 0 18 0.30 0.0 0 4.5 31 360 M M 1 13 41 20
18 92 67 80 2 0 15 0.00 0.0 0 6.5 18 10 M M 1 1 27 10
19 90 59 75 -3 0 10 0.00 0.0 0 6.1 14 20 M M 0 19 360
20 94 56 75 -3 0 10 0.00 0.0 0 2.7 10 150 M M 0 13 260
21 96 64 80 2 0 15 0.00 0.0 0 2.4 13 260 M M 1 22 300
22 98 69 84 6 0 19 0.00 0.0 0 4.4 14 300 M M 0 18 20 240
23 96 71 84 6 0 19 0.00 0.0 0 6.4 15 320 M M 1 18 23 310
24 95 63 79 0 0 14 0.00 0.0 0 4.5 14 260 M M 0 22 270
25 96 69 83 4 0 18 0.02 0.0 0 6.0 14 150 M M 2 18 150
26 95 71 83 4 0 18 T 0.0 0 5.0 18 340 M M 1 13 24 330
27 89 65 77 -2 0 12 0.00 0.0 0 7.5 16 10 M M 4 8 23 360
28 90 65 78 -1 0 13 0.00 0.0 0 5.8 14 10 M M 0 19 10
29 93 68 81 2 0 16 0.00 0.0 0 4.1 12 150 M M 4 8 15 170
30 93 70 82 3 0 17 0.16 0.0 0 6.3 17 160 M M 3 1 24 170
================================================================================
SM 2742 1983 0 421 1.28 0.0 154.0 M 43
================================================================================
AV 91.4 66.1 5.1 FASTST M M 1 MAX(MPH)
MISC ----> 32 150 46 150
================================================================================
NOTES:
# LAST OF SEVERAL OCCURRENCES
COLUMN 17 PEAK WIND IN M.P.H.
PRELIMINARY LOCAL CLIMATOLOGICAL DATA (WS FORM: F-6) , PAGE 2
STATION: DECATUR
MONTH: JUNE
YEAR: 2022
LATITUDE: 34 39 N
LONGITUDE: 86 56 W
[TEMPERATURE DATA] [PRECIPITATION DATA] SYMBOLS USED IN COLUMN 16
AVERAGE MONTHLY: 78.8 TOTAL FOR MONTH: 1.28 1 = FOG OR MIST
DPTR FM NORMAL: 1.7 DPTR FM NORMAL: -2.38 2 = FOG REDUCING VISIBILITY
HIGHEST: 98 ON 22,16 GRTST 24HR 0.46 ON 2- 2 TO 1/4 MILE OR LESS
LOWEST: 56 ON 20 3 = THUNDER
SNOW, ICE PELLETS, HAIL 4 = ICE PELLETS
TOTAL MONTH: 0.0 INCH 5 = HAIL
GRTST 24HR 0.0 6 = FREEZING RAIN OR DRIZZLE
GRTST DEPTH: 0 7 = DUSTSTORM OR SANDSTORM:
VSBY 1/2 MILE OR LESS
8 = SMOKE OR HAZE
[NO. OF DAYS WITH] [WEATHER - DAYS WITH] 9 = BLOWING SNOW
X = TORNADO
MAX 32 OR BELOW: 0 0.01 INCH OR MORE: 6
MAX 90 OR ABOVE: 19 0.10 INCH OR MORE: 5
MIN 32 OR BELOW: 0 0.50 INCH OR MORE: 0
MIN 0 OR BELOW: 0 1.00 INCH OR MORE: 0
[HDD (BASE 65) ]
TOTAL THIS MO. 0 CLEAR (SCALE 0-3) 26
DPTR FM NORMAL 0 PTCLDY (SCALE 4-7) 4
TOTAL FM JUL 1 2984 CLOUDY (SCALE 8-10) 0
DPTR FM NORMAL -133
[CDD (BASE 65) ]
TOTAL THIS MO. 421
DPTR FM NORMAL 58 [PRESSURE DATA]
TOTAL FM JAN 1 687 HIGHEST SLP 30.25 ON 21
DPTR FM NORMAL 73 LOWEST SLP 29.80 ON 7
[REMARKS]
#FINAL-06-22#