000
CXUS53 KDDC 071801
CF6DDC
PRELIMINARY LOCAL CLIMATOLOGICAL DATA (WS FORM: F-6)
STATION: DODGE CITY KS
MONTH: OCTOBER
YEAR: 2023
LATITUDE: 37 46 N
LONGITUDE: 99 58 W
TEMPERATURE IN F: :PCPN: SNOW: WIND :SUNSHINE: SKY :PK WND
================================================================================
1 2 3 4 5 6A 6B 7 8 9 10 11 12 13 14 15 16 17 18
12Z AVG MX 2MIN
DY MAX MIN AVG DEP HDD CDD WTR SNW DPTH SPD SPD DIR MIN PSBL S-S WX SPD DR
================================================================================
1 87 66 77 13 0 12 0.04 0.0 0 17.0 28 190 M M 2 37 190
2 87 60 74 11 0 9 0.00 0.0 0 16.2 26 160 M M 1 8 36 150
3 84 56 70 7 0 5 0.11 0.0 0 13.7 33 260 M M 3 138 45 260
4 77 49 63 1 2 0 0.00 0.0 0 9.8 22 10 M M 1 30 360
5 77 47 62 0 3 0 0.00 0.0 0 9.8 21 360 M M 0 1 31 360
6 60 34 47 -14 18 0 0.00 0.0 0 9.8 26 20 M M 4 8 37 30
7 69 31 50 -11 15 0 0.00 0.0 0 7.2 17 210 M M 0 8 24 210
8 83 44 64 4 1 0 0.00 0.0 0 6.7 15 220 M M 0 8 22 210
9 77 41 59 -1 6 0 0.00 0.0 0 7.5 14 70 M M 0 8 19 90
10 87 48 68 8 0 3 0.00 0.0 0 14.2 29 170 M M 0 8 38 170
11 87 56 72 13 0 7 0.00 0.0 0 16.1 28 160 M M 0 18 37 160
12 82 51 67 8 0 2 0.00 0.0 0 18.3 38 230 M M 1 8 50 230
13 59 43 51 -7 14 0 0.00 0.0 0 23.7 39 320 M M 2 56 320
14 57 35 46 -12 19 0 0.00 0.0 0 13.7 25 360 M M 2 34 10
15 61 33 47 -10 18 0 0.00 0.0 0 10.3 18 10 M M 2 26 20
16 70 30 50 -7 15 0 0.00 0.0 0 6.1 10 160 M M 0 18 18 260
17 83 43 63 7 2 0 0.00 0.0 0 11.0 20 190 M M 0 8 26 190
18 76 47 62 6 3 0 0.00 0.0 0 13.1 32 20 M M 0 41 10
19 87 39 63 8 2 0 0.00 0.0 0 10.7 24 320 M M 0 35 320
20 91 44 68 13 0 3 0.00 0.0 0 6.0 16 270 M M 0 8 22 230
21 86 48 67 13 0 2 0.00 0.0 0 10.7 21 110 M M 0 8 28 100
22 89 50 70 16 0 5 0.00 0.0 0 14.7 28 200 M M 0 8 38 190
23 87 60 74 20 0 9 0.00 0.0 0 19.2 30 170 M M 0 42 180
24 79 60 70 17 0 5 0.00 0.0 0 14.6 23 170 M M 3 18 31 180
25 79 62 71 18 0 6 0.00 0.0 0 10.9 24 150 M M 4 138 32 150
26 83 41 62 10 3 0 0.00 0.0 0 14.4 38 360 M M 3 18 51 350
27 50 28 39 -13 26 0 0.00 0.0 0 15.7 32 360 M M 2 40 360
28 35 26 31 -20 34 0 T 0.0 0 13.7 22 20 M M 7 28 30
29 38 20 29 -22 36 0 0.00 0.0 0 16.5 30 360 M M 8 40 360
30 49 17 33 -18 32 0 0.00 0.0 0 8.1 15 280 M M 0 23 260
31 45 21 33 -17 32 0 0.00 0.0 0 8.8 16 20 M M 0 24 30
================================================================================
SM 2261 1330 281 68 0.15 0.0 388.2 M 45
================================================================================
AV 72.9 42.9 12.5 FASTST M M 1 MAX(MPH)
MISC ----> 39 320 56 320
================================================================================
NOTES:
# LAST OF SEVERAL OCCURRENCES
COLUMN 17 PEAK WIND IN M.P.H.
PRELIMINARY LOCAL CLIMATOLOGICAL DATA (WS FORM: F-6) , PAGE 2
STATION: DODGE CITY KS
MONTH: OCTOBER
YEAR: 2023
LATITUDE: 37 46 N
LONGITUDE: 99 58 W
[TEMPERATURE DATA] [PRECIPITATION DATA] SYMBOLS USED IN COLUMN 16
AVERAGE MONTHLY: 57.9 TOTAL FOR MONTH: 0.15 1 = FOG OR MIST
DPTR FM NORMAL: 1.1 DPTR FM NORMAL: -1.87 2 = FOG REDUCING VISIBILITY
HIGHEST: 91 ON 20 GRTST 24HR 0.11 ON 3- 3 TO 1/4 MILE OR LESS
LOWEST: 17 ON 30 3 = THUNDER
SNOW, ICE PELLETS, HAIL 4 = ICE PELLETS
TOTAL MONTH: 0.0 INCH 5 = HAIL
GRTST 24HR 0.0 6 = FREEZING RAIN OR DRIZZLE
GRTST DEPTH: 0 7 = DUSTSTORM OR SANDSTORM:
VSBY 1/2 MILE OR LESS
8 = SMOKE OR HAZE
[NO. OF DAYS WITH] [WEATHER - DAYS WITH] 9 = BLOWING SNOW
X = TORNADO
MAX 32 OR BELOW: 0 0.01 INCH OR MORE: 2
MAX 90 OR ABOVE: 1 0.10 INCH OR MORE: 1
MIN 32 OR BELOW: 7 0.50 INCH OR MORE: 0
MIN 0 OR BELOW: 0 1.00 INCH OR MORE: 0
[HDD (BASE 65) ]
TOTAL THIS MO. 281 CLEAR (SCALE 0-3) 26
DPTR FM NORMAL -7 PTCLDY (SCALE 4-7) 5
TOTAL FM JUL 1 293 CLOUDY (SCALE 8-10) 0
DPTR FM NORMAL -47
[CDD (BASE 65) ]
TOTAL THIS MO. 68
DPTR FM NORMAL 33 [PRESSURE DATA]
TOTAL FM JAN 1 1594 HIGHEST SLP 30.59 ON 31
DPTR FM NORMAL 48 LOWEST SLP 29.26 ON 12
[REMARKS]
#FINAL-10-23#