000
CXUS53 KDDC 011621
CLSDDC
CLIMATE REPORT
NATIONAL WEATHER SERVICE DODGE CITY, KANSAS
1021 AM CST WED MAR 01 2023
...................................
...THE DODGE CITY KS CLIMATE SUMMARY FOR THE SEASON, FROM
12/1/2022 TO 2/28/2023...
CLIMATE NORMAL PERIOD 1991 TO 2020
CLIMATE RECORD PERIOD 1875 TO 2023
WEATHER OBSERVED NORMAL DEPART LAST YEAR`S
VALUE DATE(S) VALUE FROM VALUE DATE(S)
NORMAL
................................................................
TEMPERATURE (F)
RECORD
HIGH 88 02/18/2016
LOW -26 02/12/1899
HIGHEST 74 02/21 MM MM 80 12/02
02/26
LOWEST -8 12/22 MM MM -6 01/02
AVG. MAXIMUM 48.5 47.0 1.5 50.9
AVG. MINIMUM 20.1 21.8 -1.7 19.1
MEAN 34.3 34.4 -0.1 35.0
DAYS MAX >= 90 0 0.0 0.0 0
DAYS MAX <= 32 10 16.2 -6.2 12
DAYS MIN <= 32 84 81.7 2.3 83
DAYS MIN <= 0 3 1.9 1.1 3
PRECIPITATION (INCHES)
RECORD
MAXIMUM 5.70 1877
MINIMUM 0.06 1922
TOTALS 0.96 2.18 -1.22 0.86
DAYS >= .01 11 12.2 -1.2 8
DAYS >= .10 2 5.3 -3.3 3
DAYS >= .50 0 1.1 -1.1 0
DAYS >= 1.00 0 0.2 -0.2 0
GREATEST
24 HR. TOTAL 0.43 01/21 TO 01/21 0.33 01/25 TO 01/26
SNOWFALL (INCHES)
RECORDS
TOTAL 38.4 1896-97
24 HR TOTAL 8.3 01/25/2022 TO 01/25/2022
SNOW DEPTH 8 01/26/2022
TOTALS 10.1 12.6 -2.5 16.5
SINCE 7/1 12.0 14.6 -2.6 16.5
SNOWDEPTH AVG. 0 0
DAYS >= TRACE 16 9.0 7.0 16
DAYS >= 1.0 2 3.6 -1.6 4
GREATEST
SNOW DEPTH 5 01/22 8 01/26
24 HR TOTAL 7.4 01/21 TO 01/21 8.3
DEGREE DAYS
HEATING TOTAL 2751 2762 -11 2668
SINCE 7/1 3689 3743 -54 3831
COOLING TOTAL 0 0 0 0
SINCE 1/1 0 0 0 0
................................................................
WIND (MPH)
AVERAGE WIND SPEED 13.1
RESULTANT WIND SPEED/DIRECTION 3/280
HIGHEST WIND SPEED/DIRECTION 48/350 DATE 12/02
HIGHEST GUST SPEED/DIRECTION 64/350 DATE 12/02
SKY COVER
POSSIBLE SUNSHINE (PERCENT) MM
AVERAGE SKY COVER 0.20
NUMBER OF DAYS FAIR 71
NUMBER OF DAYS PC 13
NUMBER OF DAYS CLOUDY 6
AVERAGE RH (PERCENT) 60
WEATHER CONDITIONS. NUMBER OF DAYS WITH
THUNDERSTORM 3 MIXED PRECIP 0
HEAVY RAIN 1 RAIN 2
LIGHT RAIN 8 FREEZING RAIN 0
LT FREEZING RAIN 1 HAIL 0
HEAVY SNOW 1 SNOW 3
LIGHT SNOW 13 SLEET 0
FOG 31 FOG W/VIS <= 1/4 MILE 9
HAZE 24
- INDICATES NEGATIVE NUMBERS.
R INDICATES RECORD WAS SET OR TIED.
MM INDICATES DATA IS MISSING.
T INDICATES TRACE AMOUNT.
$$