000
CXUS53 KARX 010930
CF6DEH
PRELIMINARY LOCAL CLIMATOLOGICAL DATA (WS FORM: F-6)
STATION: DECORAH IA
MONTH: JULY
YEAR: 2020
LATITUDE: 43 16 N
LONGITUDE: 91 44 W
TEMPERATURE IN F: :PCPN: SNOW: WIND :SUNSHINE: SKY :PK WND
================================================================================
1 2 3 4 5 6A 6B 7 8 9 10 11 12 13 14 15 16 17 18
12Z AVG MX 2MIN
DY MAX MIN AVG DEP HDD CDD WTR SNW DPTH SPD SPD DIR MIN PSBL S-S WX SPD DR
================================================================================
1 81 70 76 M 0 11 0.00 0.0 0 3.4 9 90 M M 3 1 M M
2 86 68 77 M 0 12 0.00 0.0 0 2.8 7 70 M M 1 M M
3 86 64 75 M 0 10 0.00 0.0 0 1.8 7 99 M M 1 1 M M
4 88 68 78 M 0 13 0.00 0.0 0 1.5 9 160 M M 1 12 99
5 88 68 78 M 0 13 0.00 0.0 0 1.4 6 99 M M 0 1 M M
6 88 70 79 M 0 14 0.00 0.0 0 2.5 8 210 M M 1 12 99
7 88 70 79 M 0 14 0.07 0.0 0 3.9 10 210 M M 2 15 230
8 90 68 79 M 0 14 0.00 0.0 0 5.5 10 180 M M 2 18 180
9 86 66 76 M 0 11 M 0.0 0 5.6 10 20 M M 2 1 14 30
10 81 64 73 M 0 8 0.00 0.0 0 5.3 12 320 M M 0 1 20 300
11 82 63 73 M 0 8 0.30 0.0 0 2.5 10 120 M M 4 20 30
12 81 61 71 M 0 6 0.00 0.0 0 2.9 8 99 M M 1 1 M M
13 82 63 73 M 0 8 0.00 0.0 0 5.3 12 180 M M 2 18 180
14 84 64 74 M 0 9 0.54 0.0 0 9.7 15 320 M M 5 21 180
15 70 57 64 M 1 0 0.00 0.0 0 5.4 10 20 M M 6 12 50
16 79 55 67 M 0 2 0.00 0.0 0 2.6 7 99 M M 3 12 M M
17 82 64 73 M 0 8 0.00 0.0 0 5.9 10 160 M M 3 17 160
18 88 68 78 M 0 13 0.60 0.0 0 9.1 15 180 M M 4 23 180
19 81 66 74 M 0 9 0.00 0.0 0 7.8 16 310 M M 2 23 310
20 77 63 70 M 0 5 0.00 0.0 0 1.8 5 150 M M 1 M M
21 77 63 70 M 0 5 0.00 0.0 0 5.1 13 140 M M 5 18 140
22 73 57 65 M 0 0 0.00 0.0 0 5.9 10 350 M M 2 1 16 330
23 77 54 66 M 0 1 0.00 0.0 0 2.3 6 140 M M 1 1 M M
24 84 63 74 M 0 9 0.00 0.0 0 6.6 12 160 M M 1 16 170
25 88 72 80 M 0 15 0.00 0.0 0 7.8 13 180 M M 1 17 200
26 86 72 79 M 0 14 0.00 0.0 0 6.3 13 310 M M 4 21 300
27 81 66 74 M 0 9 0.00 0.0 0 7.0 15 330 M M 1 23 320
28 84 63 74 M 0 9 0.00 0.0 0 2.9 9 240 M M 5 20 240
29 82 66 74 M 0 9 0.00 0.0 0 2.9 8 350 M M 2 1 M M
30 79 63 71 M 0 6 0.00 0.0 0 6.6 10 60 M M 1 18 30
31 79 55 67 M 0 2 0.00 0.0 0 2.2 8 330 M M 1 M M
================================================================================
SM 2558 1994 1 267 1.51 0.0 142.3 M 68
================================================================================
AV 82.5 64.3 4.6 FASTST M M 2 MAX(MPH)
MISC ----> # 16 310 # 23 180
================================================================================
NOTES:
# LAST OF SEVERAL OCCURRENCES
COLUMN 17 PEAK WIND IN M.P.H.
PRELIMINARY LOCAL CLIMATOLOGICAL DATA (WS FORM: F-6) , PAGE 2
STATION: DECORAH IA
MONTH: JULY
YEAR: 2020
LATITUDE: 43 16 N
LONGITUDE: 91 44 W
[TEMPERATURE DATA] [PRECIPITATION DATA] SYMBOLS USED IN COLUMN 16
AVERAGE MONTHLY: 73.4 TOTAL FOR MONTH: 1.51 1 = FOG OR MIST
DPTR FM NORMAL: M DPTR FM NORMAL: M 2 = FOG REDUCING VISIBILITY
HIGHEST: 90 ON 8 GRTST 24HR 0.60 ON 18-18 TO 1/4 MILE OR LESS
LOWEST: 54 ON 23 3 = THUNDER
SNOW, ICE PELLETS, HAIL 4 = ICE PELLETS
TOTAL MONTH: 0.0 INCH 5 = HAIL
GRTST 24HR 0.0 6 = FREEZING RAIN OR DRIZZLE
GRTST DEPTH: 0 7 = DUSTSTORM OR SANDSTORM:
VSBY 1/2 MILE OR LESS
8 = SMOKE OR HAZE
[NO. OF DAYS WITH] [WEATHER - DAYS WITH] 9 = BLOWING SNOW
X = TORNADO
MAX 32 OR BELOW: 0 0.01 INCH OR MORE: 4
MAX 90 OR ABOVE: 1 0.10 INCH OR MORE: 3
MIN 32 OR BELOW: 0 0.50 INCH OR MORE: 2
MIN 0 OR BELOW: 0 1.00 INCH OR MORE: 0
[HDD (BASE 65) ]
TOTAL THIS MO. 1 CLEAR (SCALE 0-3) 22
DPTR FM NORMAL M PTCLDY (SCALE 4-7) 9
TOTAL FM JUL 1 1 CLOUDY (SCALE 8-10) 0
DPTR FM NORMAL M
[CDD (BASE 65) ]
TOTAL THIS MO. 267
DPTR FM NORMAL M [PRESSURE DATA]
TOTAL FM JAN 1 462 HIGHEST SLP M ON M
DPTR FM NORMAL M LOWEST SLP M ON M
[REMARKS]
#FINAL-07-20#