000
CXUS56 KOTX 011045
CLMDEW
CLIMATE REPORT
NATIONAL WEATHER SERVICE SPOKANE WA
345 AM PDT SAT APR 01 2023
...................................
...THE DEER_PARK WA AIRPORT CLIMATE SUMMARY FOR THE MONTH OF MARCH 2023...
CLIMATE NORMAL PERIOD 1991 TO 2020
CLIMATE RECORD PERIOD 9999 TO 9999
WEATHER OBSERVED NORMAL DEPART LAST YEAR`S
VALUE DATE(S) VALUE FROM VALUE DATE(S)
NORMAL
................................................................
TEMPERATURE (F)
RECORD
HIGH 70 03/27/2015
LOW -12 03/11/2009
HIGHEST 60 03/22 MM MM 70 03/27
LOWEST 1 03/01 MM MM 14 03/10
AVG. MAXIMUM 46.2 48.5 -2.3 50.4
AVG. MINIMUM 26.1 26.6 -0.5 29.9
MEAN 36.1 37.6 -1.5 40.2
DAYS MAX >= 90 0 0.0 0.0 0
DAYS MAX <= 32 0 0.7 -0.7 0
DAYS MIN <= 32 24 24.6 -0.6 20
DAYS MIN <= 0 0 0.2 -0.2 0
PRECIPITATION (INCHES)
RECORD
MAXIMUM 5.18 2017
MINIMUM 0.48 2021
TOTALS 1.07 2.27 -1.20 1.29
DAILY AVG. 0.03 0.07 -0.04 0.04
DAYS >= .01 8 13.6 -5.6 10
DAYS >= .10 4 7.2 -3.2 5
DAYS >= .50 0 1.3 -1.3 0
DAYS >= 1.00 0 0.0 0.0 0
GREATEST
24 HR. TOTAL 0.40 03/12 TO 03/13 1.14
DEGREE DAYS
HEATING TOTAL 837 851 -14 762
SINCE 7/1 6002 6098 -96 MM
COOLING TOTAL 0 0 0 0
SINCE 1/1 0 0 0 MM
................................................................
WIND (MPH)
AVERAGE WIND SPEED 6.9
HIGHEST WIND SPEED/DIRECTION 25/240 DATE 03/02
25/230 03/03
HIGHEST GUST SPEED/DIRECTION 49/090 DATE 03/16
SKY COVER
POSSIBLE SUNSHINE (PERCENT) MM
AVERAGE SKY COVER 0.50
NUMBER OF DAYS FAIR 9
NUMBER OF DAYS PC 14
NUMBER OF DAYS CLOUDY 8
AVERAGE RH (PERCENT) 63
WEATHER CONDITIONS. NUMBER OF DAYS WITH
THUNDERSTORM 0 MIXED PRECIP 0
HEAVY RAIN 0 RAIN 1
LIGHT RAIN 4 FREEZING RAIN 0
LT FREEZING RAIN 0 HAIL 0
HEAVY SNOW 2 SNOW 2
LIGHT SNOW 7 SLEET 0
FOG 11 FOG W/VIS <= 1/4 MILE 4
HAZE 4
- INDICATES NEGATIVE NUMBERS.
R INDICATES RECORD WAS SET OR TIED.
MM INDICATES DATA IS MISSING.
T INDICATES TRACE AMOUNT.
$$