000
CXUS53 KIWX 010810
CF6DFI
PRELIMINARY LOCAL CLIMATOLOGICAL DATA (WS FORM: F-6)
STATION: DEFIANCE MEMORIAL
MONTH: SEPTEMBER
YEAR: 2022
LATITUDE: 41 20 N
LONGITUDE: 84 26 W
TEMPERATURE IN F: :PCPN: SNOW: WIND :SUNSHINE: SKY :PK WND
================================================================================
1 2 3 4 5 6A 6B 7 8 9 10 11 12 13 14 15 16 17 18
12Z AVG MX 2MIN
DY MAX MIN AVG DEP HDD CDD WTR SNW DPTH SPD SPD DIR MIN PSBL S-S WX SPD DR
================================================================================
1 85 61 73 5 0 8 0.00 M M 2.3 5 10 M M 0 M M
2 84 65 75 7 0 10 0.00 M M 2.8 12 200 M M 1 17 140
3 85 65 75 7 0 10 0.00 M M 3.7 12 200 M M 1 1 18 190
4 75 67 71 3 0 6 0.08 M M 5.7 14 30 M M 9 1 20 50
5 73 64 69 1 0 4 0.00 M M 6.3 12 30 M M 10 1 17 20
6 79 61 70 3 0 5 0.00 M M 5.5 10 60 M M 7 1 16 20
7 79 57 68 1 0 3 0.00 M M 4.0 14 20 M M 4 22 350
8 80 52 66 -1 0 1 0.00 M M 1.7 9 100 M M 0 1 14 50
9 84 53 69 3 0 4 0.00 M M 3.5 12 170 M M 1 18 170
10 85 61 73 7 0 8 T M M 4.2 16 180 M M 3 1 24 180
11 72 62 67 1 0 2 0.39 M M 4.3 12 170 M M 8 1 18 150
12 65 56 61 -4 4 0 0.12 M M 7.4 17 220 M M 8 1 30 230
13 71 54 63 -2 2 0 T M M 5.2 14 230 M M 8 1 20 210
14 79 56 68 3 0 3 0.00 M M 2.3 9 220 M M 3 12 13 310
15 80 57 69 5 0 4 0.00 M M 2.0 8 100 M M 1 1 12 100
16 80 54 67 3 0 2 0.00 M M 1.8 10 190 M M 3 12 14 200
17 83 59 71 7 0 6 0.00 M M 5.0 15 220 M M 0 1 22 230
18 83 62 73 10 0 8 0.00 M M 7.2 16 210 M M 2 25 200
19 84 57 71 8 0 6 0.19 M M 6.4 16 310 M M 4 13 24 250
20 80 52 66 4 0 1 0.06 M M 4.7 22 160 M M 1 13 36 160
21 88 65 77 15 0 12 0.44 M M 10.3 31 190 M M 3 13 43 180
22 66 46 56 -6 9 0 0.00 0.0 0 10.2 24 340 M M 2 34 330
23 66 39 53 -8 12 0 0.00 M M 3.4 7 330 M M 0 M M
24 72 39 56 -5 9 0 0.13 M M 5.3 18 190 M M 8 13 27 220
25 68 56 62 2 3 0 0.10 M M 5.8 17 290 M M 8 1 32 300
26 64 49 57 -3 8 0 0.13 M M 7.9 24 320 M M 4 3 37 320
27 60 49 55 -5 10 0 T M M 6.9 22 310 M M 8 31 300
28 60 44 52 -7 13 0 0.00 M M 8.5 17 360 M M 8 24 330
29 64 40 52 -7 13 0 0.00 M M 3.1 12 60 M M 2 1 17 50
30 67 39 53 -5 12 0 0.00 M M 5.3 15 70 M M 2 1 25 70
================================================================================
SM 2261 1641 95 103 1.64 0.0 152.7 M 119
================================================================================
AV 75.4 54.7 5.1 FASTST M M 4 MAX(MPH)
MISC ----> 31 190 43 180
================================================================================
NOTES:
# LAST OF SEVERAL OCCURRENCES
COLUMN 17 PEAK WIND IN M.P.H.
PRELIMINARY LOCAL CLIMATOLOGICAL DATA (WS FORM: F-6) , PAGE 2
STATION: DEFIANCE MEMORIAL
MONTH: SEPTEMBER
YEAR: 2022
LATITUDE: 41 20 N
LONGITUDE: 84 26 W
[TEMPERATURE DATA] [PRECIPITATION DATA] SYMBOLS USED IN COLUMN 16
AVERAGE MONTHLY: 65.0 TOTAL FOR MONTH: 1.64 1 = FOG OR MIST
DPTR FM NORMAL: 1.1 DPTR FM NORMAL: -1.03 2 = FOG REDUCING VISIBILITY
HIGHEST: 88 ON 21 GRTST 24HR 0.50 ON 20-21 TO 1/4 MILE OR LESS
LOWEST: 39 ON 30,24 3 = THUNDER
SNOW, ICE PELLETS, HAIL 4 = ICE PELLETS
TOTAL MONTH: 0.0 INCH 5 = HAIL
GRTST 24HR 0.0 6 = FREEZING RAIN OR DRIZZLE
GRTST DEPTH: 0 7 = DUSTSTORM OR SANDSTORM:
VSBY 1/2 MILE OR LESS
8 = SMOKE OR HAZE
[NO. OF DAYS WITH] [WEATHER - DAYS WITH] 9 = BLOWING SNOW
X = TORNADO
MAX 32 OR BELOW: 0 0.01 INCH OR MORE: 9
MAX 90 OR ABOVE: 0 0.10 INCH OR MORE: 7
MIN 32 OR BELOW: 0 0.50 INCH OR MORE: 0
MIN 0 OR BELOW: 0 1.00 INCH OR MORE: 0
[HDD (BASE 65) ]
TOTAL THIS MO. 95 CLEAR (SCALE 0-3) 15
DPTR FM NORMAL -13 PTCLDY (SCALE 4-7) 10
TOTAL FM JUL 1 99 CLOUDY (SCALE 8-10) 5
DPTR FM NORMAL -24
[CDD (BASE 65) ]
TOTAL THIS MO. 103
DPTR FM NORMAL 28 [PRESSURE DATA]
TOTAL FM JAN 1 952 HIGHEST SLP 30.53 ON 29
DPTR FM NORMAL 216 LOWEST SLP 29.65 ON 25
[REMARKS]
#FINAL-09-22#