000
CXUS55 KCYS 031134 CCA
CF6DGW
PRELIMINARY LOCAL CLIMATOLOGICAL DATA (WS FORM: F-6)...CORRECTED
STATION: CONVERSE CO (DOUGLAS) WY ARPT
MONTH: MAY
YEAR: 2022
LATITUDE: 42 46 N
LONGITUDE: 105 22 W
TEMPERATURE IN F: :PCPN: SNOW: WIND :SUNSHINE: SKY :PK WND
================================================================================
1 2 3 4 5 6A 6B 7 8 9 10 11 12 13 14 15 16 17 18
12Z AVG MX 2MIN
DY MAX MIN AVG DEP HDD CDD WTR SNW DPTH SPD SPD DIR MIN PSBL S-S WX SPD DR
================================================================================
1 58 30 44 -3 21 0 0.00 M M 19.1 31 130 M M 4 43 130
2 50 32 41 -6 24 0 0.01 M M 20.3 31 130 M M 7 41 130
3 51 31 41 -7 24 0 0.15 M M 21.9 36 140 M M 6 1 49 130
4 49 39 44 -4 21 0 0.03 M M 8.5 18 280 M M 10 1 25 280
5 70 32 51 3 14 0 0.00 M M 7.9 23 280 M M 0 12 31 300
6 75 44 60 11 5 0 0.00 M M 11.5 29 290 M M 2 42 300
7 74 40 57 8 8 0 0.00 M M 15.1 40 280 M M 0 55 290
8 62 32 47 -3 18 0 T M M 7.4 22 110 M M 4 30 90
9 58 37 48 -2 17 0 T M M 22.2 43 260 M M 4 58 270
10 66 37 52 2 13 0 0.00 M M 15.3 32 150 M M 3 43 160
11 67 41 54 3 11 0 0.00 M M 10.5 20 50 M M 2 3 29 350
12 51 40 46 -5 19 0 0.04 M M 6.2 36 270 M M 8 13 46 270
13 65 32 49 -3 16 0 0.00 M M 19.3 40 270 M M 1 55 260
14 71 34 53 1 12 0 0.00 M M 8.6 29 280 M M 2 39 280
15 70 39 55 3 10 0 0.00 M M 6.4 14 150 M M 1 17 330
16 83 38 61 8 4 0 T M M 5.4 30 220 M M 0 42 220
17 75 44 60 7 5 0 T M M 8.2 38 360 M M 2 3 49 360
18 75 39 57 3 8 0 0.00 M M 7.7 22 300 M M 0 1 32 350
19 70 32 51 -3 14 0 0.05 M M 13.7 40 260 M M 5 1 62 10
20 45 27 36 -18 29 0 0.00 M M 16.2 35 340 M M 7 49 330
21 51 27 39 -16 26 0 T M M 5.8 16 20 M M 6 1 25 360
22 61 25 43 -12 22 0 0.00 M M 16.2 29 130 M M 1 40 130
23 61 33 47 -9 18 0 T M M 7.3 23 20 M M 4 28 20
24 63 31 47 -9 18 0 T M M 5.5 20 60 M M 6 12 27 50
25 72 32 52 -4 13 0 0.00 M M 9.4 25 290 M M 1 33 310
26 82 34 58 1 7 0 0.00 M M 8.0 23 290 M M 0 35 300
27 89 48 69 12 0 4 0.00 M M 13.3 33 290 M M 0 47 300
28 77 47 62 4 3 0 T M M 10.7 31 270 M M 2 41 240
29 69 43 56 -2 9 0 M M M 5.5 35 250 M M 2 13 47 250
30 49 41 45 -13 20 0 M M M 19.8 37 280 M M 10 1 50 290
31 51 34 43 -15 22 0 M M M 11.5 21 350 M M 8 1 28 350
================================================================================
SM 2010 1115 451 4 0.28 M 364.4 M 108
================================================================================
AV 64.8 36.0 11.8 FASTST M M 3 MAX(MPH)
MISC ----> 43 260 62 10
================================================================================
NOTES:
# LAST OF SEVERAL OCCURRENCES
COLUMN 17 PEAK WIND IN M.P.H.
PRELIMINARY LOCAL CLIMATOLOGICAL DATA (WS FORM: F-6) , PAGE 2
STATION: CONVERSE CO (DOUGLAS) WY ARPT
MONTH: MAY
YEAR: 2022
LATITUDE: 42 46 N
LONGITUDE: 105 22 W
[TEMPERATURE DATA] [PRECIPITATION DATA] SYMBOLS USED IN COLUMN 16
AVERAGE MONTHLY: 50.4 TOTAL FOR MONTH: 0.28 1 = FOG OR MIST
DPTR FM NORMAL: -2.5 DPTR FM NORMAL: -2.04 2 = FOG REDUCING VISIBILITY
HIGHEST: 89 ON 27 GRTST 24HR 0.18 ON 3- 4 TO 1/4 MILE OR LESS
LOWEST: 25 ON 22 3 = THUNDER
SNOW, ICE PELLETS, HAIL 4 = ICE PELLETS
TOTAL MONTH: M 5 = HAIL
GRTST 24HR M ON M 6 = FREEZING RAIN OR DRIZZLE
GRTST DEPTH: M ON M 7 = DUSTSTORM OR SANDSTORM:
VSBY 1/2 MILE OR LESS
8 = SMOKE OR HAZE
[NO. OF DAYS WITH] [WEATHER - DAYS WITH] 9 = BLOWING SNOW
X = TORNADO
MAX 32 OR BELOW: 0 0.01 INCH OR MORE: 5
MAX 90 OR ABOVE: 0 0.10 INCH OR MORE: 1
MIN 32 OR BELOW: 12 0.50 INCH OR MORE: 0
MIN 0 OR BELOW: 0 1.00 INCH OR MORE: 0
[HDD (BASE 65) ]
TOTAL THIS MO. 451 CLEAR (SCALE 0-3) 17
DPTR FM NORMAL 68 PTCLDY (SCALE 4-7) 11
TOTAL FM JUL 1 6805 CLOUDY (SCALE 8-10) 3
DPTR FM NORMAL -392
[CDD (BASE 65) ]
TOTAL THIS MO. 4
DPTR FM NORMAL -3 [PRESSURE DATA]
TOTAL FM JAN 1 4 HIGHEST SLP 30.37 ON 21
DPTR FM NORMAL -3 LOWEST SLP 29.34 ON 8
[REMARKS]
MAY 29-31...PRECIPITATION MISSING
#FINAL-05-22#