000
CXUS55 KCYS 011610
CF6DGW
PRELIMINARY LOCAL CLIMATOLOGICAL DATA (WS FORM: F-6)
STATION: CONVERSE CO (DOUGLAS) WY ARPT
MONTH: SEPTEMBER
YEAR: 2023
LATITUDE: 42 46 N
LONGITUDE: 105 22 W
TEMPERATURE IN F: :PCPN: SNOW: WIND :SUNSHINE: SKY :PK WND
================================================================================
1 2 3 4 5 6A 6B 7 8 9 10 11 12 13 14 15 16 17 18
12Z AVG MX 2MIN
DY MAX MIN AVG DEP HDD CDD WTR SNW DPTH SPD SPD DIR MIN PSBL S-S WX SPD DR
================================================================================
1 91 48 70 4 0 5 T M M 8.1 28 280 M M 1 38 270
2 88 54 71 6 0 6 T M M 8.5 30 280 M M 1 38 280
3 88 53 71 6 0 6 0.34 M M 5.9 23 250 M M 2 3 32 250
4 77 51 64 0 1 0 0.07 M M 15.0 39 240 M M 3 13 53 240
5 68 49 59 -5 6 0 0.05 M M 10.4 23 320 M M 5 18 32 330
6 83 46 65 1 0 0 0.00 M M 7.4 20 290 M M 0 18 26 300
7 83 49 66 3 0 1 0.00 M M 9.4 26 280 M M 0 35 280
8 88 53 71 8 0 6 0.00 M M 7.4 17 300 M M 0 25 50
9 80 49 65 2 0 0 0.14 M M 8.5 26 280 M M 2 13 36 20
10 66 49 58 -4 7 0 0.20 M M 10.7 23 50 M M 6 13 37 140
11 72 42 57 -5 8 0 0.00 M M 5.7 14 120 M M 1 12 19 130
12 79 41 60 -1 5 0 0.00 M M 6.3 16 150 M M 0 21 150
13 81 43 62 1 3 0 0.00 M M 5.2 24 360 M M 1 31 30
14 62 49 56 -4 9 0 0.01 M M 6.1 14 300 M M 8 20 290
15 72 44 58 -2 7 0 0.00 M M 5.4 13 340 M M 1 16 340
16 80 38 59 -1 6 0 0.00 M M 5.4 15 320 M M 0 21 330
17 84 39 62 3 3 0 0.00 M M 5.5 23 290 M M 0 30 290
18 84 43 64 5 1 0 0.00 M M 7.7 21 300 M M 0 32 280
19 81 45 63 5 2 0 0.00 M M 8.8 20 300 M M 0 27 270
20 80 51 66 8 0 1 0.04 M M 7.7 31 280 M M 3 3 48 270
21 78 48 63 6 2 0 0.00 M M 10.9 23 150 M M 1 31 150
22 75 48 62 5 3 0 0.01 M M 15.9 33 300 M M 5 3 49 50
23 68 43 56 0 9 0 0.00 M M 15.8 35 290 M M 1 50 300
24 75 36 56 0 9 0 0.00 M M 7.4 20 290 M M 0 25 290
25 82 32 57 2 8 0 0.00 M M 6.3 16 60 M M 0 8 22 290
26 84 41 63 8 2 0 0.00 M M 6.5 15 120 M M 0 20 120
27 85 37 61 7 4 0 0.00 M M 6.5 14 140 M M 0 18 130
28 74 44 59 5 6 0 0.00 M M 9.3 16 100 M M 0 23 330
29 77 44 61 8 4 0 0.00 M M 10.4 20 140 M M 0 26 140
30 85 52 69 16 0 4 0.00 M M 13.3 29 150 M M 0 38 130
================================================================================
SM 2370 1361 105 29 0.86 M 257.4 M 41
================================================================================
AV 79.0 45.4 8.6 FASTST M M 1 MAX(MPH)
MISC ----> 39 240 53 240
================================================================================
NOTES:
# LAST OF SEVERAL OCCURRENCES
COLUMN 17 PEAK WIND IN M.P.H.
PRELIMINARY LOCAL CLIMATOLOGICAL DATA (WS FORM: F-6) , PAGE 2
STATION: CONVERSE CO (DOUGLAS) WY ARPT
MONTH: SEPTEMBER
YEAR: 2023
LATITUDE: 42 46 N
LONGITUDE: 105 22 W
[TEMPERATURE DATA] [PRECIPITATION DATA] SYMBOLS USED IN COLUMN 16
AVERAGE MONTHLY: 62.2 TOTAL FOR MONTH: 0.86 1 = FOG OR MIST
DPTR FM NORMAL: 2.6 DPTR FM NORMAL: -0.11 2 = FOG REDUCING VISIBILITY
HIGHEST: 91 ON 1 GRTST 24HR 0.34 ON 3- 3 TO 1/4 MILE OR LESS
LOWEST: 32 ON 25 3 = THUNDER
SNOW, ICE PELLETS, HAIL 4 = ICE PELLETS
TOTAL MONTH: M 5 = HAIL
GRTST 24HR M ON M 6 = FREEZING RAIN OR DRIZZLE
GRTST DEPTH: M ON M 7 = DUSTSTORM OR SANDSTORM:
VSBY 1/2 MILE OR LESS
8 = SMOKE OR HAZE
[NO. OF DAYS WITH] [WEATHER - DAYS WITH] 9 = BLOWING SNOW
X = TORNADO
MAX 32 OR BELOW: 0 0.01 INCH OR MORE: 8
MAX 90 OR ABOVE: 1 0.10 INCH OR MORE: 3
MIN 32 OR BELOW: 1 0.50 INCH OR MORE: 0
MIN 0 OR BELOW: 0 1.00 INCH OR MORE: 0
[HDD (BASE 65) ]
TOTAL THIS MO. 105 CLEAR (SCALE 0-3) 25
DPTR FM NORMAL -92 PTCLDY (SCALE 4-7) 5
TOTAL FM JUL 1 142 CLOUDY (SCALE 8-10) 0
DPTR FM NORMAL -91
[CDD (BASE 65) ]
TOTAL THIS MO. 29
DPTR FM NORMAL -6 [PRESSURE DATA]
TOTAL FM JAN 1 414 HIGHEST SLP 30.26 ON 11
DPTR FM NORMAL -98 LOWEST SLP 29.58 ON 4
[REMARKS]
#FINAL-09-23#