000
CXUS52 KTAE 010800
CF6DHN
PRELIMINARY LOCAL CLIMATOLOGICAL DATA (WS FORM: F-6)
STATION: DOTHAN
MONTH: JUNE
YEAR: 2023
LATITUDE: 31 19 N
LONGITUDE: 85 27 W
TEMPERATURE IN F: :PCPN: SNOW: WIND :SUNSHINE: SKY :PK WND
================================================================================
1 2 3 4 5 6A 6B 7 8 9 10 11 12 13 14 15 16 17 18
12Z AVG MX 2MIN
DY MAX MIN AVG DEP HDD CDD WTR SNW DPTH SPD SPD DIR MIN PSBL S-S WX SPD DR
================================================================================
1 85 69 77 -2 0 12 0.00 M M 8.5 17 50 M M 4 25 50
2 90 67 79 0 0 14 0.00 0.0 0 7.1 18 30 M M 3 23 60
3 89 67 78 -2 0 13 0.00 0.0 0 6.6 17 30 M M 3 21 30
4 90 70 80 0 0 15 0.00 0.0 0 7.8 20 90 M M 3 24 100
5 88 68 78 -2 0 13 0.00 0.0 0 4.3 13 170 M M 1 16 50
6 92 68 80 0 0 15 0.00 0.0 0 6.2 23 160 M M 1 38 31 150
7 87 69 78 -2 0 13 0.07 0.0 0 5.9 21 200 M M 3 13 26 200
8 94 70 82 2 0 17 0.00 0.0 0 7.3 16 290 M M 0 21 300
9 91 71 81 1 0 16 0.00 0.0 0 6.4 15 10 M M 1 8 21 30
10 94 68 81 0 0 16 0.00 0.0 0 6.2 15 220 M M 4 19 220
11 93 73 83 2 0 18 0.00 0.0 0 9.9 20 210 M M 5 13 27 180
12 95 73 84 3 0 19 0.10 0.0 0 10.5 25 290 M M 5 138 30 290
13 87 69 78 -3 0 13 0.00 0.0 0 6.2 22 340 M M 2 25 340
14 92 67 80 -1 0 15 1.09 0.0 M 11.6 52 330 M M 8 1238 65 320
15 73 66 70 -11 0 5 0.41 0.0 M 6.5 29 330 M M 5 13 37 320
16 86 69 78 -3 0 13 0.53 0.0 M 9.1 37 330 M M 3 13 47 320
17 87 67 77 -4 0 12 0.08 0.0 M 6.4 21 170 M M 3 13 25 170
18 89 70 80 -1 0 15 0.04 0.0 M 5.8 37 290 M M 2 123 46 280
19 82 68 75 -7 0 10 0.69 0.0 M 9.0 35 300 M M 4 13 43 310
20 90 69 80 -2 0 15 0.00 M M 6.9 21 210 M M 1 27 210
21 86 70 78 -4 0 13 1.53 M M 5.5 25 160 M M 7 138 32 160
22 90 70 80 -2 0 15 0.01 0.0 M 6.2 26 220 M M 5 123 35 220
23 92 69 81 -1 0 16 0.00 0.0 0 6.4 16 280 M M 2 22 290
24 90 69 80 -2 0 15 0.00 M M 4.4 12 300 M M 0 15 330
25 93 72 83 1 0 18 0.42 0.0 0 6.8 29 170 M M 1 13 35 30
26 93 72 83 1 0 18 T 0.0 0 6.7 22 150 M M 1 3 26 150
27 94 78 86 4 0 21 0.00 M M 7.6 16 300 M M 3 1 19 300
28 95 75 85 3 0 20 0.00 0.0 0 3.1 10 350 M M 0 18 13 350
29 96 72 84 2 0 19 0.00 0.0 M 3.1 9 60 M M 0 12 70
30 98 73 86 4 0 21 0.00 0.0 M 4.5 18 50 M M 1 138 26 40
================================================================================
SM 2701 2098 0 455 4.97 0.0 202.5 M 81
================================================================================
AV 90.0 69.9 6.8 FASTST M M 3 MAX(MPH)
MISC ----> 52 330 65 320
================================================================================
NOTES:
# LAST OF SEVERAL OCCURRENCES
COLUMN 17 PEAK WIND IN M.P.H.
PRELIMINARY LOCAL CLIMATOLOGICAL DATA (WS FORM: F-6) , PAGE 2
STATION: DOTHAN
MONTH: JUNE
YEAR: 2023
LATITUDE: 31 19 N
LONGITUDE: 85 27 W
[TEMPERATURE DATA] [PRECIPITATION DATA] SYMBOLS USED IN COLUMN 16
AVERAGE MONTHLY: 80.0 TOTAL FOR MONTH: 4.97 1 = FOG OR MIST
DPTR FM NORMAL: -1.1 DPTR FM NORMAL: -0.11 2 = FOG REDUCING VISIBILITY
HIGHEST: 98 ON 30 GRTST 24HR 1.53 ON 21-21 TO 1/4 MILE OR LESS
LOWEST: 66 ON 15 3 = THUNDER
SNOW, ICE PELLETS, HAIL 4 = ICE PELLETS
TOTAL MONTH: 0.0 INCH 5 = HAIL
GRTST 24HR 0.0 6 = FREEZING RAIN OR DRIZZLE
GRTST DEPTH: 0 7 = DUSTSTORM OR SANDSTORM:
VSBY 1/2 MILE OR LESS
8 = SMOKE OR HAZE
[NO. OF DAYS WITH] [WEATHER - DAYS WITH] 9 = BLOWING SNOW
X = TORNADO
MAX 32 OR BELOW: 0 0.01 INCH OR MORE: 11
MAX 90 OR ABOVE: 19 0.10 INCH OR MORE: 7
MIN 32 OR BELOW: 0 0.50 INCH OR MORE: 4
MIN 0 OR BELOW: 0 1.00 INCH OR MORE: 2
[HDD (BASE 65) ]
TOTAL THIS MO. 0 CLEAR (SCALE 0-3) 19
DPTR FM NORMAL 0 PTCLDY (SCALE 4-7) 11
TOTAL FM JUL 1 1185 CLOUDY (SCALE 8-10) 0
DPTR FM NORMAL -449
[CDD (BASE 65) ]
TOTAL THIS MO. 455
DPTR FM NORMAL -27 [PRESSURE DATA]
TOTAL FM JAN 1 1056 HIGHEST SLP M ON M
DPTR FM NORMAL 56 LOWEST SLP 29.72 ON 8
[REMARKS]
#FINAL-06-23#