000
CXUS54 KAMA 010939
CLMDHT
CLIMATE REPORT
NATIONAL WEATHER SERVICE AMARILLO
439 AM CDT FRI SEP 01 2023
...................................
...THE DALHART CLIMATE SUMMARY FOR THE MONTH OF AUGUST 2023...
CLIMATE NORMAL PERIOD: 1991 TO 2020
CLIMATE RECORD PERIOD: 1948 TO 2023
WEATHER OBSERVED NORMAL DEPART LAST YEAR`S
VALUE DATE(S) VALUE FROM VALUE DATE(S)
NORMAL
................................................................
TEMPERATURE (F)
RECORD
HIGH 106 08/11/2012
08/20/2007
LOW 43 08/29/1988
HIGHEST 102 08/01 98 08/14
LOWEST 54 08/31 53 08/23
AVG. MAXIMUM 93.6 91.1 2.5 90.1
AVG. MINIMUM 63.0 62.8 0.2 62.2
MEAN 78.3 76.9 1.4 76.1
DAYS MAX >= 90 24 19.0 5.0 18
DAYS MAX <= 32 0 0.0 0.0 0
DAYS MIN <= 32 0 0.0 0.0 0
DAYS MIN <= 0 0 0.0 0.0 0
PRECIPITATION (INCHES)
TOTALS 2.01 2.16 -0.15 0.81
DAILY AVG. 0.06 0.07 -0.01 0.03
DAYS >= .01 5 8.2 -3.2 8
DAYS >= .10 4 4.8 -0.8 3
DAYS >= .50 1 1.2 -0.2 0
DAYS >= 1.00 1 0.5 0.5 0
GREATEST
24 HR. TOTAL 1.16 08/12 TO 08/12
SNOWFALL (INCHES)
TOTALS MM 0.0 MM MM
SINCE 7/1 MM 0.0 MM MM
DAYS >= TRACE MM 0.0 MM MM
DAYS >= 1.0 MM 0.0 MM MM
GREATEST
SNOW DEPTH MM
24 HR TOTAL MM
DEGREE DAYS
HEATING TOTAL 0 1 -1 0
SINCE 7/1 0 0 0 MM
COOLING TOTAL 422 371 51 349
SINCE 1/1 1089 1207 -118 MM
................................................................
WIND (MPH)
AVERAGE WIND SPEED 10.0
HIGHEST WIND SPEED/DIRECTION 38/170 DATE 08/12
HIGHEST GUST SPEED/DIRECTION 57/170 DATE 08/12
SKY COVER
POSSIBLE SUNSHINE (PERCENT) MM
NUMBER OF DAYS FAIR 29
NUMBER OF DAYS PC 2
NUMBER OF DAYS CLOUDY 0
AVERAGE RH (PERCENT) 56
WEATHER CONDITIONS. NUMBER OF DAYS WITH
THUNDERSTORM 10 MIXED PRECIP 0
HEAVY RAIN 2 RAIN 3
LIGHT RAIN 6 FREEZING RAIN 0
LT FREEZING RAIN 0 HEAVY SNOW 0
SNOW 0 LIGHT SNOW 0
SLEET 0 FOG 8
FOG W/VIS <= 1/4 MILE 1 HAZE 12
- INDICATES NEGATIVE NUMBERS.
R INDICATES RECORD WAS SET OR TIED.
MM INDICATES DATA IS MISSING.
T INDICATES TRACE AMOUNT.
$$