000
CXUS52 KCAE 011400
CF6DNL
PRELIMINARY LOCAL CLIMATOLOGICAL DATA (WS FORM: F-6)
STATION: AUGUSTA DANIEL FIELD GA
MONTH: JUNE
YEAR: 2023
LATITUDE: 33 28 N
LONGITUDE: 82 2 W
TEMPERATURE IN F: :PCPN: SNOW: WIND :SUNSHINE: SKY :PK WND
================================================================================
1 2 3 4 5 6A 6B 7 8 9 10 11 12 13 14 15 16 17 18
12Z AVG MX 2MIN
DY MAX MIN AVG DEP HDD CDD WTR SNW DPTH SPD SPD DIR MIN PSBL S-S WX SPD DR
================================================================================
1 84 65 75 -3 0 10 0.00 M M 6.9 13 80 M M 2 16 80
2 86 65 76 -3 0 11 0.00 M M 8.1 15 40 M M 3 20 60
3 89 64 77 -2 0 12 0.00 M M 6.2 13 30 M M 3 17 10
4 84 66 75 -4 0 10 0.00 M M 8.7 17 30 M M 3 23 50
5 82 61 72 -7 0 7 0.00 M M 3.6 8 50 M M 2 12 190
6 91 66 79 0 0 14 0.01 M M 5.2 15 230 M M 2 3 25 240
7 90 69 80 0 0 15 T M M 5.0 21 220 M M 1 3 32 220
8 83 67 75 -5 0 10 0.00 M M 5.1 12 350 M M 3 8 14 350
9 84 67 76 -4 0 11 0.00 M M 5.9 15 40 M M 4 21 40
10 87 62 75 -5 0 10 0.00 M M 3.3 10 190 M M 1 8 15 200
11 83 67 75 -5 0 10 0.20 M M 6.1 14 270 M M 4 138 23 280
12 87 69 78 -2 0 13 0.17 M M 6.8 15 290 M M 3 13 26 300
13 84 66 75 -6 0 10 T M M 5.3 13 240 M M 1 21 240
14 80 68 74 -7 0 9 M M M 5.9 16 150 M M 6 13 21 140
15 81 69 75 -6 0 10 T M M 6.3 15 220 M M 6 20 230
16 89 70 80 -1 0 15 T M M 5.8 13 310 M M 4 20 300
17 90 70 80 -1 0 15 0.00 M M 3.7 10 300 M M 1 14 320
18 91 71 81 -1 0 16 0.00 M M 3.8 14 310 M M 1 18 18 300
19 86 72 79 -3 0 14 0.03 M M 6.4 15 180 M M 4 13 22 190
20 87 67 77 -5 0 12 2.56 M M 5.7 28 310 M M 9 13 33 320
21 82 67 75 -7 0 10 0.16 M M 4.6 16 180 M M 8 13 22 180
22 83 69 76 -6 0 11 1.72 M M 6.5 16 130 M M 9 13 20 120
23 85 68 77 -5 0 12 0.03 M M 4.3 12 320 M M 8 13 16 320
24 87 70 79 -3 0 14 0.00 M M 5.1 15 300 M M 1 20 300
25 93 70 82 0 0 17 0.19 M M 5.7 25 320 M M 3 1 41 310
26 92 68 80 -3 0 15 0.04 M M 6.2 16 210 M M 2 13 21 210
27 91 75 83 0 0 18 0.14 M M 6.8 17 310 M M 1 13 23 300
28 91 72 82 -1 0 17 0.00 M M 5.0 12 40 M M 0 15 30
29 93 72 83 0 0 18 0.00 M M 2.3 9 320 M M 1 18 13 10
30 92 74 83 0 0 18 T M M 2.7 10 310 M M 1 18 17 260
================================================================================
SM 2607 2046 0 384 5.25 M 163.0 M 97
================================================================================
AV 86.9 68.2 5.4 FASTST M M 3 MAX(MPH)
MISC ----> 28 310 41 310
================================================================================
NOTES:
# LAST OF SEVERAL OCCURRENCES
COLUMN 17 PEAK WIND IN M.P.H.
PRELIMINARY LOCAL CLIMATOLOGICAL DATA (WS FORM: F-6) , PAGE 2
STATION: AUGUSTA DANIEL FIELD GA
MONTH: JUNE
YEAR: 2023
LATITUDE: 33 28 N
LONGITUDE: 82 2 W
[TEMPERATURE DATA] [PRECIPITATION DATA] SYMBOLS USED IN COLUMN 16
AVERAGE MONTHLY: 77.6 TOTAL FOR MONTH: 5.25 1 = FOG OR MIST
DPTR FM NORMAL: -3.4 DPTR FM NORMAL: 0.53 2 = FOG REDUCING VISIBILITY
HIGHEST: 93 ON 29,25 GRTST 24HR 2.62 ON 20-21 TO 1/4 MILE OR LESS
LOWEST: 61 ON 5 3 = THUNDER
SNOW, ICE PELLETS, HAIL 4 = ICE PELLETS
TOTAL MONTH: M 5 = HAIL
GRTST 24HR M ON M 6 = FREEZING RAIN OR DRIZZLE
GRTST DEPTH: M ON M 7 = DUSTSTORM OR SANDSTORM:
VSBY 1/2 MILE OR LESS
8 = SMOKE OR HAZE
[NO. OF DAYS WITH] [WEATHER - DAYS WITH] 9 = BLOWING SNOW
X = TORNADO
MAX 32 OR BELOW: 0 0.01 INCH OR MORE: 11
MAX 90 OR ABOVE: 10 0.10 INCH OR MORE: 7
MIN 32 OR BELOW: 0 0.50 INCH OR MORE: 2
MIN 0 OR BELOW: 0 1.00 INCH OR MORE: 2
[HDD (BASE 65) ]
TOTAL THIS MO. 0 CLEAR (SCALE 0-3) 19
DPTR FM NORMAL 0 PTCLDY (SCALE 4-7) 9
TOTAL FM JUL 1 1632 CLOUDY (SCALE 8-10) 2
DPTR FM NORMAL -250
[CDD (BASE 65) ]
TOTAL THIS MO. 384
DPTR FM NORMAL -96 [PRESSURE DATA]
TOTAL FM JAN 1 741 HIGHEST SLP 30.09 ON 30
DPTR FM NORMAL -221 LOWEST SLP 29.64 ON 7
[REMARKS]
#FINAL-06-23#