000
CXUS55 KCAE 011500
CF6DNL
PRELIMINARY LOCAL CLIMATOLOGICAL DATA (WS FORM: F-6)
STATION: AUGUSTA DANIEL FIELD GA
MONTH: JANUARY
YEAR: 2021
LATITUDE: 33 28 N
LONGITUDE: 82 2 W
TEMPERATURE IN F: :PCPN: SNOW: WIND :SUNSHINE: SKY :PK WND
================================================================================
1 2 3 4 5 6A 6B 7 8 9 10 11 12 13 14 15 16 17 18
12Z AVG MX 2MIN
DY MAX MIN AVG DEP HDD CDD WTR SNW DPTH SPD SPD DIR MIN PSBL S-S WX SPD DR
================================================================================
1 72 59 66 20 0 1 1.17 M M 6.4 14 180 M M 10 12 20 260
2 68 53 61 15 4 0 0.80 M M 3.5 10 330 M M 9 12 15 220
3 61 42 52 6 13 0 T M M 6.3 14 290 M M 4 1 22 310
4 60 39 50 4 15 0 0.00 M M 5.7 13 320 M M 1 16 320
5 63 46 55 9 10 0 0.00 M M 5.7 16 310 M M 3 24 310
6 53 38 46 0 19 0 0.00 M M 5.0 10 70 M M 0 14 70
7 53 36 45 -1 20 0 0.40 M M 7.5 18 60 M M 4 1 25 50
8 45 38 42 -4 23 0 0.06 M M 6.8 12 330 M M 10 1 17 330
9 50 35 43 -3 22 0 0.00 M M 5.4 12 310 M M 4 15 320
10 53 32 43 -3 22 0 0.00 M M 3.7 9 80 M M 0 12 320
11 52 40 46 0 19 0 0.27 M M 6.2 13 40 M M 7 1 17 50
12 51 42 47 1 18 0 0.06 M M 5.2 10 30 M M 10 1 15 320
13 51 36 44 -2 21 0 T M M 3.1 10 180 M M 4 1 12 130
14 59 37 48 2 17 0 0.00 M M 5.2 12 220 M M 0 18 280
15 57 39 48 2 17 0 0.05 M M 3.9 9 290 M M 4 1 16 280
16 49 35 42 -4 23 0 0.00 M M 7.2 21 310 M M 2 30 310
17 52 32 42 -5 23 0 0.00 M M 4.0 14 210 M M 0 20 210
18 57 38 48 1 17 0 0.00 M M 6.2 17 280 M M 1 28 300
19 64 34 49 2 16 0 0.00 M M 3.1 10 220 M M 1 16 310
20 64 52 58 11 7 0 0.00 M M 6.8 16 310 M M 3 26 320
21 57 49 53 6 12 0 T M M 5.2 14 230 M M 7 18 21 220
22 56 46 51 4 14 0 0.08 M M 2.2 10 320 M M 5 1 14 310
23 61 38 50 3 15 0 0.00 M M 6.8 15 50 M M 0 18 50
24 59 42 51 4 14 0 0.00 M M 5.3 10 150 M M 9 13 100
25 73 53 63 16 2 0 0.00 M M 5.4 18 210 M M 8 26 210
26 74 63 69 22 0 4 0.85 M M 6.0 18 210 M M 7 13 25 200
27 M M M M M M M M M M M M M M M 1 M M
28 55 40 48 0 17 0 0.00 M M 8.2 18 340 M M 0 25 310
29 52 31 42 -6 23 0 0.00 M M 3.4 10 90 M M 0 13 110
30 50 33 42 -6 23 0 0.00 M M 5.2 10 100 M M 3 8 15 120
31 54 44 49 1 16 0 0.76 M M 5.9 15 130 M M 10 13 19 120
================================================================================
SM 1725 1242 462 5 4.50 M 160.5 M 126
================================================================================
AV 57.5 41.4 5.3 FASTST M M 4 MAX(MPH)
MISC ----> 21 310 30 310
================================================================================
NOTES:
# LAST OF SEVERAL OCCURRENCES
COLUMN 17 PEAK WIND IN M.P.H.
PRELIMINARY LOCAL CLIMATOLOGICAL DATA (WS FORM: F-6) , PAGE 2
STATION: AUGUSTA DANIEL FIELD GA
MONTH: JANUARY
YEAR: 2021
LATITUDE: 33 28 N
LONGITUDE: 82 2 W
[TEMPERATURE DATA] [PRECIPITATION DATA] SYMBOLS USED IN COLUMN 16
AVERAGE MONTHLY: 49.5 TOTAL FOR MONTH: 4.50 1 = FOG OR MIST
DPTR FM NORMAL: 2.7 DPTR FM NORMAL: 0.29 2 = FOG REDUCING VISIBILITY
HIGHEST: 74 ON 26 GRTST 24HR 1.25 ON 1- 2 TO 1/4 MILE OR LESS
LOWEST: 31 ON 29 3 = THUNDER
SNOW, ICE PELLETS, HAIL 4 = ICE PELLETS
TOTAL MONTH: M 5 = HAIL
GRTST 24HR M ON M 6 = FREEZING RAIN OR DRIZZLE
GRTST DEPTH: M ON M 7 = DUSTSTORM OR SANDSTORM:
VSBY 1/2 MILE OR LESS
8 = SMOKE OR HAZE
[NO. OF DAYS WITH] [WEATHER - DAYS WITH] 9 = BLOWING SNOW
X = TORNADO
MAX 32 OR BELOW: 0 0.01 INCH OR MORE: 10
MAX 90 OR ABOVE: 0 0.10 INCH OR MORE: 6
MIN 32 OR BELOW: 3 0.50 INCH OR MORE: 4
MIN 0 OR BELOW: 0 1.00 INCH OR MORE: 1
[HDD (BASE 65) ]
TOTAL THIS MO. 462 CLEAR (SCALE 0-3) 12
DPTR FM NORMAL -105 PTCLDY (SCALE 4-7) 12
TOTAL FM JUL 1 1098 CLOUDY (SCALE 8-10) 7
DPTR FM NORMAL -311
[CDD (BASE 65) ]
TOTAL THIS MO. 5
DPTR FM NORMAL 4 [PRESSURE DATA]
TOTAL FM JAN 1 5 HIGHEST SLP 30.40 ON 29
DPTR FM NORMAL 4 LOWEST SLP 29.69 ON 15
[REMARKS]
#FINAL-01-21#