000
CXUS52 KCAE 011400
CF6DNL
PRELIMINARY LOCAL CLIMATOLOGICAL DATA (WS FORM: F-6)
STATION: AUGUSTA DANIEL FIELD GA
MONTH: OCTOBER
YEAR: 2023
LATITUDE: 33 28 N
LONGITUDE: 82 2 W
TEMPERATURE IN F: :PCPN: SNOW: WIND :SUNSHINE: SKY :PK WND
================================================================================
1 2 3 4 5 6A 6B 7 8 9 10 11 12 13 14 15 16 17 18
12Z AVG MX 2MIN
DY MAX MIN AVG DEP HDD CDD WTR SNW DPTH SPD SPD DIR MIN PSBL S-S WX SPD DR
================================================================================
1 83 63 73 -1 0 8 0.00 M M 8.0 16 70 M M 1 21 50
2 84 61 73 0 0 8 0.00 M M 6.5 15 70 M M 0 19 30
3 87 62 75 2 0 10 0.00 M M 6.9 15 40 M M 0 19 40
4 85 63 74 2 0 9 0.00 M M 5.7 15 80 M M 0 19 70
5 85 61 73 1 0 8 0.00 M M 5.0 14 70 M M 1 19 80
6 86 66 76 4 0 11 T M M 4.0 10 320 M M 4 15 310
7 80 57 69 -2 0 4 T M M 8.2 17 320 M M 2 24 320
8 71 48 60 -11 5 0 0.00 M M 5.5 14 320 M M 0 19 290
9 76 49 63 -8 2 0 0.00 M M 4.4 15 190 M M 0 19 210
10 83 54 69 -1 0 4 0.00 M M 5.4 18 200 M M 0 23 200
11 75 62 69 -1 0 4 0.48 M M 2.6 12 100 M M 3 1 16 100
12 63 60 62 -8 3 0 2.97 M M 9.0 17 50 M M 10 1 24 50
13 76 62 69 0 0 4 0.06 M M 7.5 15 60 M M 10 1 22 50
14 77 63 70 1 0 5 0.16 M M 6.0 13 260 M M 6 1 20 20
15 70 52 61 -7 4 0 0.11 M M 6.9 14 350 M M 5 1 21 350
16 63 51 57 -11 8 0 0.04 M M 7.2 14 320 M M 7 1 21 310
17 68 47 58 -10 7 0 0.00 M M 4.7 12 30 M M 0 14 20
18 72 48 60 -7 5 0 0.00 M M 2.3 9 140 M M 0 14 160
19 74 50 62 -5 3 0 0.00 M M 2.7 10 170 M M 0 15 150
20 74 56 65 -1 0 0 0.33 M M 5.1 15 270 M M 4 13 28 260
21 74 52 63 -3 2 0 0.00 M M 4.3 13 300 M M 0 19 320
22 80 60 70 4 0 5 0.00 M M 6.0 15 310 M M 0 22 310
23 73 54 64 -1 1 0 0.00 M M 6.8 14 90 M M 0 20 90
24 75 50 63 -2 2 0 0.00 M M 6.1 12 70 M M 0 16 110
25 78 54 66 1 0 1 0.00 M M 4.3 10 130 M M 4 15 60
26 81 61 71 7 0 6 0.00 M M 4.3 10 120 M M 2 14 140
27 80 63 72 8 0 7 0.00 M M 2.8 9 170 M M 4 12 170
28 81 60 71 7 0 6 0.00 M M 2.5 9 200 M M 1 1 13 310
29 83 63 73 10 0 8 0.00 M M 2.7 10 210 M M 0 8 15 220
30 85 63 74 11 0 9 0.00 M M 3.6 10 220 M M 1 1 20 210
31 68 53 61 -1 4 0 T M M 7.3 13 360 M M 4 20 350
================================================================================
SM 2390 1768 46 117 4.15 M 164.3 M 69
================================================================================
AV 77.1 57.0 5.3 FASTST M M 2 MAX(MPH)
MISC ----> 18 200 28 260
================================================================================
NOTES:
# LAST OF SEVERAL OCCURRENCES
COLUMN 17 PEAK WIND IN M.P.H.
PRELIMINARY LOCAL CLIMATOLOGICAL DATA (WS FORM: F-6) , PAGE 2
STATION: AUGUSTA DANIEL FIELD GA
MONTH: OCTOBER
YEAR: 2023
LATITUDE: 33 28 N
LONGITUDE: 82 2 W
[TEMPERATURE DATA] [PRECIPITATION DATA] SYMBOLS USED IN COLUMN 16
AVERAGE MONTHLY: 67.1 TOTAL FOR MONTH: 4.15 1 = FOG OR MIST
DPTR FM NORMAL: -1.0 DPTR FM NORMAL: 1.46 2 = FOG REDUCING VISIBILITY
HIGHEST: 87 ON 3 GRTST 24HR 3.45 ON 11-12 TO 1/4 MILE OR LESS
LOWEST: 47 ON 17 3 = THUNDER
SNOW, ICE PELLETS, HAIL 4 = ICE PELLETS
TOTAL MONTH: M 5 = HAIL
GRTST 24HR M ON M 6 = FREEZING RAIN OR DRIZZLE
GRTST DEPTH: M ON M 7 = DUSTSTORM OR SANDSTORM:
VSBY 1/2 MILE OR LESS
8 = SMOKE OR HAZE
[NO. OF DAYS WITH] [WEATHER - DAYS WITH] 9 = BLOWING SNOW
X = TORNADO
MAX 32 OR BELOW: 0 0.01 INCH OR MORE: 7
MAX 90 OR ABOVE: 0 0.10 INCH OR MORE: 5
MIN 32 OR BELOW: 0 0.50 INCH OR MORE: 1
MIN 0 OR BELOW: 0 1.00 INCH OR MORE: 1
[HDD (BASE 65) ]
TOTAL THIS MO. 46 CLEAR (SCALE 0-3) 20
DPTR FM NORMAL -9 PTCLDY (SCALE 4-7) 9
TOTAL FM JUL 1 46 CLOUDY (SCALE 8-10) 2
DPTR FM NORMAL -10
[CDD (BASE 65) ]
TOTAL THIS MO. 117
DPTR FM NORMAL -33 [PRESSURE DATA]
TOTAL FM JAN 1 2344 HIGHEST SLP 30.39 ON 25
DPTR FM NORMAL -286 LOWEST SLP 29.61 ON 20
[REMARKS]
#FINAL-10-23#