000
CXUS55 KGJT 010910
CF6DRO
PRELIMINARY LOCAL CLIMATOLOGICAL DATA (WS FORM: F-6)
STATION: DURANGO AIRPORT CO
MONTH: JUNE
YEAR: 2023
LATITUDE: 37 9 N
LONGITUDE: 107 45 W
TEMPERATURE IN F: :PCPN: SNOW: WIND :SUNSHINE: SKY :PK WND
================================================================================
1 2 3 4 5 6A 6B 7 8 9 10 11 12 13 14 15 16 17 18
12Z AVG MX 2MIN
DY MAX MIN AVG DEP HDD CDD WTR SNW DPTH SPD SPD DIR MIN PSBL S-S WX SPD DR
================================================================================
1 68 40 54 -4 11 0 T M M 7.2 25 240 M M 3 36 260
2 68 36 52 -6 13 0 0.01 M M 5.2 29 320 M M 4 3 39 330
3 75 38 57 -1 8 0 T M M 4.4 20 30 M M 1 3 25 30
4 76 35 56 -3 9 0 T M M 6.8 25 300 M M 1 35 320
5 79 40 60 1 5 0 T M M 7.1 21 130 M M 2 3 28 130
6 78 45 62 2 3 0 0.26 M M 7.4 31 280 M M 3 13 45 260
7 72 44 58 -2 7 0 0.01 M M 4.5 21 130 M M 1 3 27 130
8 77 38 58 -2 7 0 0.00 M M 4.2 18 210 M M 0 8 29 250
9 78 38 58 -2 7 0 0.00 M M 4.7 16 180 M M 0 23 190
10 77 36 57 -4 8 0 0.00 M M 4.6 15 200 M M 0 21 270
11 79 37 58 -3 7 0 T M M 8.4 29 170 M M 2 50 180
12 72 45 59 -3 6 0 0.00 M M 6.8 20 220 M M 2 27 250
13 68 38 53 -9 12 0 0.02 M M 5.0 26 320 M M 4 3 38 320
14 78 35 57 -5 8 0 0.02 M M 7.2 45 300 M M 2 3 76 300
15 76 42 59 -3 6 0 T M M 6.7 31 300 M M 2 41 270
16 75 39 57 -6 8 0 T M M 6.8 30 270 M M 1 3 45 280
17 73 36 55 -8 10 0 0.06 M M 8.0 24 290 M M 2 35 280
18 82 35 59 -5 6 0 0.00 M M 8.1 25 260 M M 0 34 260
19 84 39 62 -2 3 0 0.00 M M 6.0 24 220 M M 0 32 220
20 83 47 65 1 0 0 0.00 M M 6.7 21 230 M M 2 36 200
21 85 37 61 -3 4 0 0.00 M M 4.3 16 260 M M 0 27 230
22 85 39 62 -3 3 0 0.00 M M 7.1 22 220 M M 0 31 190
23 83 36 60 -5 5 0 0.00 M M 9.3 26 260 M M 0 37 240
24 84 29 57 -8 8 0 0.00 M M 5.7 21 260 M M 0 32 300
25 87 33 60 -6 5 0 0.00 M M 5.8 23 260 M M 0 30 260
26 90 40 65 -1 0 0 T M M 7.7 26 260 M M 0 40 280
27 90 49 70 4 0 5 T M M 9.4 32 260 M M 1 3 47 270
28 87 37 62 -5 3 0 0.00 M M 7.5 26 260 M M 0 35 250
29 86 45 66 -1 0 1 0.00 M M 6.8 24 250 M M 0 34 250
30 84 40 62 -5 3 0 0.00 M M 7.0 23 320 M M 0 42 290
================================================================================
SM 2379 1168 175 6 0.38 M 196.4 M 33
================================================================================
AV 79.3 38.9 6.5 FASTST M M 1 MAX(MPH)
MISC ----> 45 300 76 300
================================================================================
NOTES:
# LAST OF SEVERAL OCCURRENCES
COLUMN 17 PEAK WIND IN M.P.H.
PRELIMINARY LOCAL CLIMATOLOGICAL DATA (WS FORM: F-6) , PAGE 2
STATION: DURANGO AIRPORT CO
MONTH: JUNE
YEAR: 2023
LATITUDE: 37 9 N
LONGITUDE: 107 45 W
[TEMPERATURE DATA] [PRECIPITATION DATA] SYMBOLS USED IN COLUMN 16
AVERAGE MONTHLY: 59.1 TOTAL FOR MONTH: 0.38 1 = FOG OR MIST
DPTR FM NORMAL: -3.6 DPTR FM NORMAL: -0.07 2 = FOG REDUCING VISIBILITY
HIGHEST: 90 ON 27,26 GRTST 24HR 0.27 ON 6- 7 TO 1/4 MILE OR LESS
LOWEST: 29 ON 24 3 = THUNDER
SNOW, ICE PELLETS, HAIL 4 = ICE PELLETS
TOTAL MONTH: M 5 = HAIL
GRTST 24HR M ON M 6 = FREEZING RAIN OR DRIZZLE
GRTST DEPTH: M ON M 7 = DUSTSTORM OR SANDSTORM:
VSBY 1/2 MILE OR LESS
8 = SMOKE OR HAZE
[NO. OF DAYS WITH] [WEATHER - DAYS WITH] 9 = BLOWING SNOW
X = TORNADO
MAX 32 OR BELOW: 0 0.01 INCH OR MORE: 6
MAX 90 OR ABOVE: 2 0.10 INCH OR MORE: 1
MIN 32 OR BELOW: 1 0.50 INCH OR MORE: 0
MIN 0 OR BELOW: 0 1.00 INCH OR MORE: 0
[HDD (BASE 65) ]
TOTAL THIS MO. 175 CLEAR (SCALE 0-3) 28
DPTR FM NORMAL 69 PTCLDY (SCALE 4-7) 2
TOTAL FM JUL 1 7361 CLOUDY (SCALE 8-10) 0
DPTR FM NORMAL 330
[CDD (BASE 65) ]
TOTAL THIS MO. 6
DPTR FM NORMAL -30 [PRESSURE DATA]
TOTAL FM JAN 1 6 HIGHEST SLP M ON M
DPTR FM NORMAL -31 LOWEST SLP 29.70 ON 15
[REMARKS]
#FINAL-06-23#