000
CXUS54 KEWX 161428
CF6DRT
PRELIMINARY LOCAL CLIMATOLOGICAL DATA (WS FORM: F-6)
STATION: DEL RIO
MONTH: FEBRUARY
YEAR: 2022
LATITUDE: 29 22 N
LONGITUDE: 100 55 W
TEMPERATURE IN F: :PCPN: SNOW: WIND :SUNSHINE: SKY :PK WND
================================================================================
1 2 3 4 5 6A 6B 7 8 9 10 11 12 13 14 15 16 17 18
12Z AVG MX 2MIN
DY MAX MIN AVG DEP HDD CDD WTR SNW DPTH SPD SPD DIR MIN PSBL S-S WX SPD DR
================================================================================
1 80 45 63 8 2 0 0.00 0.0 0 6.2 13 130 M M 4 17 130
2 65 42 54 -2 11 0 T 0.0 0 10.9 23 320 M M 8 8 34 320
3 42 31 37 -19 28 0 0.14 0.0 0 14.8 25 320 M M 8 6 37 310
4 50 31 41 -15 24 0 0.00 0.0 0 12.3 23 310 M M 4 38 330
5 57 24 41 -15 24 0 0.00 0.0 0 5.4 15 150 M M 0 20 140
6 67 34 51 -5 14 0 0.00 0.0 0 3.6 10 330 M M 0 15 110
7 68 43 56 0 9 0 0.00 0.0 0 7.9 20 310 M M 0 32 300
8 71 31 51 -6 14 0 0.00 0.0 0 2.4 9 170 M M 0 14 170
9 77 34 56 -1 9 0 0.00 0.0 0 3.5 9 100 M M 0 12 320
10 77 46 62 5 3 0 0.00 0.0 0 5.3 14 160 M M 0 18 170
11 84 47 66 9 0 1 0.00 0.0 0 7.1 14 140 M M 0 22 120
12 65 43 54 -4 11 0 0.00 0.0 0 11.0 24 350 M M 1 36 340
13 69 32 51 -7 14 0 0.00 0.0 0 4.0 14 160 M M 0 18 130
14 76 41 59 1 6 0 0.00 0.0 0 9.9 20 150 M M 0 26 150
15 79 48 64 6 1 0 0.00 0.0 0 13.5 26 150 M M 0 35 160
16 86 59 73 15 0 8 0.00 0.0 0 11.4 20 120 M M 4 8 29 120
17 77 48 63 4 2 0 0.00 0.0 0 14.1 28 300 M M 1 8 39 290
18 66 37 52 -7 13 0 0.00 0.0 0 4.0 12 10 M M 0 17 10
19 71 39 55 -4 10 0 0.00 0.0 0 9.0 21 160 M M 0 28 160
20 74 50 62 3 3 0 0.00 0.0 0 8.9 16 140 M M 0 21 140
21 96 62 79 19 0 14 0.00 0.0 0 13.2 28 140 M M 0 38 130
22 94 64 79 19 0 14 0.00 0.0 0 8.0 16 60 M M 0 8 24 70
23 72 38 55 -5 10 0 0.00 0.0 0 10.8 21 340 M M 10 30 340
24 59 41 50 -10 15 0 0.00 0.0 0 7.4 16 360 M M 6 24 360
25 M 37 M M M M 0.00 0.0 0 8.8 17 10 M M 6 23 10
26 55 M M M M M 0.00 0.0 0 6.0 14 120 M M 7 18 120
27 67 38 53 -8 12 0 0.00 0.0 0 7.5 16 340 M M 2 25 320
28 71 33 52 -9 13 0 0.00 0.0 0 6.9 18 150 M M 0 25 130
================================================================================
SM 1915 1118 248 37 0.14 0.0 233.8 M 61
================================================================================
AV 70.9 41.4 8.3 FASTST M M 2 MAX(MPH)
MISC ----> # 28 300 39 290
================================================================================
NOTES:
# LAST OF SEVERAL OCCURRENCES
COLUMN 17 PEAK WIND IN M.P.H.
PRELIMINARY LOCAL CLIMATOLOGICAL DATA (WS FORM: F-6) , PAGE 2
STATION: DEL RIO
MONTH: FEBRUARY
YEAR: 2022
LATITUDE: 29 22 N
LONGITUDE: 100 55 W
[TEMPERATURE DATA] [PRECIPITATION DATA] SYMBOLS USED IN COLUMN 16
AVERAGE MONTHLY: 56.2 TOTAL FOR MONTH: 0.14 1 = FOG OR MIST
DPTR FM NORMAL: -2.0 DPTR FM NORMAL: -0.49 2 = FOG REDUCING VISIBILITY
HIGHEST: 96 ON 21 GRTST 24HR 0.14 ON 2- 3 TO 1/4 MILE OR LESS
LOWEST: 24 ON 5 3 = THUNDER
SNOW, ICE PELLETS, HAIL 4 = ICE PELLETS
TOTAL MONTH: 0.0 INCH 5 = HAIL
GRTST 24HR 0.0 6 = FREEZING RAIN OR DRIZZLE
GRTST DEPTH: 0 7 = DUSTSTORM OR SANDSTORM:
VSBY 1/2 MILE OR LESS
8 = SMOKE OR HAZE
[NO. OF DAYS WITH] [WEATHER - DAYS WITH] 9 = BLOWING SNOW
X = TORNADO
MAX 32 OR BELOW: 0 0.01 INCH OR MORE: 1
MAX 90 OR ABOVE: 2 0.10 INCH OR MORE: 1
MIN 32 OR BELOW: 5 0.50 INCH OR MORE: 0
MIN 0 OR BELOW: 0 1.00 INCH OR MORE: 0
[HDD (BASE 65) ]
TOTAL THIS MO. 248 CLEAR (SCALE 0-3) 19
DPTR FM NORMAL 32 PTCLDY (SCALE 4-7) 6
TOTAL FM JUL 1 676 CLOUDY (SCALE 8-10) 3
DPTR FM NORMAL -467
[CDD (BASE 65) ]
TOTAL THIS MO. 37
DPTR FM NORMAL 13 [PRESSURE DATA]
TOTAL FM JAN 1 49 HIGHEST SLP 30.73 ON 4
DPTR FM NORMAL 21 LOWEST SLP 29.59 ON 16
[REMARKS]
#FINAL-02-22#