000
CXUS53 KDMX 250920
CF6DSM
PRELIMINARY LOCAL CLIMATOLOGICAL DATA (WS FORM: F-6)

                                          STATION:   DES MOINES IA
                                          MONTH:     JUNE
                                          YEAR:      2016
                                          LATITUDE:   41 31 N
                                          LONGITUDE:  93 39 W

  TEMPERATURE IN F:       :PCPN:    SNOW:  WIND      :SUNSHINE: SKY     :PK WND
================================================================================
1   2   3   4   5  6A  6B    7    8   9   10  11  12  13   14  15   16   17  18
                                     12Z  AVG MX 2MIN
DY MAX MIN AVG DEP HDD CDD  WTR  SNW DPTH SPD SPD DIR MIN PSBL S-S WX    SPD DR
================================================================================

 1  79  59  69   2   0   4 0.00  0.0    0  7.0 16 290   M    M   3 1      23 300
 2  82  56  69   1   0   4 0.00  0.0    0  5.0 12  30   M    M   1        16 130
 3  85  63  74   6   0   9 0.07  0.0    0 11.6 23 170   M    M   3 3      29 180
 4  82  61  72   4   0   7 0.00  0.0    0 11.2 28 330   M    M   4 1      33 320
 5  87  59  73   4   0   8 0.00  0.0    0 11.5 22 280   M    M   2        26 280
 6  85  60  73   4   0   8 0.00  0.0    0 13.0 30 310   M    M   1        38 320
 7  77  57  67  -2   0   2 0.00  0.0    0  6.3 15 360   M    M   2        21 350
 8  84  59  72   2   0   7 0.00  0.0    0  8.7 17 150   M    M   4        23 160
 9  95  68  82  12   0  17 0.00  0.0    0 13.6 28 230   M    M   4        34 220
10  95  73  84  14   0  19 0.00  0.0    0 12.6 25 210   M    M   1        31 220
11  91  69  80   9   0  15 0.28  0.0    0 11.6 23 160   M    M   9 13     31 150
12  93  74  84  13   0  19 0.00  0.0    0  7.8 20 160   M    M   3        23 150
13  91  73  82  11   0  17 0.00  0.0    0  7.7 15  40   M    M   5 1      19 200
14  92  71  82  10   0  17 0.36  0.0    0 11.2 25 210   M    M   5 138    32 350
15  96  69  83  11   0  18 0.00  0.0    0  7.3 15 280   M    M   1        19 300
16  89  69  79   7   0  14 0.00  0.0    0  7.4 13  40   M    M   2        16 130
17  89  69  79   7   0  14 0.00  0.0    0  9.4 15 140   M    M   1        21  80
18  90  71  81   8   0  16 0.00  0.0    0  7.3 15 130   M    M   7        19 130
19  91  68  80   7   0  15 0.00  0.0    0 11.2 21 230   M    M   1        26 210
20  89  70  80   7   0  15 0.15  0.0    0  8.6 17 360   M    M   6 3      22  10
21  88  67  78   4   0  13 0.01  0.0    0  6.5 14 150   M    M   5 3      20 120
22  95  72  84  10   0  19 0.01  0.0    0 10.4 23 120   M    M   5 3      31 120
23  85  66  76   2   0  11 0.00  0.0    0 10.7 21 320   M    M   3        25 310
24  89  63  76   2   0  11 0.00  0.0    0  8.9 17 140   M    M   3        21 160
================================================================================
SM 2119 1586         0 299  0.88     0.0 226.5          M       81
================================================================================
AV 88.3 66.1                               9.4 FASTST   M    M   3    MAX(MPH)
                                 MISC ---->  # 30 310               # 38  320
================================================================================
NOTES:
# LAST OF SEVERAL OCCURRENCES

COLUMN 17 PEAK WIND IN M.P.H.

PRELIMINARY LOCAL CLIMATOLOGICAL DATA (WS FORM: F-6) , PAGE 2

                                          STATION:  DES MOINES IA
                                          MONTH:    JUNE
                                          YEAR:     2016
                                          LATITUDE:   41 31 N
                                          LONGITUDE:  93 39 W

[TEMPERATURE DATA]      [PRECIPITATION DATA]       SYMBOLS USED IN COLUMN 16

AVERAGE MONTHLY: 77.2   TOTAL FOR MONTH:   0.88    1 = FOG OR MIST
DPTR FM NORMAL:   6.2   DPTR FM NORMAL:   -3.08    2 = FOG REDUCING VISIBILITY
HIGHEST:    96 ON 15    GRTST 24HR  0.66 ON 31- 1      TO 1/4 MILE OR LESS
LOWEST:     56 ON  2                               3 = THUNDER
                        SNOW, ICE PELLETS, HAIL    4 = ICE PELLETS
                        TOTAL MONTH:   0.0 INCH    5 = HAIL
                        GRTST 24HR     0.0         6 = FREEZING RAIN OR DRIZZLE
                        GRTST DEPTH:   0           7 = DUSTSTORM OR SANDSTORM:
                                                       VSBY 1/2 MILE OR LESS
                                                   8 = SMOKE OR HAZE
[NO. OF DAYS WITH]      [WEATHER - DAYS WITH]      9 = BLOWING SNOW
                                                   X = TORNADO
MAX 32 OR BELOW:   0    0.01 INCH OR MORE:   6
MAX 90 OR ABOVE:  10    0.10 INCH OR MORE:   3
MIN 32 OR BELOW:   0    0.50 INCH OR MORE:   0
MIN  0 OR BELOW:   0    1.00 INCH OR MORE:   0

[HDD (BASE 65) ]
TOTAL THIS MO.     0    CLEAR  (SCALE 0-3)  12
DPTR FM NORMAL   -14    PTCLDY (SCALE 4-7)  11
TOTAL FM JUL 1  5006    CLOUDY (SCALE 8-10)  1
DPTR FM NORMAL -1193

[CDD (BASE 65) ]
TOTAL THIS MO.   299
DPTR FM NORMAL   140    [PRESSURE DATA]
TOTAL FM JAN 1   392    HIGHEST SLP M ON M
DPTR FM NORMAL   157    LOWEST  SLP 29.61 ON 14

[REMARKS]
