000
CXUS53 KDMX 050303
CF6DSM
PRELIMINARY LOCAL CLIMATOLOGICAL DATA (WS FORM: F-6)
STATION: DES MOINES IA
MONTH: FEBRUARY
YEAR: 2022
LATITUDE: 41 31 N
LONGITUDE: 93 39 W
TEMPERATURE IN F: :PCPN: SNOW: WIND :SUNSHINE: SKY :PK WND
================================================================================
1 2 3 4 5 6A 6B 7 8 9 10 11 12 13 14 15 16 17 18
12Z AVG MX 2MIN
DY MAX MIN AVG DEP HDD CDD WTR SNW DPTH SPD SPD DIR MIN PSBL S-S WX SPD DR
================================================================================
1 43 14 29 6 36 0 0.00 0.0 4 13.5 25 310 M M 7 34 320
2 14 2 8 -15 57 0 0.00 0.0 3 15.6 25 360 M M 10 34 340
3 11 -3 4 -19 61 0 0.00 0.0 3 10.2 18 30 M M 2 27 360
4 22 -2 10 -14 55 0 0.00 0.0 3 11.0 25 320 M M 3 35 320
5 43 1 22 -2 43 0 0.00 0.0 3 13.2 28 190 M M 3 38 190
6 37 14 26 2 39 0 0.00 0.0 3 11.3 25 320 M M 4 37 320
7 33 10 22 -2 43 0 T T 2 5.7 12 140 M M 5 16 140
8 47 21 34 10 31 0 0.00 0.0 2 8.7 20 290 M M 5 33 290
9 44 26 35 10 30 0 T T 2 13.4 26 300 M M 5 35 300
10 42 24 33 8 32 0 0.06 0.0 T 11.2 21 200 M M 9 28 210
11 43 8 26 1 39 0 0.01 T 0 17.2 35 310 M M 9 45 47 320
12 19 2 11 -15 54 0 0.00 0.0 0 8.0 20 330 M M 4 26 340
13 19 9 14 -12 51 0 T T 0 8.9 21 340 M M 5 26 340
14 33 11 22 -4 43 0 0.00 0.0 0 7.9 20 340 M M 3 26 340
15 53 19 36 9 29 0 0.00 0.0 0 12.0 24 150 M M 8 31 150
16 49 24 37 10 28 0 0.00 0.0 0 13.8 26 360 M M 10 8 37 340
17 24 11 18 -9 47 0 0.00 0.0 0 14.0 26 360 M M 7 38 10
18 51 9 30 2 35 0 T 0.0 0 17.8 35 320 M M 4 54 320
19 32 9 21 -7 44 0 0.00 0.0 0 12.2 24 310 M M 3 35 310
20 63 27 45 16 20 0 0.00 0.0 0 13.4 26 240 M M 3 37 190
21 59 32 46 17 19 0 0.00 0.0 0 11.0 22 30 M M 6 32 10
22 33 2 18 -11 47 0 0.02 0.2 0 18.4 32 310 M M 9 16 45 300
23 16 0 8 -22 57 0 T T T 11.6 22 310 M M 4 29 310
24 18 8 13 -17 52 0 0.12 5.2 T 10.6 18 310 M M 10 1 25 310
25 18 3 11 -20 54 0 0.01 0.1 4 7.9 18 320 M M 4 1 24 320
26 40 7 24 -7 41 0 0.00 0.0 2 9.8 18 210 M M 1 23 220
27 51 19 35 3 30 0 0.00 0.0 T 8.1 15 250 M M 2 19 250
28 64 27 46 14 19 0 0.00 0.0 0 7.9 17 250 M M 4 22 290
================================================================================
SM 1021 334 1136 0 0.22 5.5 324.3 M 149
================================================================================
AV 36.5 11.9 11.6 FASTST M M 5 MAX(MPH)
MISC ----> # 35 310 54 320
================================================================================
NOTES:
# LAST OF SEVERAL OCCURRENCES
COLUMN 17 PEAK WIND IN M.P.H.
PRELIMINARY LOCAL CLIMATOLOGICAL DATA (WS FORM: F-6) , PAGE 2
STATION: DES MOINES IA
MONTH: FEBRUARY
YEAR: 2022
LATITUDE: 41 31 N
LONGITUDE: 93 39 W
[TEMPERATURE DATA] [PRECIPITATION DATA] SYMBOLS USED IN COLUMN 16
AVERAGE MONTHLY: 24.2 TOTAL FOR MONTH: 0.22 1 = FOG OR MIST
DPTR FM NORMAL: -2.7 DPTR FM NORMAL: -1.12 2 = FOG REDUCING VISIBILITY
HIGHEST: 64 ON 28 GRTST 24HR 0.13 ON 24-25 TO 1/4 MILE OR LESS
LOWEST: -3 ON 3 3 = THUNDER
SNOW, ICE PELLETS, HAIL 4 = ICE PELLETS
TOTAL MONTH: 5.5 INCHES 5 = HAIL
GRTST 24HR 5.2 ON 24-24 6 = FREEZING RAIN OR DRIZZLE
GRTST DEPTH: 5 ON M 7 = DUSTSTORM OR SANDSTORM:
VSBY 1/2 MILE OR LESS
8 = SMOKE OR HAZE
[NO. OF DAYS WITH] [WEATHER - DAYS WITH] 9 = BLOWING SNOW
X = TORNADO
MAX 32 OR BELOW: 10 0.01 INCH OR MORE: 5
MAX 90 OR ABOVE: 0 0.10 INCH OR MORE: 1
MIN 32 OR BELOW: 28 0.50 INCH OR MORE: 0
MIN 0 OR BELOW: 3 1.00 INCH OR MORE: 0
[HDD (BASE 65) ]
TOTAL THIS MO. 1136 CLEAR (SCALE 0-3) 8
DPTR FM NORMAL 68 PTCLDY (SCALE 4-7) 13
TOTAL FM JUL 1 4492 CLOUDY (SCALE 8-10) 7
DPTR FM NORMAL -301
[CDD (BASE 65) ]
TOTAL THIS MO. 0
DPTR FM NORMAL 0 [PRESSURE DATA]
TOTAL FM JAN 1 0 HIGHEST SLP 30.71 ON 23
DPTR FM NORMAL 0 LOWEST SLP 29.55 ON 11
[REMARKS]
#FINAL-02-22#