000
CDUS43 KDMX 240635 RRA
CLIDSM

CLIMATE REPORT
NATIONAL WEATHER SERVICE DES MOINES IA
133 AM CDT SUN JUL 24 2016


...................................

...THE DES MOINES IA CLIMATE SUMMARY FOR JULY 23 2016...

CLIMATE NORMAL PERIOD 1981 TO 2010
CLIMATE RECORD PERIOD 1878 TO 2016


WEATHER ITEM   OBSERVED TIME   RECORD YEAR NORMAL DEPARTURE LAST
                VALUE   (LST)  VALUE       VALUE  FROM      YEAR
                                                  NORMAL
..................................................................
TEMPERATURE (F)
 YESTERDAY
  MAXIMUM         93    328 PM 105    2012  86      7       86
  MINIMUM         79    530 AM  52    1887  67     12       67
  AVERAGE         86                        76     10       77

PRECIPITATION (IN)
  YESTERDAY        T             2.03 1896   0.14  -0.14     0.00
  MONTH TO DATE    6.98                      3.41   3.57     2.16
  SINCE JUN 1      8.45                      8.35   0.10    10.56
  SINCE JAN 1     19.69                     21.53  -1.84    19.91

SNOWFALL (IN)
  YESTERDAY        0.0          MM      MM   0.0    0.0      0.0
  MONTH TO DATE    0.0                       0.0    0.0      0.0
  SINCE JUN 1      0.0                       0.0    0.0      0.0
  SINCE JUL 1      0.0                       0.0    0.0      0.0
  SNOW DEPTH       0

DEGREE DAYS
 HEATING
  YESTERDAY        0                         0      0        0
  MONTH TO DATE    0                         0      0        0
  SINCE JUN 1      0                        17    -17        3
  SINCE JUL 1      0                         0      0        0

 COOLING
  YESTERDAY       21                        11     10       12
  MONTH TO DATE  279                       260     19      239
  SINCE JUN 1    657                       481    176      496
  SINCE JAN 1    750                       557    193      576
..................................................................


WIND (MPH)
  HIGHEST WIND SPEED    16   HIGHEST WIND DIRECTION     S (200)
  HIGHEST GUST SPEED    20   HIGHEST GUST DIRECTION     S (200)
  AVERAGE WIND SPEED     9.0


SKY COVER
  POSSIBLE SUNSHINE  MM
  AVERAGE SKY COVER 0.6


WEATHER CONDITIONS
 THE FOLLOWING WEATHER WAS RECORDED YESTERDAY.
  LIGHT RAIN


RELATIVE HUMIDITY (PERCENT)
 HIGHEST    91           500 AM
 LOWEST     64          1000 AM
 AVERAGE    78

..........................................................


THE DES MOINES IA CLIMATE NORMALS FOR TODAY
                         NORMAL    RECORD    YEAR
 MAXIMUM TEMPERATURE (F)   86       107      1901
 MINIMUM TEMPERATURE (F)   67        52      1906
                                             1891


SUNRISE AND SUNSET
JULY 24 2016..........SUNRISE   602 AM CDT   SUNSET   840 PM CDT
JULY 25 2016..........SUNRISE   603 AM CDT   SUNSET   839 PM CDT


-  INDICATES NEGATIVE NUMBERS.
R  INDICATES RECORD WAS SET OR TIED.
MM INDICATES DATA IS MISSING.
T  INDICATES TRACE AMOUNT.




$$
