000
CDUS43 KDMX 200657 RRA
CLIDSM

CLIMATE REPORT
NATIONAL WEATHER SERVICE DES MOINES IA
1255 AM CST THU NOV 20 2014


...................................

...THE DES MOINES IA CLIMATE SUMMARY FOR NOVEMBER 19 2014...

CLIMATE NORMAL PERIOD 1981 TO 2010
CLIMATE RECORD PERIOD 1878 TO 2014


WEATHER ITEM   OBSERVED TIME   RECORD YEAR NORMAL DEPARTURE LAST
                VALUE   (LST)  VALUE       VALUE  FROM      YEAR
                                                  NORMAL
..................................................................
TEMPERATURE (F)
 YESTERDAY
  MAXIMUM         31    538 AM  75    1942  46    -15       56
  MINIMUM         21    917 PM   3    1914  29     -8       33
  AVERAGE         26                        37    -11       45

PRECIPITATION (IN)
  YESTERDAY        T             2.47 1948   0.07  -0.07     0.00
  MONTH TO DATE    0.23                      1.49  -1.26     1.16
  SINCE SEP 1      8.24                      7.18   1.06     7.44
  SINCE JAN 1     40.61                     33.90   6.71    30.99

SNOWFALL (IN)
  YESTERDAY        T             2.6  1981   0.1   -0.1      0.0
  MONTH TO DATE    2.8                       0.9    1.9      0.4
  SINCE SEP 1      2.8                       1.3    1.5      0.4
  SINCE JUL 1      2.8                       1.3    1.5      0.4
  SNOW DEPTH       1

DEGREE DAYS
 HEATING
  YESTERDAY       39                        28     11       20
  MONTH TO DATE  566                       434    132      403
  SINCE SEP 1    946                       912     34      793
  SINCE JUL 1    948                       918     30      793

 COOLING
  YESTERDAY        0                         0      0        0
  MONTH TO DATE    0                         0      0        0
  SINCE SEP 1    106                       127    -21      252
  SINCE JAN 1   1075                      1066      9     1353
..................................................................


WIND (MPH)
  HIGHEST WIND SPEED    37   HIGHEST WIND DIRECTION    NW (300)
  HIGHEST GUST SPEED    49   HIGHEST GUST DIRECTION    NW (300)
  AVERAGE WIND SPEED    16.9


SKY COVER
  POSSIBLE SUNSHINE  MM
  AVERAGE SKY COVER 0.9


WEATHER CONDITIONS
 THE FOLLOWING WEATHER WAS RECORDED YESTERDAY.
  LIGHT SNOW


RELATIVE HUMIDITY (PERCENT)
 HIGHEST    69           300 AM
 LOWEST     57           200 PM
 AVERAGE    63

..........................................................


THE DES MOINES IA CLIMATE NORMALS FOR TODAY
                         NORMAL    RECORD    YEAR
 MAXIMUM TEMPERATURE (F)   45        76      1897
 MINIMUM TEMPERATURE (F)   28         5      1964


SUNRISE AND SUNSET
NOVEMBER 20 2014......SUNRISE   709 AM CST   SUNSET   451 PM CST
NOVEMBER 21 2014......SUNRISE   711 AM CST   SUNSET   450 PM CST


-  INDICATES NEGATIVE NUMBERS.
R  INDICATES RECORD WAS SET OR TIED.
MM INDICATES DATA IS MISSING.
T  INDICATES TRACE AMOUNT.




$$
