000
CDUS43 KDMX 022237
CLIDSM

CLIMATE REPORT
NATIONAL WEATHER SERVICE DES MOINES IA
537 PM CDT THU JUL 2 2015


...................................

...THE DES MOINES IA CLIMATE SUMMARY FOR JULY 2 2015...
VALID TODAY AS OF 0500 PM LOCAL TIME.

CLIMATE NORMAL PERIOD 1981 TO 2010
CLIMATE RECORD PERIOD 1878 TO 2015


WEATHER ITEM   OBSERVED TIME   RECORD YEAR NORMAL DEPARTURE LAST
                VALUE   (LST)  VALUE       VALUE  FROM      YEAR
                                                  NORMAL
..................................................................
TEMPERATURE (F)
 TODAY
  MAXIMUM         71   1152 AM 102    1911  85    -14       68
  MINIMUM         59    608 AM  50    1959  66     -7       57
                                      1945
  AVERAGE         65                        76    -11       63

PRECIPITATION (IN)
  TODAY            T             2.92 1958   0.15  -0.15     0.01
  MONTH TO DATE    T                         0.30  -0.30     0.03
  SINCE JUN 1      8.40                      5.24   3.16     7.52
  SINCE JAN 1     17.75                     18.42  -0.67    18.67

SNOWFALL (IN)
  TODAY            0.0          MM      MM   0.0    0.0      0.0
  MONTH TO DATE    0.0                       0.0    0.0      0.0
  SINCE JUN 1      0.0                       0.0    0.0      0.0
  SINCE JUL 1      0.0                       0.0    0.0      0.0
  SNOW DEPTH       0

DEGREE DAYS
 HEATING
  TODAY            0                         0      0        2
  MONTH TO DATE    0                         0      0        2
  SINCE JUN 1      3                        17    -14        2
  SINCE JUL 1      0                         0      0        2

 COOLING
  TODAY            0                        11    -11        0
  MONTH TO DATE    5                        22    -17        6
  SINCE JUN 1    262                       243     19      262
  SINCE JAN 1    342                       319     23      393
..................................................................


WIND (MPH)
  HIGHEST WIND SPEED    13   HIGHEST WIND DIRECTION     E (100)
  HIGHEST GUST SPEED    18   HIGHEST GUST DIRECTION     E (100)
  AVERAGE WIND SPEED     8.4


SKY COVER
  POSSIBLE SUNSHINE  MM
  AVERAGE SKY COVER 0.7


WEATHER CONDITIONS
 THE FOLLOWING WEATHER WAS RECORDED TODAY.
  LIGHT RAIN


RELATIVE HUMIDITY (PERCENT)
 HIGHEST    84           300 AM
 LOWEST     49           200 PM
 AVERAGE    67

..........................................................


THE DES MOINES IA CLIMATE NORMALS FOR TOMORROW
                         NORMAL    RECORD    YEAR
 MAXIMUM TEMPERATURE (F)   86       102      1936
 MINIMUM TEMPERATURE (F)   66        49      1967


SUNRISE AND SUNSET
JULY  2 2015..........SUNRISE   545 AM CDT   SUNSET   852 PM CDT
JULY  3 2015..........SUNRISE   545 AM CDT   SUNSET   852 PM CDT


-  INDICATES NEGATIVE NUMBERS.
R  INDICATES RECORD WAS SET OR TIED.
MM INDICATES DATA IS MISSING.
T  INDICATES TRACE AMOUNT.




$$
