762
CDUS43 KDMX 010636
CLIDSM

CLIMATE REPORT
NATIONAL WEATHER SERVICE DES MOINES IA
1234 AM CST THU DEC 1 2016

...................................

...THE DES MOINES IA CLIMATE SUMMARY FOR NOVEMBER 30 2016...

CLIMATE NORMAL PERIOD 1981 TO 2010
CLIMATE RECORD PERIOD 1878 TO 2016


WEATHER ITEM   OBSERVED TIME   RECORD YEAR NORMAL DEPARTURE LAST
                VALUE   (LST)  VALUE       VALUE  FROM      YEAR
                                                  NORMAL
..................................................................
TEMPERATURE (F)
 YESTERDAY
  MAXIMUM         38    312 PM  69    1922  40     -2       38
  MINIMUM         35   1159 PM  -3    1964  23     12       32
  AVERAGE         37                        31      6       35

PRECIPITATION (IN)
  YESTERDAY        T             0.91 1881   0.06  -0.06     0.37
  MONTH TO DATE    1.38                      2.19  -0.81     3.36
  SINCE SEP 1      7.79                      7.88  -0.09    10.02
  SINCE JAN 1     33.12                     34.60  -1.48    39.19

SNOWFALL (IN)
  YESTERDAY        T             8.0  1893   0.2   -0.2      0.0
  MONTH TO DATE    T                         2.5   -2.5      6.9
  SINCE SEP 1      T                         2.9   -2.9      6.9
  SINCE JUL 1      T                         2.9   -2.9      6.9
  SNOW DEPTH       0

DEGREE DAYS
 HEATING
  YESTERDAY       28                        34     -6       30
  MONTH TO DATE  477                       775   -298      573
  SINCE SEP 1    683                      1252   -569      879
  SINCE JUL 1    683                      1258   -575      881

 COOLING
  YESTERDAY        0                         0      0        0
  MONTH TO DATE    1                         0      1        1
  SINCE SEP 1    251                       127    124      259
  SINCE JAN 1   1448                      1066    382     1211
..................................................................


WIND (MPH)
  HIGHEST WIND SPEED    23   HIGHEST WIND DIRECTION     W (290)
  HIGHEST GUST SPEED    29   HIGHEST GUST DIRECTION     W (260)
  AVERAGE WIND SPEED    16.1


SKY COVER
  POSSIBLE SUNSHINE  MM
  AVERAGE SKY COVER 1.0


WEATHER CONDITIONS
 THE FOLLOWING WEATHER WAS RECORDED YESTERDAY.
  LIGHT SNOW
  FOG


RELATIVE HUMIDITY (PERCENT)
 HIGHEST    82           500 PM
 LOWEST     64          1100 AM
 AVERAGE    73

..........................................................


THE DES MOINES IA CLIMATE NORMALS FOR TODAY
                         NORMAL    RECORD    YEAR
 MAXIMUM TEMPERATURE (F)   39        66      1970
 MINIMUM TEMPERATURE (F)   23        -8      1893


SUNRISE AND SUNSET
DECEMBER  1 2016......SUNRISE   722 AM CST   SUNSET   445 PM CST
DECEMBER  2 2016......SUNRISE   723 AM CST   SUNSET   445 PM CST


-  INDICATES NEGATIVE NUMBERS.
R  INDICATES RECORD WAS SET OR TIED.
MM INDICATES DATA IS MISSING.
T  INDICATES TRACE AMOUNT.

$$
