000
CDUS43 KDMX 260654 RRA
CLIDSM

CLIMATE REPORT
NATIONAL WEATHER SERVICE DES MOINES IA
1253 AM CST MON JAN 26 2015


...................................

...THE DES MOINES IA CLIMATE SUMMARY FOR JANUARY 25 2015...

CLIMATE NORMAL PERIOD 1981 TO 2010
CLIMATE RECORD PERIOD 1878 TO 2015


WEATHER ITEM   OBSERVED TIME   RECORD YEAR NORMAL DEPARTURE LAST
                VALUE   (LST)  VALUE       VALUE  FROM      YEAR
                                                  NORMAL
..................................................................
TEMPERATURE (F)
 YESTERDAY
  MAXIMUM         42   1201 AM  61    1944  31     11       41
  MINIMUM         32   1159 PM -27    1894  14     18       18
  AVERAGE         37                        23     14       30

PRECIPITATION (IN)
  YESTERDAY        0.15          0.92 1895   0.04   0.11      T
  MONTH TO DATE    0.60                      0.79  -0.19     0.50
  SINCE DEC 1      1.63                      2.21  -0.58     1.31
  SINCE JAN 1      0.60                      0.79  -0.19     0.50

SNOWFALL (IN)
  YESTERDAY        T            10.0  1895   0.3   -0.3       T
  MONTH TO DATE    6.5                       6.7   -0.2      7.5
  SINCE DEC 1      8.4                      15.7   -7.3     21.1
  SINCE JUL 1     14.2                      18.6   -4.4     22.5
  SNOW DEPTH       0

DEGREE DAYS
 HEATING
  YESTERDAY       28                        42    -14       35
  MONTH TO DATE 1014                      1064    -50     1162
  SINCE DEC 1   2033                      2273   -240     2515
  SINCE JUL 1   3350                      3531   -181     3718

 COOLING
  YESTERDAY        0                         0      0        0
  MONTH TO DATE    0                         0      0        0
  SINCE DEC 1      0                         0      0        0
  SINCE JAN 1      0                         0      0        0
..................................................................


WIND (MPH)
  HIGHEST WIND SPEED    24   HIGHEST WIND DIRECTION    NE (30)
  HIGHEST GUST SPEED    32   HIGHEST GUST DIRECTION    NE (40)
  AVERAGE WIND SPEED    10.3


SKY COVER
  POSSIBLE SUNSHINE  MM
  AVERAGE SKY COVER 1.0


WEATHER CONDITIONS
 THE FOLLOWING WEATHER WAS RECORDED YESTERDAY.
  LIGHT RAIN
  LIGHT SNOW
  FOG


RELATIVE HUMIDITY (PERCENT)
 HIGHEST    89           900 AM
 LOWEST     66          1100 PM
 AVERAGE    78

..........................................................


THE DES MOINES IA CLIMATE NORMALS FOR TODAY
                         NORMAL    RECORD    YEAR
 MAXIMUM TEMPERATURE (F)   31        65      2002
 MINIMUM TEMPERATURE (F)   14       -17      1904


SUNRISE AND SUNSET
JANUARY 26 2015.......SUNRISE   732 AM CST   SUNSET   523 PM CST
JANUARY 27 2015.......SUNRISE   731 AM CST   SUNSET   524 PM CST


-  INDICATES NEGATIVE NUMBERS.
R  INDICATES RECORD WAS SET OR TIED.
MM INDICATES DATA IS MISSING.
T  INDICATES TRACE AMOUNT.

$$
