170
CDUS43 KDMX 140628
CLIDSM

CLIMATE REPORT
NATIONAL WEATHER SERVICE DES MOINES IA
1226 AM CST SUN JAN 14 2018

...................................

...THE DES MOINES IA CLIMATE SUMMARY FOR JANUARY 13 2018...

CLIMATE NORMAL PERIOD 1981 TO 2010
CLIMATE RECORD PERIOD 1878 TO 2018


WEATHER ITEM   OBSERVED TIME   RECORD YEAR NORMAL DEPARTURE LAST
                VALUE   (LST)  VALUE       VALUE  FROM      YEAR
                                                  NORMAL
..................................................................
TEMPERATURE (F)
 YESTERDAY
  MAXIMUM         14    336 PM  62    1987  31    -17       25
  MINIMUM          3    917 AM -20    1916  14    -11       12
  AVERAGE          9                        22    -13       19

PRECIPITATION (IN)
  YESTERDAY        0.00          0.49 1979   0.03  -0.03     0.00
  MONTH TO DATE    0.09                      0.41  -0.32     0.48
  SINCE DEC 1      0.51                      1.83  -1.32     1.89
  SINCE JAN 1      0.09                      0.41  -0.32     0.48

SNOWFALL (IN)
  YESTERDAY        0.0           5.9  1979   0.3   -0.3      0.0
  MONTH TO DATE    0.9                       3.4   -2.5      0.1
  SINCE DEC 1      7.6                      12.4   -4.8      3.9
  SINCE JUL 1      7.6                      15.3   -7.7      3.9
  SNOW DEPTH       1

DEGREE DAYS
 HEATING
  YESTERDAY       56                        43     13       46
  MONTH TO DATE  650                       552     98      582
  SINCE DEC 1   1827                      1761     66     1742
  SINCE JUL 1   2882                      3019   -137     2425

 COOLING
  YESTERDAY        0                         0      0        0
  MONTH TO DATE    0                         0      0        0
  SINCE DEC 1      0                         0      0        0
  SINCE JAN 1      0                         0      0        0
..................................................................


WIND (MPH)
  HIGHEST WIND SPEED    15   HIGHEST WIND DIRECTION     N (350)
  HIGHEST GUST SPEED    19   HIGHEST GUST DIRECTION     N (360)
  AVERAGE WIND SPEED     6.3


SKY COVER
  POSSIBLE SUNSHINE  MM
  AVERAGE SKY COVER 0.6


WEATHER CONDITIONS
 THE FOLLOWING WEATHER WAS RECORDED YESTERDAY.
  NO SIGNIFICANT WEATHER WAS OBSERVED.


RELATIVE HUMIDITY (PERCENT)
 HIGHEST    69           200 AM
 LOWEST     42           200 PM
 AVERAGE    56

..........................................................


THE DES MOINES IA CLIMATE NORMALS FOR TODAY
                         NORMAL    RECORD    YEAR
 MAXIMUM TEMPERATURE (F)   31        57      1914
 MINIMUM TEMPERATURE (F)   14       -19      1888
                                             1881


SUNRISE AND SUNSET
JANUARY 14 2018.......SUNRISE   739 AM CST   SUNSET   509 PM CST
JANUARY 15 2018.......SUNRISE   739 AM CST   SUNSET   510 PM CST


-  INDICATES NEGATIVE NUMBERS.
R  INDICATES RECORD WAS SET OR TIED.
MM INDICATES DATA IS MISSING.
T  INDICATES TRACE AMOUNT.

$$

REV
