000
CDUS43 KDMX 152327
CLIDSM

CLIMATE REPORT
NATIONAL WEATHER SERVICE DES MOINES IA
526 PM CST THU FEB 15 2018

...................................

...THE DES MOINES IA CLIMATE SUMMARY FOR FEBRUARY 15 2018...
VALID TODAY AS OF 0500 PM LOCAL TIME.

CLIMATE NORMAL PERIOD 1981 TO 2010
CLIMATE RECORD PERIOD 1878 TO 2018


WEATHER ITEM   OBSERVED TIME   RECORD YEAR NORMAL DEPARTURE LAST
                VALUE   (LST)  VALUE       VALUE  FROM      YEAR
                                                  NORMAL
..................................................................
TEMPERATURE (F)
 TODAY
  MAXIMUM         46    217 PM  75    1921  36     10       44
  MINIMUM         35    454 AM -17    1905  19     16       25
  AVERAGE         41                        27     14       35

PRECIPITATION (IN)
  TODAY            0.00          0.70 2003   0.04  -0.04     0.00
  MONTH TO DATE    0.94                      0.62   0.32     0.20
  SINCE DEC 1      2.40                      3.04  -0.64     3.35
  SINCE JAN 1      1.98                      1.62   0.36     1.94

SNOWFALL (IN)
  TODAY            0.0           5.7  2003   0.2   -0.2      0.0
  MONTH TO DATE   11.6                       4.6    7.0      2.6
  SINCE DEC 1     22.1                      22.1    0.0      8.9
  SINCE JUL 1     22.1                      25.0   -2.9      8.9
  SNOW DEPTH       2

DEGREE DAYS
 HEATING
  TODAY           24                        38    -14       30
  MONTH TO DATE  694                       596     98      487
  SINCE DEC 1   3175                      3118     57     2789
  SINCE JUL 1   4230                      4376   -146     3472

 COOLING
  TODAY            0                         0      0        0
  MONTH TO DATE    0                         0      0        0
  SINCE DEC 1      0                         0      0        0
  SINCE JAN 1      0                         0      0        0
..................................................................


WIND (MPH)
  HIGHEST WIND SPEED    17   HIGHEST WIND DIRECTION     N (360)
  HIGHEST GUST SPEED    25   HIGHEST GUST DIRECTION     N (10)
  AVERAGE WIND SPEED     6.0


SKY COVER
  POSSIBLE SUNSHINE  MM
  AVERAGE SKY COVER 1.0


WEATHER CONDITIONS
 THE FOLLOWING WEATHER WAS RECORDED TODAY.
  FOG
  HAZE


RELATIVE HUMIDITY (PERCENT)
 HIGHEST   100           500 AM
 LOWEST     58           200 PM
 AVERAGE    79

..........................................................


THE DES MOINES IA CLIMATE NORMALS FOR TOMORROW
                         NORMAL    RECORD    YEAR
 MAXIMUM TEMPERATURE (F)   36        66      1981
 MINIMUM TEMPERATURE (F)   19       -19      1958


SUNRISE AND SUNSET
FEBRUARY 15 2018......SUNRISE   710 AM CST   SUNSET   548 PM CST
FEBRUARY 16 2018......SUNRISE   708 AM CST   SUNSET   550 PM CST


-  INDICATES NEGATIVE NUMBERS.
R  INDICATES RECORD WAS SET OR TIED.
MM INDICATES DATA IS MISSING.
T  INDICATES TRACE AMOUNT.

$$
