000
CDUS43 KDMX 270653
CLIDSM

CLIMATE REPORT
NATIONAL WEATHER SERVICE DES MOINES IA
151 AM CDT MON JUL 27 2015

...................................

...THE DES MOINES IA CLIMATE SUMMARY FOR JULY 26 2015...

CLIMATE NORMAL PERIOD 1981 TO 2010
CLIMATE RECORD PERIOD 1878 TO 2015

WEATHER ITEM   OBSERVED TIME   RECORD YEAR NORMAL DEPARTURE LAST
                VALUE   (LST)  VALUE       VALUE  FROM      YEAR
                                                  NORMAL
..................................................................
TEMPERATURE (F)
 YESTERDAY
  MAXIMUM         90    319 PM 108    1936  86      4       87
  MINIMUM         70    601 AM  52    1911  67      3       71
  AVERAGE         80                        76      4       79

PRECIPITATION (IN)
  YESTERDAY        1.19          2.32 1984   0.13   1.06     0.00
  MONTH TO DATE    3.47                      3.80  -0.33     2.35
  SINCE JUN 1     11.87                      8.74   3.13     9.84
  SINCE JAN 1     21.22                     21.92  -0.70    20.99

SNOWFALL (IN)
  YESTERDAY        0.0          MM      MM   0.0    0.0      0.0
  MONTH TO DATE    0.0                       0.0    0.0      0.0
  SINCE JUN 1      0.0                       0.0    0.0      0.0
  SINCE JUL 1      0.0                       0.0    0.0      0.0
  SNOW DEPTH       0

DEGREE DAYS
 HEATING
  YESTERDAY        0                         0      0        0
  MONTH TO DATE    0                         0      0        2
  SINCE JUN 1      3                        17    -14        2
  SINCE JUL 1      0                         0      0        2

 COOLING
  YESTERDAY       15                        11      4       14
  MONTH TO DATE  285                       293     -8      223
  SINCE JUN 1    542                       514     28      479
  SINCE JAN 1    622                       590     32      610
..................................................................

WIND (MPH)
  HIGHEST WIND SPEED    24   HIGHEST WIND DIRECTION     N (350)
  HIGHEST GUST SPEED    30   HIGHEST GUST DIRECTION     N (340)
  AVERAGE WIND SPEED     6.2

SKY COVER
  POSSIBLE SUNSHINE  MM
  AVERAGE SKY COVER 0.5

WEATHER CONDITIONS
 THE FOLLOWING WEATHER WAS RECORDED YESTERDAY.
  THUNDERSTORM
  HEAVY RAIN
  RAIN
  LIGHT RAIN
  FOG

RELATIVE HUMIDITY (PERCENT)
 HIGHEST    90           700 AM
 LOWEST     52           300 PM
 AVERAGE    71
..........................................................

THE DES MOINES IA CLIMATE NORMALS FOR TODAY
                         NORMAL    RECORD    YEAR
 MAXIMUM TEMPERATURE (F)   86       106      1930
 MINIMUM TEMPERATURE (F)   67        53      1971

SUNRISE AND SUNSET
JULY 27 2015..........SUNRISE   604 AM CDT   SUNSET   837 PM CDT
JULY 28 2015..........SUNRISE   605 AM CDT   SUNSET   836 PM CDT

-  INDICATES NEGATIVE NUMBERS.
R  INDICATES RECORD WAS SET OR TIED.
MM INDICATES DATA IS MISSING.
T  INDICATES TRACE AMOUNT.

$$

FAB
