000
CDUS43 KDMX 240635
CLIDSM

CLIMATE REPORT
NATIONAL WEATHER SERVICE DES MOINES IA
133 AM CDT THU JUL 24 2014


...................................

...THE DES MOINES IA CLIMATE SUMMARY FOR JULY 23 2014...

CLIMATE NORMAL PERIOD 1981 TO 2010
CLIMATE RECORD PERIOD 1878 TO 2014


WEATHER ITEM   OBSERVED TIME   RECORD YEAR NORMAL DEPARTURE LAST
                VALUE   (LST)  VALUE       VALUE  FROM      YEAR
                                                  NORMAL
..................................................................
TEMPERATURE (F)
 YESTERDAY
  MAXIMUM         85    238 PM 105    2012  86     -1       79
  MINIMUM         67    535 AM  52    1887  67      0       65
  AVERAGE         76                        76      0       72

PRECIPITATION (IN)
  YESTERDAY        0.00          2.03 1896   0.14  -0.14     0.00
  MONTH TO DATE    2.26                      3.41  -1.15     0.66
  SINCE JUN 1      9.75                      8.35   1.40     3.89
  SINCE JAN 1     20.90                     21.53  -0.63    22.21

SNOWFALL (IN)
  YESTERDAY        0.0          MM      MM   0.0    0.0      0.0
  MONTH TO DATE    0.0                       0.0    0.0      0.0
  SINCE JUN 1      0.0                       0.0    0.0      0.0
  SINCE JUL 1      0.0                       0.0    0.0      0.0
  SNOW DEPTH       0

DEGREE DAYS
 HEATING
  YESTERDAY        0                         0      0        0
  MONTH TO DATE    2                         0      2        0
  SINCE JUN 1      2                        17    -15       19
  SINCE JUL 1      2                         0      2        0

 COOLING
  YESTERDAY       11                        11      0        7
  MONTH TO DATE  192                       260    -68      313
  SINCE JUN 1    448                       481    -33      568
  SINCE JAN 1    579                       557     22      670
..................................................................


WIND (MPH)
  HIGHEST WIND SPEED    15   HIGHEST WIND DIRECTION    NE (50)
  HIGHEST GUST SPEED    20   HIGHEST GUST DIRECTION     E (70)
  AVERAGE WIND SPEED     8.0


SKY COVER
  POSSIBLE SUNSHINE  MM
  AVERAGE SKY COVER 0.3


WEATHER CONDITIONS
 THE FOLLOWING WEATHER WAS RECORDED YESTERDAY.
  HAZE


RELATIVE HUMIDITY (PERCENT)
 HIGHEST    73           500 AM
 LOWEST     40           200 PM
 AVERAGE    57

..........................................................


THE DES MOINES IA CLIMATE NORMALS FOR TODAY
                         NORMAL    RECORD    YEAR
 MAXIMUM TEMPERATURE (F)   86       107      1901
 MINIMUM TEMPERATURE (F)   67        52      1906
                                             1891


SUNRISE AND SUNSET
JULY 24 2014..........SUNRISE   602 AM CDT   SUNSET   840 PM CDT
JULY 25 2014..........SUNRISE   603 AM CDT   SUNSET   839 PM CDT


-  INDICATES NEGATIVE NUMBERS.
R  INDICATES RECORD WAS SET OR TIED.
MM INDICATES DATA IS MISSING.
T  INDICATES TRACE AMOUNT.




$$
