255
CDUS43 KDMX 220636 RRA
CLIDSM

CLIMATE REPORT
NATIONAL WEATHER SERVICE DES MOINES IA
131 AM CDT THU JUN 22 2017

...................................

...THE DES MOINES IA CLIMATE SUMMARY FOR JUNE 21 2017...

CLIMATE NORMAL PERIOD 1981 TO 2010
CLIMATE RECORD PERIOD 1878 TO 2017


WEATHER ITEM   OBSERVED TIME   RECORD YEAR NORMAL DEPARTURE LAST
                VALUE   (LST)  VALUE       VALUE  FROM      YEAR
                                                  NORMAL
..................................................................
TEMPERATURE (F)
 YESTERDAY
  MAXIMUM         93    418 PM 103    1988  83     10       88
  MINIMUM         64    524 AM  46    1992  64      0       67
                                      1902
  AVERAGE         79                        74      5       78

PRECIPITATION (IN)
  YESTERDAY        0.11          1.61 1947   0.17  -0.06     0.01
  MONTH TO DATE    0.78                      3.46  -2.68     0.87
  SINCE JUN 1      0.78                      3.46  -2.68     0.87
  SINCE JAN 1     15.75                     16.64  -0.89    12.11

SNOWFALL (IN)
  YESTERDAY        0.0          MM      MM   0.0    0.0      0.0
  MONTH TO DATE    0.0                       0.0    0.0      0.0
  SINCE JUN 1      0.0                       0.0    0.0      0.0
  SINCE JUL 1     14.3                      35.3  -21.0     30.3
  SNOW DEPTH       0

DEGREE DAYS
 HEATING
  YESTERDAY        0                         0      0        0
  MONTH TO DATE    0                        14    -14        0
  SINCE JUN 1      0                        14    -14        0
  SINCE JUL 1   4837                      6199  -1362     5006

 COOLING
  YESTERDAY       14                         9      5       13
  MONTH TO DATE  251                       132    119      258
  SINCE JUN 1    251                       132    119      258
  SINCE JAN 1    331                       208    123      351
..................................................................


WIND (MPH)
  HIGHEST WIND SPEED    25   HIGHEST WIND DIRECTION     S (190)
  HIGHEST GUST SPEED    32   HIGHEST GUST DIRECTION     S (180)
  AVERAGE WIND SPEED    12.2


SKY COVER
  POSSIBLE SUNSHINE  MM
  AVERAGE SKY COVER 0.5


WEATHER CONDITIONS
 THE FOLLOWING WEATHER WAS RECORDED YESTERDAY.
  THUNDERSTORM
  HEAVY RAIN
  LIGHT RAIN
  FOG


RELATIVE HUMIDITY (PERCENT)
 HIGHEST    93           600 AM
 LOWEST     36           400 PM
 AVERAGE    65

..........................................................


THE DES MOINES IA CLIMATE NORMALS FOR TODAY
                         NORMAL    RECORD    YEAR
 MAXIMUM TEMPERATURE (F)   84        98      1988
 MINIMUM TEMPERATURE (F)   64        43      1902


SUNRISE AND SUNSET
JUNE 22 2017..........SUNRISE   541 AM CDT   SUNSET   852 PM CDT
JUNE 23 2017..........SUNRISE   541 AM CDT   SUNSET   852 PM CDT


-  INDICATES NEGATIVE NUMBERS.
R  INDICATES RECORD WAS SET OR TIED.
MM INDICATES DATA IS MISSING.
T  INDICATES TRACE AMOUNT.

$$

ANSORGE
