000
CDUS43 KDMX 132232
CLIDSM

CLIMATE REPORT
NATIONAL WEATHER SERVICE DES MOINES IA
531 PM CDT TUE JUN 13 2017


...................................

...THE DES MOINES IA CLIMATE SUMMARY FOR JUNE 13 2017...
VALID TODAY AS OF 0500 PM LOCAL TIME.

CLIMATE NORMAL PERIOD 1981 TO 2010
CLIMATE RECORD PERIOD 1878 TO 2017


WEATHER ITEM   OBSERVED TIME   RECORD YEAR NORMAL DEPARTURE LAST
                VALUE   (LST)  VALUE       VALUE  FROM      YEAR
                                                  NORMAL
..................................................................
TEMPERATURE (F)
 TODAY
  MAXIMUM         94    315 PM  99    1886  81     13       91
  MINIMUM         74    533 AM  45    1955  61     13       73
  AVERAGE         84                        71     13       82

PRECIPITATION (IN)
  TODAY            0.00          2.38 2000   0.16  -0.16     0.00
  MONTH TO DATE    T                         2.13  -2.13     0.35
  SINCE JUN 1      T                         2.13  -2.13     0.35
  SINCE JAN 1     14.97                     15.31  -0.34    11.59

SNOWFALL (IN)
  TODAY            0.0          MM      MM   0.0    0.0      0.0
  MONTH TO DATE    0.0                       0.0    0.0      0.0
  SINCE JUN 1      0.0                       0.0    0.0      0.0
  SINCE JUL 1     14.3                      35.3  -21.0     30.3
  SNOW DEPTH       0

DEGREE DAYS
 HEATING
  TODAY            0                         0      0        0
  MONTH TO DATE    0                        14    -14        0
  SINCE JUN 1      0                        14    -14        0
  SINCE JUL 1   4837                      6199  -1362     5006

 COOLING
  TODAY           19                         7     12       17
  MONTH TO DATE  157                        69     88      136
  SINCE JUN 1    157                        69     88      136
  SINCE JAN 1    237                       145     92      229
..................................................................


WIND (MPH)
  HIGHEST WIND SPEED    28   HIGHEST WIND DIRECTION     S (180)
  HIGHEST GUST SPEED    36   HIGHEST GUST DIRECTION     S (170)
  AVERAGE WIND SPEED    14.4


SKY COVER
  POSSIBLE SUNSHINE  MM
  AVERAGE SKY COVER 0.4


WEATHER CONDITIONS
 THE FOLLOWING WEATHER WAS RECORDED TODAY.
  NO SIGNIFICANT WEATHER WAS OBSERVED.


RELATIVE HUMIDITY (PERCENT)
 HIGHEST    84           500 AM
 LOWEST     41           400 PM
 AVERAGE    63

..........................................................


THE DES MOINES IA CLIMATE NORMALS FOR TOMORROW
                         NORMAL    RECORD    YEAR
 MAXIMUM TEMPERATURE (F)   81       101      1886
 MINIMUM TEMPERATURE (F)   62        46      1942


SUNRISE AND SUNSET
JUNE 13 2017..........SUNRISE   540 AM CDT   SUNSET   850 PM CDT
JUNE 14 2017..........SUNRISE   540 AM CDT   SUNSET   850 PM CDT


-  INDICATES NEGATIVE NUMBERS.
R  INDICATES RECORD WAS SET OR TIED.
MM INDICATES DATA IS MISSING.
T  INDICATES TRACE AMOUNT.




$$
