000
CDUS43 KDMX 300646 RRA
CLIDSM

CLIMATE REPORT
NATIONAL WEATHER SERVICE DES MOINES IA
1246 AM CST FRI JAN 30 2015

...................................

...THE DES MOINES IA CLIMATE SUMMARY FOR JANUARY 29 2015...

CLIMATE NORMAL PERIOD 1981 TO 2010
CLIMATE RECORD PERIOD 1878 TO 2015


WEATHER ITEM   OBSERVED TIME   RECORD YEAR NORMAL DEPARTURE LAST
                VALUE   (LST)  VALUE       VALUE  FROM      YEAR
                                                  NORMAL
..................................................................
TEMPERATURE (F)
 YESTERDAY
  MAXIMUM         38   1203 AM  62    1919  32      6       40
  MINIMUM         25   1159 PM -23    1966  15     10        2
  AVERAGE         32                        23      9       21

PRECIPITATION (IN)
  YESTERDAY        T             1.78 1947   0.03  -0.03     0.00
  MONTH TO DATE    0.60                      0.92  -0.32     0.50
  SINCE DEC 1      1.63                      2.34  -0.71     1.31
  SINCE JAN 1      0.60                      0.92  -0.32     0.50

SNOWFALL (IN)
  YESTERDAY        0.0          11.2  1947   0.3   -0.3      0.0
  MONTH TO DATE    6.5                       7.9   -1.4      7.5
  SINCE DEC 1      8.4                      16.9   -8.5     21.1
  SINCE JUL 1     14.2                      19.8   -5.6     22.5
  SNOW DEPTH       0

DEGREE DAYS
 HEATING
  YESTERDAY       33                        42     -9       44
  MONTH TO DATE 1120                      1232   -112     1364
  SINCE DEC 1   2139                      2441   -302     2717
  SINCE JUL 1   3456                      3699   -243     3920

 COOLING
  YESTERDAY        0                         0      0        0
  MONTH TO DATE    0                         0      0        0
  SINCE DEC 1      0                         0      0        0
  SINCE JAN 1      0                         0      0        0
..................................................................


WIND (MPH)
  HIGHEST WIND SPEED    30   HIGHEST WIND DIRECTION     N (350)
  HIGHEST GUST SPEED    39   HIGHEST GUST DIRECTION     N (350)
  AVERAGE WIND SPEED    18.4


SKY COVER
  POSSIBLE SUNSHINE  MM
  AVERAGE SKY COVER 0.9


WEATHER CONDITIONS
 THE FOLLOWING WEATHER WAS RECORDED YESTERDAY.
  LIGHT RAIN
  FOG
  HAZE


RELATIVE HUMIDITY (PERCENT)
 HIGHEST    89           500 AM
 LOWEST     56           400 PM
 AVERAGE    73

..........................................................


THE DES MOINES IA CLIMATE NORMALS FOR TODAY
                         NORMAL    RECORD    YEAR
 MAXIMUM TEMPERATURE (F)   32        65      2012
 MINIMUM TEMPERATURE (F)   15       -17      1965


SUNRISE AND SUNSET
JANUARY 30 2015.......SUNRISE   728 AM CST   SUNSET   528 PM CST
JANUARY 31 2015.......SUNRISE   727 AM CST   SUNSET   529 PM CST


-  INDICATES NEGATIVE NUMBERS.
R  INDICATES RECORD WAS SET OR TIED.
MM INDICATES DATA IS MISSING.
T  INDICATES TRACE AMOUNT.

$$

SMALL
