000
CDUS43 KDMX 142329
CLIDSM

CLIMATE REPORT
NATIONAL WEATHER SERVICE DES MOINES IA
529 PM CST TUE NOV 14 2017


...................................

...THE DES MOINES IA CLIMATE SUMMARY FOR NOVEMBER 14 2017...
VALID TODAY AS OF 0500 PM LOCAL TIME.

CLIMATE NORMAL PERIOD 1981 TO 2010
CLIMATE RECORD PERIOD 1878 TO 2017


WEATHER ITEM   OBSERVED TIME   RECORD YEAR NORMAL DEPARTURE LAST
                VALUE   (LST)  VALUE       VALUE  FROM      YEAR
                                                  NORMAL
..................................................................
TEMPERATURE (F)
 TODAY
  MAXIMUM         51    459 PM  73    1990  49      2       62
                                      1964
  MINIMUM         43    424 AM  -1    1959  31     12       40
  AVERAGE         47                        40      7       51

PRECIPITATION (IN)
  TODAY            0.01          0.86 1947   0.08  -0.07     0.00
  MONTH TO DATE    0.02                      1.14  -1.12     0.09
  SINCE SEP 1      7.31                      6.83   0.48     6.50
  SINCE JAN 1     29.55                     33.55  -4.00    31.83

SNOWFALL (IN)
  TODAY           MM             2.0  1906   0.0   MM        0.0
  MONTH TO DATE    0.0                       0.5   -0.5      0.0
  SINCE SEP 1      T                         0.9   -0.9      0.0
  SINCE JUL 1      T                         0.9   -0.9      0.0
  SNOW DEPTH       0

DEGREE DAYS
 HEATING
  TODAY           18                        25     -7       14
  MONTH TO DATE  370                       301     69      147
  SINCE SEP 1    690                       779    -89      353
  SINCE JUL 1    690                       785    -95      353

 COOLING
  TODAY            0                         0      0        0
  MONTH TO DATE    0                         0      0        1
  SINCE SEP 1    226                       127     99      251
  SINCE JAN 1   1306                      1066    240     1448
..................................................................


WIND (MPH)
  HIGHEST WIND SPEED    17   HIGHEST WIND DIRECTION     S (170)
  HIGHEST GUST SPEED    22   HIGHEST GUST DIRECTION     S (170)
  AVERAGE WIND SPEED     9.7


SKY COVER
  POSSIBLE SUNSHINE  MM
  AVERAGE SKY COVER 1.0


WEATHER CONDITIONS
 THE FOLLOWING WEATHER WAS RECORDED TODAY.
  LIGHT RAIN
  FOG


RELATIVE HUMIDITY (PERCENT)
 HIGHEST    93           100 PM
 LOWEST     83           100 AM
 AVERAGE    88

..........................................................


THE DES MOINES IA CLIMATE NORMALS FOR TOMORROW
                         NORMAL    RECORD    YEAR
 MAXIMUM TEMPERATURE (F)   48        75      1950
 MINIMUM TEMPERATURE (F)   31         1      1940


SUNRISE AND SUNSET
NOVEMBER 14 2017......SUNRISE   702 AM CST   SUNSET   455 PM CST
NOVEMBER 15 2017......SUNRISE   704 AM CST   SUNSET   454 PM CST


-  INDICATES NEGATIVE NUMBERS.
R  INDICATES RECORD WAS SET OR TIED.
MM INDICATES DATA IS MISSING.
T  INDICATES TRACE AMOUNT.




$$
