000
CDUS43 KDMX 230733
CLIDSM

CLIMATE REPORT
NATIONAL WEATHER SERVICE DES MOINES IA
131 AM CST SUN NOV 23 2014


...................................

...THE DES MOINES IA CLIMATE SUMMARY FOR NOVEMBER 22 2014...

CLIMATE NORMAL PERIOD 1981 TO 2010
CLIMATE RECORD PERIOD 1878 TO 2014


WEATHER ITEM   OBSERVED TIME   RECORD YEAR NORMAL DEPARTURE LAST
                VALUE   (LST)  VALUE       VALUE  FROM      YEAR
                                                  NORMAL
..................................................................
TEMPERATURE (F)
 YESTERDAY
  MAXIMUM         57    759 PM  69    1966  44     13       27
  MINIMUM         38    444 AM   0    1937  27     11       17
  AVERAGE         48                        36     12       22

PRECIPITATION (IN)
  YESTERDAY        T             1.12 1884   0.06  -0.06     0.02
  MONTH TO DATE    0.23                      1.68  -1.45     1.36
  SINCE SEP 1      8.24                      7.37   0.87     7.64
  SINCE JAN 1     40.61                     34.09   6.52    31.19

SNOWFALL (IN)
  YESTERDAY        0.0           3.6  1991   0.1   -0.1      0.4
  MONTH TO DATE    2.8                       1.2    1.6      1.4
  SINCE SEP 1      2.8                       1.6    1.2      1.4
  SINCE JUL 1      2.8                       1.6    1.2      1.4
  SNOW DEPTH       0

DEGREE DAYS
 HEATING
  YESTERDAY       17                        29    -12       43
  MONTH TO DATE  665                       520    145      499
  SINCE SEP 1   1045                       998     47      889
  SINCE JUL 1   1047                      1004     43      889

 COOLING
  YESTERDAY        0                         0      0        0
  MONTH TO DATE    0                         0      0        0
  SINCE SEP 1    106                       127    -21      252
  SINCE JAN 1   1075                      1066      9     1353
..................................................................


WIND (MPH)
  HIGHEST WIND SPEED    23   HIGHEST WIND DIRECTION    SW (210)
  HIGHEST GUST SPEED    28   HIGHEST GUST DIRECTION    SW (210)
  AVERAGE WIND SPEED    13.1


SKY COVER
  POSSIBLE SUNSHINE  MM
  AVERAGE SKY COVER 0.9


WEATHER CONDITIONS
 THE FOLLOWING WEATHER WAS RECORDED YESTERDAY.
  LIGHT RAIN
  FOG
  HAZE


RELATIVE HUMIDITY (PERCENT)
 HIGHEST   100           700 AM
 LOWEST     66           100 PM
 AVERAGE    83

..........................................................


THE DES MOINES IA CLIMATE NORMALS FOR TODAY
                         NORMAL    RECORD    YEAR
 MAXIMUM TEMPERATURE (F)   44        66      1966
                                             1931
 MINIMUM TEMPERATURE (F)   27         1      1898


SUNRISE AND SUNSET
NOVEMBER 23 2014......SUNRISE   713 AM CST   SUNSET   449 PM CST
NOVEMBER 24 2014......SUNRISE   714 AM CST   SUNSET   448 PM CST


-  INDICATES NEGATIVE NUMBERS.
R  INDICATES RECORD WAS SET OR TIED.
MM INDICATES DATA IS MISSING.
T  INDICATES TRACE AMOUNT.




$$
