000
CDUS43 KDMX 220648 RRA
CLIDSM

CLIMATE REPORT
NATIONAL WEATHER SERVICE DES MOINES IA
1246 AM CST SAT NOV 22 2014


...................................

...THE DES MOINES IA CLIMATE SUMMARY FOR NOVEMBER 21 2014...

CLIMATE NORMAL PERIOD 1981 TO 2010
CLIMATE RECORD PERIOD 1878 TO 2014


WEATHER ITEM   OBSERVED TIME   RECORD YEAR NORMAL DEPARTURE LAST
                VALUE   (LST)  VALUE       VALUE  FROM      YEAR
                                                  NORMAL
..................................................................
TEMPERATURE (F)
 YESTERDAY
  MAXIMUM         39    122 PM  74    1990  45     -6       40
  MINIMUM         13    200 AM  -1    1937  28    -15       27
  AVERAGE         26                        36    -10       34

PRECIPITATION (IN)
  YESTERDAY        T             1.06 1898   0.07  -0.07     0.10
  MONTH TO DATE    0.23                      1.62  -1.39     1.34
  SINCE SEP 1      8.24                      7.31   0.93     7.62
  SINCE JAN 1     40.61                     34.03   6.58    31.17

SNOWFALL (IN)
  YESTERDAY        0.0           4.8  2007   0.1   -0.1      0.6
  MONTH TO DATE    2.8                       1.1    1.7      1.0
  SINCE SEP 1      2.8                       1.5    1.3      1.0
  SINCE JUL 1      2.8                       1.5    1.3      1.0
  SNOW DEPTH       T

DEGREE DAYS
 HEATING
  YESTERDAY       39                        29     10       31
  MONTH TO DATE  648                       491    157      456
  SINCE SEP 1   1028                       969     59      846
  SINCE JUL 1   1030                       975     55      846

 COOLING
  YESTERDAY        0                         0      0        0
  MONTH TO DATE    0                         0      0        0
  SINCE SEP 1    106                       127    -21      252
  SINCE JAN 1   1075                      1066      9     1353
..................................................................


WIND (MPH)
  HIGHEST WIND SPEED    20   HIGHEST WIND DIRECTION     S (170)
  HIGHEST GUST SPEED    24   HIGHEST GUST DIRECTION     S (170)
  AVERAGE WIND SPEED    11.3


SKY COVER
  POSSIBLE SUNSHINE  MM
  AVERAGE SKY COVER 0.5


WEATHER CONDITIONS
 THE FOLLOWING WEATHER WAS RECORDED YESTERDAY.
  LIGHT RAIN


RELATIVE HUMIDITY (PERCENT)
 HIGHEST    80           200 AM
 LOWEST     48           100 PM
 AVERAGE    64

..........................................................


THE DES MOINES IA CLIMATE NORMALS FOR TODAY
                         NORMAL    RECORD    YEAR
 MAXIMUM TEMPERATURE (F)   44        69      1966
 MINIMUM TEMPERATURE (F)   27         0      1937


SUNRISE AND SUNSET
NOVEMBER 22 2014......SUNRISE   712 AM CST   SUNSET   449 PM CST
NOVEMBER 23 2014......SUNRISE   713 AM CST   SUNSET   449 PM CST


-  INDICATES NEGATIVE NUMBERS.
R  INDICATES RECORD WAS SET OR TIED.
MM INDICATES DATA IS MISSING.
T  INDICATES TRACE AMOUNT.




$$
