000
CDUS43 KDMX 060638 RRA
CLIDSM

CLIMATE REPORT
NATIONAL WEATHER SERVICE DES MOINES IA
138 AM CDT SUN JUL 6 2014

...................................

...THE DES MOINES IA CLIMATE SUMMARY FOR JULY 5 2014...

CLIMATE NORMAL PERIOD 1981 TO 2010
CLIMATE RECORD PERIOD 1878 TO 2014


WEATHER ITEM   OBSERVED TIME   RECORD YEAR NORMAL DEPARTURE LAST
                VALUE   (LST)  VALUE       VALUE  FROM      YEAR
                                                  NORMAL
..................................................................
TEMPERATURE (F)
 YESTERDAY
  MAXIMUM         77    557 PM 106    1936  86     -9       90
  MINIMUM         63    716 AM  48    1972  67     -4       63
  AVERAGE         70                        76     -6       77

PRECIPITATION (IN)
  YESTERDAY        1.99R         1.86 1961   0.16   1.83     0.00
  MONTH TO DATE    2.02                      0.78   1.24      T
  SINCE JUN 1      9.51                      5.72   3.79     3.23
  SINCE JAN 1     20.66                     18.90   1.76    21.55

SNOWFALL (IN)
  YESTERDAY        0.0          MM      MM   0.0    0.0      0.0
  MONTH TO DATE    0.0                       0.0    0.0      0.0
  SINCE JUN 1      0.0                       0.0    0.0      0.0
  SINCE JUL 1      0.0                       0.0    0.0      0.0
  SNOW DEPTH       0

DEGREE DAYS
 HEATING
  YESTERDAY        0                         0      0        0
  MONTH TO DATE    2                         0      2        0
  SINCE JUN 1      2                        17    -15       19
  SINCE JUL 1      2                         0      2        0

 COOLING
  YESTERDAY        5                        11     -6       12
  MONTH TO DATE   17                        55    -38       40
  SINCE JUN 1    273                       276     -3      295
  SINCE JAN 1    404                       352     52      397
..................................................................


WIND (MPH)
  HIGHEST WIND SPEED    26   HIGHEST WIND DIRECTION     E (110)
  HIGHEST GUST SPEED    37   HIGHEST GUST DIRECTION    SE (120)
  AVERAGE WIND SPEED    11.3


SKY COVER
  POSSIBLE SUNSHINE  MM
  AVERAGE SKY COVER 0.9


WEATHER CONDITIONS
 THE FOLLOWING WEATHER WAS RECORDED YESTERDAY.
  THUNDERSTORM
  HEAVY RAIN
  RAIN
  LIGHT RAIN
  FOG


RELATIVE HUMIDITY (PERCENT)
 HIGHEST    93           700 AM
 LOWEST     68          1200 AM
 AVERAGE    81

..........................................................


THE DES MOINES IA CLIMATE NORMALS FOR TODAY
                         NORMAL    RECORD    YEAR
 MAXIMUM TEMPERATURE (F)   86       104      1886
 MINIMUM TEMPERATURE (F)   67        51      1972


SUNRISE AND SUNSET
JULY  6 2014..........SUNRISE   547 AM CDT   SUNSET   851 PM CDT
JULY  7 2014..........SUNRISE   548 AM CDT   SUNSET   851 PM CDT


-  INDICATES NEGATIVE NUMBERS.
R  INDICATES RECORD WAS SET OR TIED.
MM INDICATES DATA IS MISSING.
T  INDICATES TRACE AMOUNT.

$$

SMALL
