000
CDUS43 KDMX 200635 RRB
CLIDSM

CLIMATE REPORT
NATIONAL WEATHER SERVICE DES MOINES IA
127 AM CDT TUE JUN 20 2017

...................................

...THE DES MOINES IA CLIMATE SUMMARY FOR JUNE 19 2017...

CLIMATE NORMAL PERIOD 1981 TO 2010
CLIMATE RECORD PERIOD 1878 TO 2017


WEATHER ITEM   OBSERVED TIME   RECORD YEAR NORMAL DEPARTURE LAST
                VALUE   (LST)  VALUE       VALUE  FROM      YEAR
                                                  NORMAL
..................................................................
TEMPERATURE (F)
 YESTERDAY
  MAXIMUM         86    324 PM 100    1956  83      3       91
                                      1936
  MINIMUM         59    530 AM  47    1916  63     -4       68
                                      1882
  AVERAGE         73                        73      0       80

PRECIPITATION (IN)
  YESTERDAY        T             4.05 1881   0.17  -0.17     0.00
  MONTH TO DATE    0.67                      3.13  -2.46     0.71
  SINCE JUN 1      0.67                      3.13  -2.46     0.71
  SINCE JAN 1     15.64                     16.31  -0.67    11.95

SNOWFALL (IN)
  YESTERDAY        0.0          MM      MM   0.0    0.0      0.0
  MONTH TO DATE    0.0                       0.0    0.0      0.0
  SINCE JUN 1      0.0                       0.0    0.0      0.0
  SINCE JUL 1     14.3                      35.3  -21.0     30.3
  SNOW DEPTH       0

DEGREE DAYS
 HEATING
  YESTERDAY        0                         0      0        0
  MONTH TO DATE    0                        14    -14        0
  SINCE JUN 1      0                        14    -14        0
  SINCE JUL 1   4837                      6199  -1362     5006

 COOLING
  YESTERDAY        8                         8      0       15
  MONTH TO DATE  226                       114    112      230
  SINCE JUN 1    226                       114    112      230
  SINCE JAN 1    306                       190    116      323
..................................................................


WIND (MPH)
  HIGHEST WIND SPEED    25   HIGHEST WIND DIRECTION    NW (310)
  HIGHEST GUST SPEED    33   HIGHEST GUST DIRECTION    NW (300)
  AVERAGE WIND SPEED     7.5


SKY COVER
  POSSIBLE SUNSHINE  MM
  AVERAGE SKY COVER 0.4


WEATHER CONDITIONS
 THE FOLLOWING WEATHER WAS RECORDED YESTERDAY.
  LIGHT RAIN


RELATIVE HUMIDITY (PERCENT)
 HIGHEST    84           400 AM
 LOWEST     25           400 PM
 AVERAGE    55

..........................................................


THE DES MOINES IA CLIMATE NORMALS FOR TODAY
                         NORMAL    RECORD    YEAR
 MAXIMUM TEMPERATURE (F)   83       101      1988
 MINIMUM TEMPERATURE (F)   64        49      1961
                                             1946


SUNRISE AND SUNSET
JUNE 20 2017..........SUNRISE   541 AM CDT   SUNSET   852 PM CDT
JUNE 21 2017..........SUNRISE   541 AM CDT   SUNSET   852 PM CDT


-  INDICATES NEGATIVE NUMBERS.
R  INDICATES RECORD WAS SET OR TIED.
MM INDICATES DATA IS MISSING.
T  INDICATES TRACE AMOUNT.

$$

ANSORGE
